[Wed Jul 14 17:03:16.452743 2021] [proxy_fcgi:error] [pid 22679:tid 47298827880192] [client 54.36.148.4:52580] AH01071: Got error 'Primary script unknown'
[Wed Jul 14 20:34:37.247477 2021] [proxy_fcgi:error] [pid 22679:tid 47298825778944] [client 138.68.181.245:42876] AH01071: Got error 'Primary script unknown'
[Thu Jul 15 02:38:50.112831 2021] [proxy_fcgi:error] [pid 25444:tid 47298829981440] [client 185.191.34.215:52770] AH01071: Got error 'Primary script unknown'
[Thu Jul 15 04:25:48.274810 2021] [mpm_event:notice] [pid 14316:tid 47298573550656] AH00493: SIGUSR1 received.  Doing graceful restart
[Thu Jul 15 04:25:48.650378 2021] [mpm_event:notice] [pid 14316:tid 47298573550656] AH00489: Apache/2.4.48 (cPanel) OpenSSL/1.1.1k mod_bwlimited/1.4 configured -- resuming normal operations
[Thu Jul 15 04:25:48.650462 2021] [core:notice] [pid 14316:tid 47298573550656] AH00094: Command line: '/usr/sbin/httpd'
[Thu Jul 15 05:38:49.051264 2021] [cgid:error] [pid 18695:tid 47298855196416] [client 128.1.248.26:44434] AH01264: script not found or unable to stat: /home/urbanovitalinoad/public_html/cgi-bin/config.exp
[Thu Jul 15 08:33:37.981856 2021] [proxy_fcgi:error] [pid 18582:tid 47298832082688] [client 45.146.164.110:52996] AH01071: Got error 'Primary script unknown'
[Thu Jul 15 15:27:56.694986 2021] [proxy_fcgi:error] [pid 18695:tid 47298861500160] [client 14.200.1.238:57838] AH01071: Got error 'Primary script unknown'
[Fri Jul 16 01:46:55.940781 2021] [proxy_fcgi:error] [pid 18695:tid 47298857297664] [client 45.146.164.110:49118] AH01071: Got error 'Primary script unknown'
[Fri Jul 16 10:08:36.766274 2021] [proxy_fcgi:error] [pid 18695:tid 47298838386432] [client 161.35.86.181:53076] AH01071: Got error 'Primary script unknown'
[Fri Jul 16 15:24:41.209975 2021] [proxy_fcgi:error] [pid 18580:tid 47298829981440] [client 192.185.130.172:48530] AH01071: Got error 'Primary script unknown'
[Fri Jul 16 15:24:41.210042 2021] [proxy_fcgi:error] [pid 18581:tid 47298850993920] [client 192.185.130.172:48524] AH01071: Got error 'Primary script unknown'
[Fri Jul 16 15:24:41.211128 2021] [proxy_fcgi:error] [pid 18583:tid 47298832082688] [client 192.185.130.172:48528] AH01071: Got error 'Primary script unknown'
[Fri Jul 16 15:24:41.211637 2021] [proxy_fcgi:error] [pid 18580:tid 47298827880192] [client 192.185.130.172:48522] AH01071: Got error 'Primary script unknown'
[Fri Jul 16 15:24:41.212070 2021] [proxy_fcgi:error] [pid 18581:tid 47298848892672] [client 192.185.130.172:48514] AH01071: Got error 'Primary script unknown'
[Fri Jul 16 15:24:41.212562 2021] [proxy_fcgi:error] [pid 18695:tid 47298832082688] [client 192.185.130.172:48526] AH01071: Got error 'Primary script unknown'
[Fri Jul 16 15:24:41.213064 2021] [proxy_fcgi:error] [pid 18582:tid 47298838386432] [client 192.185.130.172:48516] AH01071: Got error 'Primary script unknown'
[Fri Jul 16 15:24:41.213109 2021] [proxy_fcgi:error] [pid 18580:tid 47298834183936] [client 192.185.130.172:48518] AH01071: Got error 'Primary script unknown'
[Fri Jul 16 15:24:41.213840 2021] [proxy_fcgi:error] [pid 18581:tid 47298840487680] [client 192.185.130.172:48520] AH01071: Got error 'Primary script unknown'
[Fri Jul 16 17:52:05.962358 2021] [proxy_fcgi:error] [pid 18583:tid 47298819475200] [client 45.146.164.110:41260] AH01071: Got error 'Primary script unknown'
[Fri Jul 16 20:11:06.410528 2021] [proxy_fcgi:error] [pid 18695:tid 47298819475200] [client 20.51.230.70:61628] AH01071: Got error 'Primary script unknown'
[Fri Jul 16 23:27:30.343411 2021] [core:error] [pid 18580:tid 47298813171456] (36)File name too long: [client 159.65.30.100:42332] AH00036: access to /3000D00E0000FFFF3F0031313744373731343634304537353046007A7A7A7A7A7A7A7A7A7A7A7A7A7A7A0000000000000000000000000000000000000000000000000000000000000000000000000000000000000000000001000008047A7A7A7A7A7A7A7A7A0000000000000000000000000000000000000000000000000000000000000000 failed (filesystem path '/var/www/html/3000D00E0000FFFF3F0031313744373731343634304537353046007A7A7A7A7A7A7A7A7A7A7A7A7A7A7A0000000000000000000000000000000000000000000000000000000000000000000000000000000000000000000001000008047A7A7A7A7A7A7A7A7A0000000000000000000000000000000000000000000000000000000000000000')
[Sat Jul 17 09:43:45.352127 2021] [proxy_fcgi:error] [pid 18580:tid 47298844690176] [client 185.191.34.215:36998] AH01071: Got error 'Primary script unknown'
[Sat Jul 17 12:44:53.114089 2021] [proxy_fcgi:error] [pid 18695:tid 47298823677696] [client 138.197.131.66:48724] AH01071: Got error 'Primary script unknown'
[Sat Jul 17 16:34:50.154294 2021] [proxy_fcgi:error] [pid 18583:tid 47298823677696] [client 45.146.164.110:36756] AH01071: Got error 'Primary script unknown'
[Sat Jul 17 20:58:20.538722 2021] [proxy_fcgi:error] [pid 18695:tid 47298825778944] [client 54.36.148.4:26560] AH01071: Got error 'Primary script unknown'
[Sat Jul 17 21:15:53.256591 2021] [proxy_fcgi:error] [pid 18695:tid 47298819475200] [client 54.36.148.4:17752] AH01071: Got error 'Primary script unknown'
[Sat Jul 17 21:33:48.998829 2021] [proxy_fcgi:error] [pid 18583:tid 47298815272704] [client 54.36.148.4:37804] AH01071: Got error 'Primary script unknown'
[Sat Jul 17 21:51:32.877564 2021] [proxy_fcgi:error] [pid 18582:tid 47298842588928] [client 54.36.148.4:56792] AH01071: Got error 'Primary script unknown'
[Sat Jul 17 22:38:23.645605 2021] [proxy_fcgi:error] [pid 18695:tid 47298861500160] [client 54.36.148.4:45046] AH01071: Got error 'Primary script unknown'
[Sun Jul 18 00:28:51.274158 2021] [proxy_fcgi:error] [pid 18582:tid 47298832082688] [client 54.36.148.4:30598] AH01071: Got error 'Primary script unknown'
[Sun Jul 18 02:50:01.520842 2021] [proxy_fcgi:error] [pid 18583:tid 47298825778944] [client 54.36.148.4:24930] AH01071: Got error 'Primary script unknown'
[Sun Jul 18 10:36:42.183919 2021] [proxy_fcgi:error] [pid 18580:tid 47298821576448] [client 45.146.164.110:33608] AH01071: Got error 'Primary script unknown'
[Sun Jul 18 12:24:10.481632 2021] [proxy_fcgi:error] [pid 18580:tid 47298819475200] [client 212.33.246.57:53184] AH01071: Got error 'Primary script unknown'
[Sun Jul 18 12:24:10.482225 2021] [proxy_fcgi:error] [pid 18583:tid 47298840487680] [client 212.33.246.57:53186] AH01071: Got error 'Primary script unknown'
[Sun Jul 18 13:16:22.272887 2021] [proxy_fcgi:error] [pid 18695:tid 47298819475200] [client 142.93.253.189:33686] AH01071: Got error 'Primary script unknown\n'
[Sun Jul 18 13:16:22.344302 2021] [proxy_fcgi:error] [pid 18695:tid 47298859398912] [client 142.93.253.189:33696] AH01071: Got error 'Primary script unknown\n'
[Sun Jul 18 19:01:42.775003 2021] [proxy_fcgi:error] [pid 18695:tid 47298829981440] [client 157.55.39.120:3008] AH01071: Got error 'Primary script unknown'
[Sun Jul 18 19:29:41.096315 2021] [proxy_fcgi:error] [pid 18695:tid 47298836285184] [client 185.191.34.215:34660] AH01071: Got error 'Primary script unknown'
[Sun Jul 18 21:13:54.769814 2021] [proxy_fcgi:error] [pid 18580:tid 47298823677696] [client 199.249.230.115:52378] AH01071: Got error 'Primary script unknown', referer: http://urbanovitalino.adv.br/
[Sun Jul 18 22:32:45.120177 2021] [proxy_fcgi:error] [pid 18582:tid 47298827880192] [client 45.146.164.110:39994] AH01071: Got error 'Primary script unknown'
[Mon Jul 19 06:10:50.746146 2021] [proxy_fcgi:error] [pid 18580:tid 47298846791424] [client 185.191.171.23:11804] AH01071: Got error 'Primary script unknown'
[Mon Jul 19 09:40:17.357005 2021] [authz_core:error] [pid 18695:tid 47298825778944] [client 167.114.153.145:53194] AH01630: client denied by server configuration: /home/urbanovitalinoad/public_html/servicedesk/files/_log/php-errors.log
[Mon Jul 19 10:06:13.538771 2021] [authz_core:error] [pid 18583:tid 47298855196416] [client 167.114.153.145:53746] AH01630: client denied by server configuration: /home/urbanovitalinoad/public_html/servicedesk/files/_log/php-errors.log
[Mon Jul 19 10:06:27.298933 2021] [authz_core:error] [pid 18582:tid 47298846791424] [client 167.114.153.145:53750] AH01630: client denied by server configuration: /home/urbanovitalinoad/public_html/servicedesk/files/_log/php-errors.log
[Mon Jul 19 16:34:51.695055 2021] [proxy_fcgi:error] [pid 18580:tid 47298813171456] [client 45.146.164.110:41384] AH01071: Got error 'Primary script unknown'
[Mon Jul 19 21:38:45.364414 2021] [proxy_fcgi:error] [pid 18582:tid 47298817373952] [client 199.249.230.151:36914] AH01071: Got error 'Primary script unknown\n', referer: http://chat.urbanovitalino.adv.br/
[Mon Jul 19 22:35:52.979680 2021] [proxy_fcgi:error] [pid 18580:tid 47298848892672] [client 185.191.34.215:57874] AH01071: Got error 'Primary script unknown'
[Tue Jul 20 00:05:24.408761 2021] [proxy_fcgi:error] [pid 18580:tid 47298855196416] [client 185.191.34.215:51834] AH01071: Got error 'Primary script unknown'
[Tue Jul 20 04:25:58.298516 2021] [mpm_event:notice] [pid 14316:tid 47298573550656] AH00493: SIGUSR1 received.  Doing graceful restart
[Tue Jul 20 04:25:58.469607 2021] [mpm_event:notice] [pid 14316:tid 47298573550656] AH00489: Apache/2.4.48 (cPanel) OpenSSL/1.1.1k mod_bwlimited/1.4 configured -- resuming normal operations
[Tue Jul 20 04:25:58.469681 2021] [core:notice] [pid 14316:tid 47298573550656] AH00094: Command line: '/usr/sbin/httpd'
[Tue Jul 20 06:58:45.837930 2021] [proxy_fcgi:error] [pid 30033:tid 47298819475200] [client 185.191.34.215:42086] AH01071: Got error 'Primary script unknown'
[Tue Jul 20 07:10:34.076254 2021] [proxy_fcgi:error] [pid 30033:tid 47298817373952] [client 185.191.34.215:48342] AH01071: Got error 'Primary script unknown'
[Tue Jul 20 13:14:36.836471 2021] [proxy_fcgi:error] [pid 30033:tid 47298850993920] [client 185.191.34.215:58058] AH01071: Got error 'Primary script unknown'
[Tue Jul 20 14:04:20.020456 2021] [proxy_fcgi:error] [pid 30181:tid 47298848892672] [client 185.191.34.215:60300] AH01071: Got error 'Primary script unknown'
[Tue Jul 20 14:14:53.540319 2021] [proxy_fcgi:error] [pid 30035:tid 47298857297664] [client 45.146.164.110:59300] AH01071: Got error 'Primary script unknown'
[Tue Jul 20 14:25:56.885031 2021] [proxy_fcgi:error] [pid 30181:tid 47298829981440] [client 62.152.182.2:38002] AH01071: Got error 'Primary script unknown'
[Tue Jul 20 14:25:56.885076 2021] [proxy_fcgi:error] [pid 30032:tid 47298853095168] [client 62.152.182.2:38000] AH01071: Got error 'Primary script unknown'
[Tue Jul 20 19:16:15.836975 2021] [proxy_fcgi:error] [pid 30033:tid 47298836285184] [client 185.191.34.215:45674] AH01071: Got error 'Primary script unknown'
[Tue Jul 20 21:51:30.968977 2021] [proxy_fcgi:error] [pid 30033:tid 47298838386432] [client 185.191.34.215:44452] AH01071: Got error 'Primary script unknown'
[Wed Jul 21 01:25:19.131471 2021] [cgid:error] [pid 30033:tid 47298859398912] [client 111.118.111.207:4883] AH01264: script not found or unable to stat: /var/www/html/setup.cgi
[Wed Jul 21 04:50:40.782786 2021] [proxy_fcgi:error] [pid 30033:tid 47298817373952] [client 185.191.34.215:40432] AH01071: Got error 'Primary script unknown'
[Wed Jul 21 05:17:42.898605 2021] [proxy_fcgi:error] [pid 30181:tid 47298848892672] [client 45.146.164.110:58850] AH01071: Got error 'Primary script unknown'
[Wed Jul 21 06:47:14.631971 2021] [proxy_fcgi:error] [pid 30181:tid 47298844690176] [client 185.191.34.215:46592] AH01071: Got error 'Primary script unknown'
[Wed Jul 21 08:16:53.956511 2021] [proxy_fcgi:error] [pid 30181:tid 47298821576448] [client 23.228.109.147:2896] AH01071: Got error 'Primary script unknown', referer: http://www.google.com/
[Wed Jul 21 08:16:54.071248 2021] [proxy_fcgi:error] [pid 30034:tid 47298811070208] [client 23.228.109.147:2996] AH01071: Got error 'Primary script unknown', referer: http://www.google.com/
[Wed Jul 21 08:16:55.757529 2021] [proxy_fcgi:error] [pid 30035:tid 47298840487680] [client 23.228.109.147:5625] AH01071: Got error 'Primary script unknown', referer: http://www.google.com/
[Wed Jul 21 12:35:17.592295 2021] [proxy_fcgi:error] [pid 30181:tid 47298844690176] [client 185.191.171.24:38746] AH01071: Got error 'Primary script unknown'
[Wed Jul 21 14:43:04.840653 2021] [proxy_fcgi:error] [pid 30035:tid 47298817373952] [client 185.191.34.215:40056] AH01071: Got error 'Primary script unknown'
[Wed Jul 21 14:48:52.502876 2021] [proxy_fcgi:error] [pid 30181:tid 47298815272704] [client 143.198.188.82:42328] AH01071: Got error 'Primary script unknown'
[Wed Jul 21 16:41:07.830464 2021] [proxy_fcgi:error] [pid 30033:tid 47298855196416] [client 185.191.34.215:33020] AH01071: Got error 'Primary script unknown'
[Wed Jul 21 21:48:13.002026 2021] [proxy_fcgi:error] [pid 30035:tid 47298832082688] [client 45.146.164.110:37420] AH01071: Got error 'Primary script unknown'
[Wed Jul 21 22:34:47.623076 2021] [proxy_fcgi:error] [pid 30033:tid 47298840487680] [client 185.191.34.215:43996] AH01071: Got error 'Primary script unknown'
[Wed Jul 21 23:41:23.561380 2021] [proxy_fcgi:error] [pid 30033:tid 47298859398912] [client 185.191.34.215:56244] AH01071: Got error 'Primary script unknown'
[Thu Jul 22 02:13:58.109069 2021] [proxy_fcgi:error] [pid 30033:tid 47298842588928] [client 128.199.82.37:53134] AH01071: Got error 'Primary script unknown'
[Thu Jul 22 02:13:58.109089 2021] [proxy_fcgi:error] [pid 30033:tid 47298850993920] [client 128.199.82.37:53136] AH01071: Got error 'Primary script unknown'
[Thu Jul 22 03:19:02.859784 2021] [proxy_fcgi:error] [pid 30033:tid 47298840487680] [client 185.191.34.215:42780] AH01071: Got error 'Primary script unknown'
[Thu Jul 22 04:26:29.123679 2021] [mpm_event:notice] [pid 14316:tid 47298573550656] AH00491: caught SIGTERM, shutting down
[Thu Jul 22 04:26:29.931694 2021] [:notice] [pid 30027:tid 47291208942656] ModSecurity for Apache/2.9.3 (http://www.modsecurity.org/) configured.
[Thu Jul 22 04:26:29.931823 2021] [:notice] [pid 30027:tid 47291208942656] ModSecurity: APR compiled version="1.7.0"; loaded version="1.7.0"
[Thu Jul 22 04:26:29.931832 2021] [:notice] [pid 30027:tid 47291208942656] ModSecurity: PCRE compiled version="8.32 "; loaded version="8.32 2012-11-30"
[Thu Jul 22 04:26:29.931836 2021] [:notice] [pid 30027:tid 47291208942656] ModSecurity: LUA compiled version="Lua 5.1"
[Thu Jul 22 04:26:29.931840 2021] [:notice] [pid 30027:tid 47291208942656] ModSecurity: YAJL compiled version="2.0.4"
[Thu Jul 22 04:26:29.931844 2021] [:notice] [pid 30027:tid 47291208942656] ModSecurity: LIBXML compiled version="2.9.7"
[Thu Jul 22 04:26:29.931848 2021] [:notice] [pid 30027:tid 47291208942656] ModSecurity: Status engine is currently disabled, enable it by set SecStatusEngine to On.
[Thu Jul 22 04:26:30.006575 2021] [mpm_event:notice] [pid 30030:tid 47291208942656] AH00489: Apache/2.4.48 (cPanel) OpenSSL/1.1.1k mod_bwlimited/1.4 configured -- resuming normal operations
[Thu Jul 22 04:26:30.006679 2021] [core:notice] [pid 30030:tid 47291208942656] AH00094: Command line: '/usr/sbin/httpd'
[Thu Jul 22 04:26:34.955364 2021] [mpm_event:notice] [pid 30030:tid 47291208942656] AH00491: caught SIGTERM, shutting down
[Thu Jul 22 04:26:35.790330 2021] [:notice] [pid 30258:tid 46998383887424] ModSecurity for Apache/2.9.3 (http://www.modsecurity.org/) configured.
[Thu Jul 22 04:26:35.790468 2021] [:notice] [pid 30258:tid 46998383887424] ModSecurity: APR compiled version="1.7.0"; loaded version="1.7.0"
[Thu Jul 22 04:26:35.790481 2021] [:notice] [pid 30258:tid 46998383887424] ModSecurity: PCRE compiled version="8.32 "; loaded version="8.32 2012-11-30"
[Thu Jul 22 04:26:35.790488 2021] [:notice] [pid 30258:tid 46998383887424] ModSecurity: LUA compiled version="Lua 5.1"
[Thu Jul 22 04:26:35.790493 2021] [:notice] [pid 30258:tid 46998383887424] ModSecurity: YAJL compiled version="2.0.4"
[Thu Jul 22 04:26:35.790499 2021] [:notice] [pid 30258:tid 46998383887424] ModSecurity: LIBXML compiled version="2.9.7"
[Thu Jul 22 04:26:35.790504 2021] [:notice] [pid 30258:tid 46998383887424] ModSecurity: Status engine is currently disabled, enable it by set SecStatusEngine to On.
[Thu Jul 22 04:26:35.862244 2021] [mpm_event:notice] [pid 30261:tid 46998383887424] AH00489: Apache/2.4.48 (cPanel) OpenSSL/1.1.1k mod_bwlimited/1.4 configured -- resuming normal operations
[Thu Jul 22 04:26:35.862318 2021] [core:notice] [pid 30261:tid 46998383887424] AH00094: Command line: '/usr/sbin/httpd'
[Thu Jul 22 05:03:11.719804 2021] [proxy_fcgi:error] [pid 30268:tid 46998669727488] [client 185.191.34.215:40622] AH01071: Got error 'Primary script unknown'
[Thu Jul 22 05:11:00.305595 2021] [proxy_fcgi:error] [pid 30268:tid 46998659221248] [client 185.191.34.215:43410] AH01071: Got error 'Primary script unknown'
[Thu Jul 22 05:46:02.839325 2021] [proxy_fcgi:error] [pid 30270:tid 46998640310016] [client 185.191.34.215:46226] AH01071: Got error 'Primary script unknown'
[Thu Jul 22 05:50:25.664119 2021] [proxy_fcgi:error] [pid 30270:tid 46998621398784] [client 185.191.34.215:48136] AH01071: Got error 'Primary script unknown'
[Thu Jul 22 06:37:36.241298 2021] [proxy_fcgi:error] [pid 30268:tid 46998665524992] [client 185.191.34.215:58442] AH01071: Got error 'Primary script unknown'
[Thu Jul 22 07:57:44.010372 2021] [proxy_fcgi:error] [pid 30268:tid 46998621398784] [client 185.191.34.215:44722] AH01071: Got error 'Primary script unknown'
[Thu Jul 22 09:37:29.062116 2021] [proxy_fcgi:error] [pid 30267:tid 46998625601280] [client 46.101.207.40:35136] AH01071: Got error 'Primary script unknown'
[Thu Jul 22 09:59:03.063974 2021] [core:error] [pid 30267:tid 46998657120000] (36)File name too long: [client 188.166.62.103:37146] AH00036: access to /3000D00E0000FFFF3F0031313744373731343634304537353046007A7A7A7A7A7A7A7A7A7A7A7A7A7A7A0000000000000000000000000000000000000000000000000000000000000000000000000000000000000000000001000008047A7A7A7A7A7A7A7A7A0000000000000000000000000000000000000000000000000000000000000000 failed (filesystem path '/var/www/html/3000D00E0000FFFF3F0031313744373731343634304537353046007A7A7A7A7A7A7A7A7A7A7A7A7A7A7A0000000000000000000000000000000000000000000000000000000000000000000000000000000000000000000001000008047A7A7A7A7A7A7A7A7A0000000000000000000000000000000000000000000000000000000000000000')
[Thu Jul 22 09:59:22.081727 2021] [core:error] [pid 30270:tid 46998640310016] (36)File name too long: [client 138.197.223.169:52308] AH00036: access to /3000D00E0000FFFF3F0031313744373731343634304537353046007A7A7A7A7A7A7A7A7A7A7A7A7A7A7A0000000000000000000000000000000000000000000000000000000000000000000000000000000000000000000001000008047A7A7A7A7A7A7A7A7A0000000000000000000000000000000000000000000000000000000000000000 failed (filesystem path '/var/www/html/3000D00E0000FFFF3F0031313744373731343634304537353046007A7A7A7A7A7A7A7A7A7A7A7A7A7A7A0000000000000000000000000000000000000000000000000000000000000000000000000000000000000000000001000008047A7A7A7A7A7A7A7A7A0000000000000000000000000000000000000000000000000000000000000000')
[Thu Jul 22 10:35:38.332320 2021] [proxy_fcgi:error] [pid 30271:tid 46998648715008] [client 185.191.34.215:35350] AH01071: Got error 'Primary script unknown'
[Thu Jul 22 10:35:38.333839 2021] [proxy_fcgi:error] [pid 30270:tid 46998663423744] [client 185.191.34.215:35272] AH01071: Got error 'Primary script unknown'
[Thu Jul 22 11:07:03.366932 2021] [proxy_fcgi:error] [pid 30268:tid 46998669727488] [client 185.191.34.215:56760] AH01071: Got error 'Primary script unknown'
[Thu Jul 22 12:05:23.379614 2021] [proxy_fcgi:error] [pid 30267:tid 46998638208768] [client 162.214.93.227:35354] AH01071: Got error 'Primary script unknown'
[Thu Jul 22 12:30:23.628378 2021] [proxy_fcgi:error] [pid 30271:tid 46998655018752] [client 185.191.34.215:48124] AH01071: Got error 'Primary script unknown'
[Thu Jul 22 17:01:08.893782 2021] [proxy_fcgi:error] [pid 30270:tid 46998671828736] [client 167.71.89.92:43502] AH01071: Got error 'Primary script unknown'
[Thu Jul 22 17:04:20.636309 2021] [proxy_fcgi:error] [pid 30268:tid 46998640310016] [client 185.191.34.215:52128] AH01071: Got error 'Primary script unknown'
[Thu Jul 22 18:24:42.569514 2021] [proxy_fcgi:error] [pid 30270:tid 46998640310016] [client 185.191.34.215:42438] AH01071: Got error 'Primary script unknown'
[Thu Jul 22 19:20:56.673095 2021] [proxy_fcgi:error] [pid 30271:tid 46998650816256] [client 35.190.154.151:58748] AH01071: Got error 'Primary script unknown'
[Thu Jul 22 19:20:57.272544 2021] [proxy_fcgi:error] [pid 30267:tid 46998621398784] [client 35.190.154.151:58746] AH01071: Got error 'Primary script unknown\n'
[Thu Jul 22 19:32:39.815178 2021] [proxy_fcgi:error] [pid 30268:tid 46998629803776] [client 185.191.34.215:48592] AH01071: Got error 'Primary script unknown'
[Thu Jul 22 19:54:57.301161 2021] [proxy_fcgi:error] [pid 30268:tid 46998650816256] [client 185.191.34.215:34804] AH01071: Got error 'Primary script unknown'
[Thu Jul 22 21:54:04.814287 2021] [proxy_fcgi:error] [pid 30268:tid 46998642411264] [client 185.191.34.215:33656] AH01071: Got error 'Primary script unknown'
[Thu Jul 22 22:12:54.195659 2021] [proxy_fcgi:error] [pid 30270:tid 46998657120000] [client 45.146.164.110:49440] AH01071: Got error 'Primary script unknown'
[Thu Jul 22 22:34:41.131778 2021] [ssl:error] [pid 30267:tid 46998642411264] [client 3.90.255.110:49634] AH02042: rejecting client initiated renegotiation
[Thu Jul 22 22:50:36.589196 2021] [proxy_fcgi:error] [pid 30268:tid 46998646613760] [client 185.191.34.215:59620] AH01071: Got error 'Primary script unknown'
[Thu Jul 22 22:52:08.948101 2021] [proxy_fcgi:error] [pid 30268:tid 46998669727488] [client 185.191.34.215:60142] AH01071: Got error 'Primary script unknown'
[Fri Jul 23 01:25:16.645966 2021] [proxy_fcgi:error] [pid 30270:tid 46998631905024] [client 207.46.13.79:10688] AH01071: Got error 'Primary script unknown'
[Fri Jul 23 04:10:50.142803 2021] [proxy_fcgi:error] [pid 30268:tid 46998638208768] [client 185.191.34.215:35412] AH01071: Got error 'Primary script unknown'
[Fri Jul 23 04:22:14.340114 2021] [mpm_event:notice] [pid 30261:tid 46998383887424] AH00493: SIGUSR1 received.  Doing graceful restart
[Fri Jul 23 04:22:14.463027 2021] [mpm_event:notice] [pid 30261:tid 46998383887424] AH00489: Apache/2.4.48 (cPanel) OpenSSL/1.1.1k mod_bwlimited/1.4 configured -- resuming normal operations
[Fri Jul 23 04:22:14.463233 2021] [core:notice] [pid 30261:tid 46998383887424] AH00094: Command line: '/usr/sbin/httpd'
[Fri Jul 23 05:20:24.041306 2021] [proxy_fcgi:error] [pid 7341:tid 46998665524992] [client 185.191.34.215:60666] AH01071: Got error 'Primary script unknown'
[Fri Jul 23 08:23:02.194416 2021] [proxy_fcgi:error] [pid 7341:tid 46998661322496] [client 185.191.34.215:55226] AH01071: Got error 'Primary script unknown'
[Fri Jul 23 09:47:27.845791 2021] [proxy_fcgi:error] [pid 7342:tid 46998665524992] [client 185.191.34.215:46444] AH01071: Got error 'Primary script unknown'
[Fri Jul 23 11:16:23.115427 2021] [proxy_fcgi:error] [pid 7344:tid 46998623500032] [client 45.146.164.110:50788] AH01071: Got error 'Primary script unknown'
[Fri Jul 23 17:29:20.707851 2021] [proxy_fcgi:error] [pid 7341:tid 46998650816256] [client 185.191.34.215:33542] AH01071: Got error 'Primary script unknown'
[Fri Jul 23 20:46:25.714531 2021] [proxy_fcgi:error] [pid 7341:tid 46998657120000] [client 207.46.13.165:9280] AH01071: Got error 'Primary script unknown'
[Fri Jul 23 20:46:44.615449 2021] [cgid:error] [pid 7344:tid 46998625601280] [client 14.230.67.16:42754] AH01264: script not found or unable to stat: /var/www/html/setup.cgi
[Fri Jul 23 21:37:44.355897 2021] [proxy_fcgi:error] [pid 7344:tid 46998627702528] [client 185.191.34.215:36920] AH01071: Got error 'Primary script unknown'
[Sat Jul 24 00:16:55.233852 2021] [proxy_fcgi:error] [pid 7341:tid 46998640310016] [client 185.191.34.215:43418] AH01071: Got error 'Primary script unknown'
[Sat Jul 24 02:44:01.388126 2021] [proxy_fcgi:error] [pid 7344:tid 46998640310016] [client 185.191.34.215:54582] AH01071: Got error 'Primary script unknown'
[Sat Jul 24 03:11:09.646973 2021] [proxy_fcgi:error] [pid 7341:tid 46998667626240] [client 45.146.164.110:59464] AH01071: Got error 'Primary script unknown'
[Sat Jul 24 03:17:45.822970 2021] [proxy_fcgi:error] [pid 7342:tid 46998625601280] [client 185.191.34.215:39498] AH01071: Got error 'Primary script unknown'
[Sat Jul 24 03:46:08.464313 2021] [proxy_fcgi:error] [pid 7341:tid 46998655018752] [client 185.191.34.215:34342] AH01071: Got error 'Primary script unknown'
[Sat Jul 24 04:56:05.562553 2021] [proxy_fcgi:error] [pid 7344:tid 46998663423744] [client 34.78.185.17:49724] AH01071: Got error 'Primary script unknown'
[Sat Jul 24 09:25:16.545295 2021] [proxy_fcgi:error] [pid 7343:tid 46998640310016] [client 134.209.176.202:45664] AH01071: Got error 'Primary script unknown'
[Sat Jul 24 10:02:49.351366 2021] [proxy_fcgi:error] [pid 7341:tid 46998648715008] [client 185.191.34.215:56138] AH01071: Got error 'Primary script unknown'
[Sat Jul 24 12:12:35.965661 2021] [proxy_fcgi:error] [pid 7341:tid 46998655018752] [client 185.191.34.215:48834] AH01071: Got error 'Primary script unknown'
[Sat Jul 24 13:26:53.395173 2021] [proxy_fcgi:error] [pid 7344:tid 46998650816256] [client 185.191.34.215:60876] AH01071: Got error 'Primary script unknown'
[Sat Jul 24 13:52:04.266900 2021] [proxy_fcgi:error] [pid 7341:tid 46998657120000] [client 185.191.34.215:58712] AH01071: Got error 'Primary script unknown'
[Sat Jul 24 18:02:18.682014 2021] [proxy_fcgi:error] [pid 7343:tid 46998636107520] [client 185.191.34.215:35876] AH01071: Got error 'Primary script unknown'
[Sat Jul 24 18:48:27.572724 2021] [proxy_fcgi:error] [pid 7341:tid 46998642411264] [client 185.191.34.215:42988] AH01071: Got error 'Primary script unknown'
[Sat Jul 24 20:21:16.536289 2021] [proxy_fcgi:error] [pid 7342:tid 46998642411264] [client 185.191.34.215:49330] AH01071: Got error 'Primary script unknown'
[Sat Jul 24 20:51:03.123334 2021] [proxy_fcgi:error] [pid 7344:tid 46998638208768] [client 45.146.164.110:47400] AH01071: Got error 'Primary script unknown'
[Sat Jul 24 21:32:59.091849 2021] [proxy_fcgi:error] [pid 7345:tid 46998636107520] [client 203.159.80.192:62881] AH01071: Got error 'Primary script unknown'
[Sat Jul 24 21:32:59.409187 2021] [proxy_fcgi:error] [pid 7344:tid 46998631905024] [client 203.159.80.192:62869] AH01071: Got error 'Primary script unknown\n'
[Sat Jul 24 21:32:59.435100 2021] [proxy_fcgi:error] [pid 7345:tid 46998648715008] [client 203.159.80.192:62885] AH01071: Got error 'Primary script unknown'
[Sat Jul 24 21:32:59.612529 2021] [proxy_fcgi:error] [pid 7345:tid 46998621398784] [client 203.159.80.192:62886] AH01071: Got error 'Primary script unknown'
[Sat Jul 24 22:41:12.230363 2021] [proxy_fcgi:error] [pid 7345:tid 46998621398784] [client 185.191.34.215:37584] AH01071: Got error 'Primary script unknown'
[Sun Jul 25 00:14:27.097202 2021] [proxy_fcgi:error] [pid 7345:tid 46998629803776] [client 185.191.34.215:49742] AH01071: Got error 'Primary script unknown'
[Sun Jul 25 03:31:31.510952 2021] [proxy_fcgi:error] [pid 7344:tid 46998627702528] [client 184.168.126.206:56886] AH01071: Got error 'Primary script unknown'
[Sun Jul 25 04:54:00.980146 2021] [proxy_fcgi:error] [pid 7342:tid 46998650816256] [client 185.191.34.215:47452] AH01071: Got error 'Primary script unknown'
[Sun Jul 25 06:03:33.040202 2021] [proxy_fcgi:error] [pid 7341:tid 46998657120000] [client 185.191.34.215:36362] AH01071: Got error 'Primary script unknown'
[Sun Jul 25 08:37:05.710990 2021] [proxy_fcgi:error] [pid 7344:tid 46998648715008] (70007)The timeout specified has expired: [client 203.159.80.192:59471] AH01075: Error dispatching request to : (polling)
[Sun Jul 25 08:39:15.324503 2021] [proxy_fcgi:error] [pid 7344:tid 46998659221248] [client 185.191.34.215:44592] AH01071: Got error 'Primary script unknown'
[Sun Jul 25 09:30:05.974940 2021] [proxy_fcgi:error] [pid 7341:tid 46998650816256] [client 185.191.34.215:42016] AH01071: Got error 'Primary script unknown'
[Sun Jul 25 13:27:49.229997 2021] [proxy_fcgi:error] [pid 7344:tid 46998638208768] [client 66.249.64.93:53858] AH01071: Got error 'Primary script unknown'
[Sun Jul 25 18:44:32.660113 2021] [proxy_fcgi:error] [pid 7343:tid 46998634006272] [client 45.146.164.110:37530] AH01071: Got error 'Primary script unknown'
[Sun Jul 25 23:16:02.769081 2021] [proxy_fcgi:error] [pid 7344:tid 46998646613760] [client 185.191.205.142:62714] AH01071: Got error 'Primary script unknown'
[Mon Jul 26 01:08:58.014846 2021] [proxy_fcgi:error] [pid 7345:tid 46998663423744] [client 185.191.34.215:58624] AH01071: Got error 'Primary script unknown'
[Mon Jul 26 07:58:18.862646 2021] [proxy_fcgi:error] [pid 7343:tid 46998638208768] [client 195.201.205.23:53436] AH01071: Got error 'Primary script unknown'
[Mon Jul 26 08:17:41.146551 2021] [proxy_fcgi:error] [pid 7344:tid 46998661322496] [client 66.249.64.92:58446] AH01071: Got error 'Primary script unknown'
[Mon Jul 26 08:18:36.443232 2021] [proxy_fcgi:error] [pid 7343:tid 46998659221248] [client 66.249.64.92:55008] AH01071: Got error 'Primary script unknown'
[Mon Jul 26 08:51:59.696631 2021] [proxy_fcgi:error] [pid 7344:tid 46998648715008] [client 51.254.203.49:52876] AH01071: Got error 'Primary script unknown'
[Mon Jul 26 11:59:29.842717 2021] [proxy_fcgi:error] [pid 7343:tid 46998661322496] [client 45.146.164.110:55588] AH01071: Got error 'Primary script unknown'
[Mon Jul 26 13:24:43.546321 2021] [proxy_fcgi:error] [pid 7341:tid 46998663423744] [client 185.191.34.215:58822] AH01071: Got error 'Primary script unknown'
[Mon Jul 26 13:54:00.909451 2021] [proxy_fcgi:error] [pid 7344:tid 46998625601280] [client 66.249.74.23:46586] AH01071: Got error 'Primary script unknown'
[Mon Jul 26 14:54:02.059410 2021] [proxy_fcgi:error] [pid 7344:tid 46998642411264] [client 66.249.74.23:36002] AH01071: Got error 'Primary script unknown'
[Tue Jul 27 00:37:12.840319 2021] [proxy_fcgi:error] [pid 7344:tid 46998655018752] [client 66.249.74.27:54648] AH01071: Got error 'Primary script unknown'
[Tue Jul 27 02:07:13.094003 2021] [proxy_fcgi:error] [pid 7344:tid 46998634006272] [client 66.249.74.27:37439] AH01071: Got error 'Primary script unknown'
[Tue Jul 27 03:29:20.544395 2021] [proxy_fcgi:error] [pid 7341:tid 46998665524992] [client 157.55.39.19:51840] AH01071: Got error 'Primary script unknown'
[Tue Jul 27 04:37:12.828107 2021] [proxy_fcgi:error] [pid 7341:tid 46998640310016] [client 66.249.74.27:62261] AH01071: Got error 'Primary script unknown'
[Tue Jul 27 05:56:48.461235 2021] [cgid:error] [pid 7341:tid 46998621398784] [client 23.251.102.74:33150] AH01264: script not found or unable to stat: /home/urbanovitalinoad/public_html/cgi-bin/config.exp
[Tue Jul 27 06:02:30.079827 2021] [proxy_fcgi:error] [pid 7344:tid 46998638208768] [client 45.146.164.110:42006] AH01071: Got error 'Primary script unknown'
[Tue Jul 27 14:04:50.604034 2021] [proxy_fcgi:error] [pid 7343:tid 46998650816256] [client 65.21.219.138:60882] AH01071: Got error 'Primary script unknown'
[Tue Jul 27 15:40:07.932928 2021] [proxy_fcgi:error] [pid 7341:tid 46998669727488] [client 185.191.34.215:44970] AH01071: Got error 'Primary script unknown'
[Tue Jul 27 22:15:41.437167 2021] [proxy_fcgi:error] [pid 7343:tid 46998669727488] [client 45.146.164.110:59374] AH01071: Got error 'Primary script unknown'
[Tue Jul 27 22:55:52.734580 2021] [proxy_fcgi:error] [pid 7343:tid 46998634006272] [client 185.191.34.215:45416] AH01071: Got error 'Primary script unknown'
[Wed Jul 28 05:21:11.501389 2021] [proxy_fcgi:error] [pid 7343:tid 46998631905024] [client 188.92.149.71:42136] AH01071: Got error 'Primary script unknown'
[Wed Jul 28 05:45:43.558652 2021] [proxy_fcgi:error] [pid 7343:tid 46998644512512] [client 101.32.26.253:58674] AH01071: Got error 'Primary script unknown'
[Wed Jul 28 06:07:56.195298 2021] [proxy_fcgi:error] [pid 7341:tid 46998661322496] [client 185.191.34.215:38266] AH01071: Got error 'Primary script unknown'
[Wed Jul 28 12:00:08.047424 2021] [proxy_fcgi:error] [pid 7343:tid 46998663423744] [client 66.249.64.77:61405] AH01071: Got error 'Primary script unknown'
[Wed Jul 28 17:36:54.747612 2021] [proxy_fcgi:error] [pid 7343:tid 46998669727488] [client 45.146.164.110:43534] AH01071: Got error 'Primary script unknown'
[Thu Jul 29 00:30:44.882869 2021] [proxy_fcgi:error] [pid 7341:tid 46998669727488] [client 167.88.170.2:47858] AH01071: Got error 'Primary script unknown'
[Thu Jul 29 00:30:44.884245 2021] [proxy_fcgi:error] [pid 7343:tid 46998665524992] [client 167.88.170.2:47856] AH01071: Got error 'Primary script unknown'
[Thu Jul 29 02:06:26.089607 2021] [proxy_fcgi:error] [pid 7343:tid 46998652917504] [client 23.228.109.147:22910] AH01071: Got error 'Primary script unknown'
[Thu Jul 29 04:00:26.626538 2021] [proxy_fcgi:error] [pid 7341:tid 46998642411264] [client 45.146.164.110:56468] AH01071: Got error 'Primary script unknown'
[Thu Jul 29 04:27:32.056360 2021] [mpm_event:notice] [pid 30261:tid 46998383887424] AH00491: caught SIGTERM, shutting down
[Thu Jul 29 04:27:33.457815 2021] [:notice] [pid 6898:tid 47513217107008] ModSecurity for Apache/2.9.3 (http://www.modsecurity.org/) configured.
[Thu Jul 29 04:27:33.457918 2021] [:notice] [pid 6898:tid 47513217107008] ModSecurity: APR compiled version="1.7.0"; loaded version="1.7.0"
[Thu Jul 29 04:27:33.457927 2021] [:notice] [pid 6898:tid 47513217107008] ModSecurity: PCRE compiled version="8.32 "; loaded version="8.32 2012-11-30"
[Thu Jul 29 04:27:33.457931 2021] [:notice] [pid 6898:tid 47513217107008] ModSecurity: LUA compiled version="Lua 5.1"
[Thu Jul 29 04:27:33.457934 2021] [:notice] [pid 6898:tid 47513217107008] ModSecurity: YAJL compiled version="2.0.4"
[Thu Jul 29 04:27:33.457938 2021] [:notice] [pid 6898:tid 47513217107008] ModSecurity: LIBXML compiled version="2.9.7"
[Thu Jul 29 04:27:33.457941 2021] [:notice] [pid 6898:tid 47513217107008] ModSecurity: Status engine is currently disabled, enable it by set SecStatusEngine to On.
[Thu Jul 29 04:27:33.555779 2021] [mpm_event:notice] [pid 6901:tid 47513217107008] AH00489: Apache/2.4.48 (cPanel) OpenSSL/1.1.1k mod_bwlimited/1.4 configured -- resuming normal operations
[Thu Jul 29 04:27:33.556254 2021] [core:notice] [pid 6901:tid 47513217107008] AH00094: Command line: '/usr/sbin/httpd'
[Thu Jul 29 04:27:47.581056 2021] [mpm_event:notice] [pid 6901:tid 47513217107008] AH00493: SIGUSR1 received.  Doing graceful restart
[Thu Jul 29 04:27:47.696230 2021] [mpm_event:notice] [pid 6901:tid 47513217107008] AH00489: Apache/2.4.48 (cPanel) OpenSSL/1.1.1k mod_bwlimited/1.4 configured -- resuming normal operations
[Thu Jul 29 04:27:47.696269 2021] [core:notice] [pid 6901:tid 47513217107008] AH00094: Command line: '/usr/sbin/httpd'
[Thu Jul 29 14:26:40.272540 2021] [proxy_fcgi:error] [pid 7145:tid 47513549674240] [client 132.148.91.104:45582] AH01071: Got error 'Primary script unknown'
[Thu Jul 29 15:04:47.600910 2021] [proxy_fcgi:error] [pid 7145:tid 47513551775488] [client 46.101.92.132:48076] AH01071: Got error 'Primary script unknown'
[Thu Jul 29 23:57:10.323528 2021] [proxy_fcgi:error] [pid 7145:tid 47513560180480] [client 141.94.65.157:63985] AH01071: Got error 'Primary script unknown', referer: anonymousfox.co
[Thu Jul 29 23:57:13.388140 2021] [proxy_fcgi:error] [pid 7143:tid 47513456719616] [client 141.94.65.157:54462] AH01071: Got error 'Primary script unknown', referer: anonymousfox.co
[Thu Jul 29 23:57:19.414932 2021] [proxy_fcgi:error] [pid 7143:tid 47513463023360] [client 141.94.65.157:49927] AH01071: Got error 'Primary script unknown', referer: anonymousfox.co
[Thu Jul 29 23:57:28.609969 2021] [proxy_fcgi:error] [pid 7143:tid 47513477732096] [client 141.94.65.157:55243] AH01071: Got error 'Primary script unknown', referer: anonymousfox.co
[Thu Jul 29 23:57:45.274253 2021] [proxy_fcgi:error] [pid 7143:tid 47513473529600] [client 141.94.65.157:63455] AH01071: Got error 'Primary script unknown', referer: anonymousfox.co
[Thu Jul 29 23:57:51.282826 2021] [proxy_fcgi:error] [pid 7143:tid 47513568585472] [client 141.94.65.157:63902] AH01071: Got error 'Primary script unknown', referer: anonymousfox.co
[Thu Jul 29 23:57:55.339332 2021] [proxy_fcgi:error] [pid 7143:tid 47513564382976] [client 141.94.65.157:53835] AH01071: Got error 'Primary script unknown', referer: anonymousfox.co
[Thu Jul 29 23:57:55.898802 2021] [proxy_fcgi:error] [pid 7142:tid 47513547572992] [client 141.94.65.157:58488] AH01071: Got error 'Primary script unknown', referer: anonymousfox.co
[Thu Jul 29 23:57:56.912826 2021] [proxy_fcgi:error] [pid 7144:tid 47513551775488] [client 141.94.65.157:54564] AH01071: Got error 'Primary script unknown', referer: anonymousfox.co
[Thu Jul 29 23:57:59.024731 2021] [proxy_fcgi:error] [pid 7143:tid 47513570686720] [client 141.94.65.157:55964] AH01071: Got error 'Primary script unknown', referer: anonymousfox.co
[Thu Jul 29 23:58:02.124959 2021] [proxy_fcgi:error] [pid 7143:tid 47513467225856] [client 141.94.65.157:56857] AH01071: Got error 'Primary script unknown', referer: anonymousfox.co
[Thu Jul 29 23:58:14.038040 2021] [proxy_fcgi:error] [pid 7145:tid 47513553876736] [client 141.94.65.157:64303] AH01071: Got error 'Primary script unknown', referer: anonymousfox.co
[Thu Jul 29 23:58:24.822622 2021] [proxy_fcgi:error] [pid 7143:tid 47513465124608] [client 141.94.65.157:61218] AH01071: Got error 'Primary script unknown', referer: anonymousfox.co
[Thu Jul 29 23:58:39.560555 2021] [proxy_fcgi:error] [pid 7145:tid 47513473529600] [client 141.94.65.157:52369] AH01071: Got error 'Primary script unknown', referer: anonymousfox.co
[Thu Jul 29 23:58:44.325964 2021] [proxy_fcgi:error] [pid 7143:tid 47513477732096] [client 141.94.65.157:52794] AH01071: Got error 'Primary script unknown', referer: anonymousfox.co
[Thu Jul 29 23:59:23.924401 2021] [proxy_fcgi:error] [pid 7143:tid 47513560180480] [client 141.94.65.157:60785] AH01071: Got error 'Primary script unknown', referer: anonymousfox.co
[Thu Jul 29 23:59:29.466657 2021] [proxy_fcgi:error] [pid 7143:tid 47513568585472] [client 141.94.65.157:60589] AH01071: Got error 'Primary script unknown', referer: anonymousfox.co
[Thu Jul 29 23:59:38.934362 2021] [proxy_fcgi:error] [pid 7147:tid 47513469327104] [client 141.94.65.157:56612] AH01071: Got error 'Primary script unknown', referer: anonymousfox.co
[Thu Jul 29 23:59:46.738585 2021] [proxy_fcgi:error] [pid 7147:tid 47513560180480] [client 141.94.65.157:59321] AH01071: Got error 'Primary script unknown', referer: anonymousfox.co
[Thu Jul 29 23:59:48.726422 2021] [proxy_fcgi:error] [pid 7147:tid 47513558079232] [client 141.94.65.157:52749] AH01071: Got error 'Primary script unknown', referer: anonymousfox.co
[Fri Jul 30 00:00:00.292354 2021] [proxy_fcgi:error] [pid 7147:tid 47513570686720] [client 141.94.65.157:60101] AH01071: Got error 'Primary script unknown', referer: anonymousfox.co
[Fri Jul 30 00:31:45.739169 2021] [proxy_fcgi:error] [pid 7143:tid 47513562281728] [client 185.191.34.215:60372] AH01071: Got error 'Primary script unknown'
[Fri Jul 30 05:12:34.248545 2021] [proxy_fcgi:error] [pid 7145:tid 47513460922112] [client 45.146.164.110:58346] AH01071: Got error 'Primary script unknown'
[Fri Jul 30 07:41:40.598052 2021] [proxy_fcgi:error] [pid 7143:tid 47513471428352] [client 185.191.34.215:43274] AH01071: Got error 'Primary script unknown'
[Fri Jul 30 19:38:09.041452 2021] [proxy_fcgi:error] [pid 7142:tid 47513572787968] [client 45.146.164.110:49350] AH01071: Got error 'Primary script unknown'
[Fri Jul 30 21:07:48.052863 2021] [proxy_fcgi:error] [pid 7147:tid 47513564382976] [client 185.191.171.45:6208] AH01071: Got error 'Primary script unknown'
[Fri Jul 30 22:56:38.249338 2021] [proxy_fcgi:error] [pid 7143:tid 47513572787968] [client 67.205.31.50:37440] AH01071: Got error 'Primary script unknown'
[Fri Jul 30 22:56:38.249486 2021] [proxy_fcgi:error] [pid 7147:tid 47513458820864] [client 67.205.31.50:37444] AH01071: Got error 'Primary script unknown'
[Fri Jul 30 22:56:38.250474 2021] [proxy_fcgi:error] [pid 7145:tid 47513473529600] [client 67.205.31.50:37446] AH01071: Got error 'Primary script unknown'
[Fri Jul 30 22:56:38.250717 2021] [proxy_fcgi:error] [pid 7145:tid 47513570686720] [client 67.205.31.50:37452] AH01071: Got error 'Primary script unknown'
[Fri Jul 30 22:56:38.251266 2021] [proxy_fcgi:error] [pid 7142:tid 47513562281728] [client 67.205.31.50:37436] AH01071: Got error 'Primary script unknown'
[Fri Jul 30 22:56:38.251479 2021] [proxy_fcgi:error] [pid 7142:tid 47513463023360] [client 67.205.31.50:37450] AH01071: Got error 'Primary script unknown'
[Fri Jul 30 22:56:38.252045 2021] [proxy_fcgi:error] [pid 7142:tid 47513566484224] [client 67.205.31.50:37438] AH01071: Got error 'Primary script unknown'
[Fri Jul 30 22:56:38.252247 2021] [proxy_fcgi:error] [pid 7147:tid 47513473529600] [client 67.205.31.50:37448] AH01071: Got error 'Primary script unknown'
[Fri Jul 30 22:56:38.252708 2021] [proxy_fcgi:error] [pid 7144:tid 47513471428352] [client 67.205.31.50:37442] AH01071: Got error 'Primary script unknown'
[Sat Jul 31 09:57:40.142804 2021] [proxy_fcgi:error] [pid 7147:tid 47513477732096] [client 185.191.171.39:37812] AH01071: Got error 'Primary script unknown'
[Sat Jul 31 10:16:41.726101 2021] [proxy_fcgi:error] [pid 7144:tid 47513570686720] [client 45.146.164.110:57562] AH01071: Got error 'Primary script unknown'
[Sat Jul 31 12:45:53.559782 2021] [proxy_fcgi:error] [pid 7145:tid 47513469327104] [client 158.69.241.225:48456] AH01071: Got error 'Primary script unknown', referer: http://urbanovitalino.adv.br
[Sat Jul 31 14:07:41.467202 2021] [proxy_fcgi:error] [pid 7145:tid 47513555977984] [client 185.191.171.6:50246] AH01071: Got error 'Primary script unknown'
[Sat Jul 31 17:15:40.195064 2021] [proxy_fcgi:error] [pid 7143:tid 47513460922112] [client 185.191.34.215:36676] AH01071: Got error 'Primary script unknown'
[Sat Jul 31 22:36:27.000925 2021] [proxy_fcgi:error] [pid 7145:tid 47513562281728] [client 174.138.26.144:60238] AH01071: Got error 'Primary script unknown'
[Sat Jul 31 22:40:13.360234 2021] [proxy_fcgi:error] [pid 7147:tid 47513475630848] [client 157.55.84.109:58037] AH01071: Got error 'Primary script unknown'
[Sun Aug 01 00:49:06.651308 2021] [proxy_fcgi:error] [pid 7144:tid 47513566484224] [client 45.146.164.110:35244] AH01071: Got error 'Primary script unknown'
[Sun Aug 01 10:53:50.424636 2021] [proxy_fcgi:error] [pid 7145:tid 47513551775488] [client 185.191.171.5:21394] AH01071: Got error 'Primary script unknown'
[Sun Aug 01 12:51:02.182592 2021] [proxy_fcgi:error] [pid 7144:tid 47513555977984] [client 162.214.108.192:35038] AH01071: Got error 'Primary script unknown'
[Sun Aug 01 17:10:09.836844 2021] [proxy_fcgi:error] [pid 7143:tid 47513454618368] [client 185.191.34.215:55546] AH01071: Got error 'Primary script unknown'
[Sun Aug 01 17:39:37.792302 2021] [ssl:error] [pid 7143:tid 47513463023360] [client 54.196.124.81:42630] AH02042: rejecting client initiated renegotiation
[Sun Aug 01 22:56:39.785227 2021] [proxy_fcgi:error] [pid 7147:tid 47513560180480] [client 45.146.164.110:40862] AH01071: Got error 'Primary script unknown'
[Sun Aug 01 23:21:03.689243 2021] [proxy_fcgi:error] [pid 7145:tid 47513467225856] [client 185.191.171.38:48582] AH01071: Got error 'Primary script unknown'
[Mon Aug 02 01:49:12.639717 2021] [proxy_fcgi:error] [pid 7143:tid 47513549674240] [client 185.191.171.3:3748] AH01071: Got error 'Primary script unknown'
[Mon Aug 02 02:22:09.826224 2021] [proxy_fcgi:error] [pid 7145:tid 47513469327104] [client 51.15.19.181:37694] AH01071: Got error 'Primary script unknown'
[Mon Aug 02 02:22:54.173904 2021] [proxy_fcgi:error] [pid 7145:tid 47513456719616] [client 51.15.19.181:41766] AH01071: Got error 'Primary script unknown'
[Mon Aug 02 02:25:52.950006 2021] [proxy_fcgi:error] [pid 7145:tid 47513551775488] [client 51.15.19.181:54478] AH01071: Got error 'Primary script unknown'
[Mon Aug 02 06:40:46.329166 2021] [cgid:error] [pid 7147:tid 47513572787968] [client 154.89.5.18:40560] AH01264: script not found or unable to stat: /usr/local/cpanel/cgi-sys/favicon.ico
[Mon Aug 02 06:42:47.864402 2021] [cgid:error] [pid 7147:tid 47513549674240] [client 154.89.5.18:49978] AH01264: script not found or unable to stat: /usr/local/cpanel/cgi-sys/favicon.ico
[Mon Aug 02 08:33:53.879359 2021] [proxy_fcgi:error] [pid 7145:tid 47513467225856] [client 5.189.132.239:56916] AH01071: Got error 'Primary script unknown'
[Mon Aug 02 09:30:06.705738 2021] [proxy_fcgi:error] [pid 7142:tid 47513547572992] [client 212.129.0.202:53240] AH01071: Got error 'Primary script unknown'
[Mon Aug 02 10:39:37.852957 2021] [proxy_fcgi:error] [pid 7147:tid 47513572787968] [client 157.55.39.19:52928] AH01071: Got error 'Primary script unknown'
[Mon Aug 02 14:08:55.544675 2021] [proxy_fcgi:error] [pid 7144:tid 47513475630848] [client 185.191.171.38:9086] AH01071: Got error 'Primary script unknown'
[Mon Aug 02 14:42:53.227538 2021] [proxy_fcgi:error] [pid 7143:tid 47513465124608] [client 75.119.198.100:39500] AH01071: Got error 'Primary script unknown'
[Mon Aug 02 14:42:53.229245 2021] [proxy_fcgi:error] [pid 7147:tid 47513572787968] [client 75.119.198.100:39498] AH01071: Got error 'Primary script unknown'
[Mon Aug 02 16:32:14.031197 2021] [proxy_fcgi:error] [pid 7142:tid 47513549674240] [client 45.146.164.110:52360] AH01071: Got error 'Primary script unknown'
[Mon Aug 02 18:34:48.625586 2021] [proxy_fcgi:error] [pid 7147:tid 47513560180480] [client 185.191.171.1:38130] AH01071: Got error 'Primary script unknown'
[Mon Aug 02 21:37:38.169447 2021] [proxy_fcgi:error] [pid 7143:tid 47513465124608] [client 185.191.171.39:3764] AH01071: Got error 'Primary script unknown'
[Tue Aug 03 02:42:45.052219 2021] [proxy_fcgi:error] [pid 7143:tid 47513460922112] [client 185.191.171.18:51794] AH01071: Got error 'Primary script unknown'
[Tue Aug 03 05:41:17.922844 2021] [proxy_fcgi:error] [pid 7147:tid 47513555977984] [client 185.191.171.34:32028] AH01071: Got error 'Primary script unknown'
[Tue Aug 03 05:44:01.899372 2021] [proxy_fcgi:error] [pid 7143:tid 47513572787968] [client 45.146.164.110:41430] AH01071: Got error 'Primary script unknown'
[Tue Aug 03 07:35:58.501603 2021] [proxy_fcgi:error] [pid 7147:tid 47513469327104] [client 46.101.28.212:54412] AH01071: Got error 'Primary script unknown'
[Tue Aug 03 11:09:48.089138 2021] [ssl:error] [pid 7143:tid 47513463023360] [client 54.87.245.50:47046] AH02042: rejecting client initiated renegotiation
[Tue Aug 03 15:49:05.735244 2021] [proxy_fcgi:error] [pid 7142:tid 47513475630848] [client 185.191.171.8:36536] AH01071: Got error 'Primary script unknown'
[Wed Aug 04 00:24:46.992657 2021] [proxy_fcgi:error] [pid 7147:tid 47513477732096] [client 54.36.148.4:20962] AH01071: Got error 'Primary script unknown'
[Wed Aug 04 04:00:54.528611 2021] [proxy_fcgi:error] [pid 7143:tid 47513570686720] [client 185.191.171.15:12278] AH01071: Got error 'Primary script unknown'
[Wed Aug 04 04:52:30.249594 2021] [proxy_fcgi:error] [pid 7144:tid 47513555977984] [client 45.146.164.110:57446] AH01071: Got error 'Primary script unknown'
[Wed Aug 04 10:05:43.506851 2021] [proxy_fcgi:error] [pid 7143:tid 47513562281728] [client 185.191.34.215:50938] AH01071: Got error 'Primary script unknown'
[Wed Aug 04 15:08:36.202447 2021] [proxy_fcgi:error] [pid 7147:tid 47513471428352] [client 54.36.148.4:64508] AH01071: Got error 'Primary script unknown'
[Wed Aug 04 15:12:21.118922 2021] [proxy_fcgi:error] [pid 7147:tid 47513560180480] [client 185.191.34.215:41242] AH01071: Got error 'Primary script unknown'
[Thu Aug 05 00:25:52.958736 2021] [proxy_fcgi:error] [pid 7143:tid 47513562281728] [client 45.146.164.110:59054] AH01071: Got error 'Primary script unknown'
[Thu Aug 05 03:25:44.006629 2021] [proxy_fcgi:error] [pid 21739:tid 47513475630848] [client 85.128.143.42:34978] AH01071: Got error 'Primary script unknown'
[Thu Aug 05 04:26:24.769090 2021] [mpm_event:notice] [pid 6901:tid 47513217107008] AH00491: caught SIGTERM, shutting down
[Thu Aug 05 04:26:26.188939 2021] [:notice] [pid 4975:tid 47546881041472] ModSecurity for Apache/2.9.3 (http://www.modsecurity.org/) configured.
[Thu Aug 05 04:26:26.189064 2021] [:notice] [pid 4975:tid 47546881041472] ModSecurity: APR compiled version="1.7.0"; loaded version="1.7.0"
[Thu Aug 05 04:26:26.189076 2021] [:notice] [pid 4975:tid 47546881041472] ModSecurity: PCRE compiled version="8.32 "; loaded version="8.32 2012-11-30"
[Thu Aug 05 04:26:26.189082 2021] [:notice] [pid 4975:tid 47546881041472] ModSecurity: LUA compiled version="Lua 5.1"
[Thu Aug 05 04:26:26.189086 2021] [:notice] [pid 4975:tid 47546881041472] ModSecurity: YAJL compiled version="2.0.4"
[Thu Aug 05 04:26:26.189091 2021] [:notice] [pid 4975:tid 47546881041472] ModSecurity: LIBXML compiled version="2.9.7"
[Thu Aug 05 04:26:26.189096 2021] [:notice] [pid 4975:tid 47546881041472] ModSecurity: Status engine is currently disabled, enable it by set SecStatusEngine to On.
[Thu Aug 05 04:26:26.248033 2021] [mpm_event:notice] [pid 4978:tid 47546881041472] AH00489: Apache/2.4.48 (cPanel) OpenSSL/1.1.1k mod_bwlimited/1.4 configured -- resuming normal operations
[Thu Aug 05 04:26:26.248118 2021] [core:notice] [pid 4978:tid 47546881041472] AH00094: Command line: '/usr/sbin/httpd'
[Thu Aug 05 04:26:33.407744 2021] [mpm_event:notice] [pid 4978:tid 47546881041472] AH00491: caught SIGTERM, shutting down
[Thu Aug 05 04:26:34.331416 2021] [:notice] [pid 5200:tid 47873728267328] ModSecurity for Apache/2.9.3 (http://www.modsecurity.org/) configured.
[Thu Aug 05 04:26:34.331505 2021] [:notice] [pid 5200:tid 47873728267328] ModSecurity: APR compiled version="1.7.0"; loaded version="1.7.0"
[Thu Aug 05 04:26:34.331514 2021] [:notice] [pid 5200:tid 47873728267328] ModSecurity: PCRE compiled version="8.32 "; loaded version="8.32 2012-11-30"
[Thu Aug 05 04:26:34.331517 2021] [:notice] [pid 5200:tid 47873728267328] ModSecurity: LUA compiled version="Lua 5.1"
[Thu Aug 05 04:26:34.331520 2021] [:notice] [pid 5200:tid 47873728267328] ModSecurity: YAJL compiled version="2.0.4"
[Thu Aug 05 04:26:34.331522 2021] [:notice] [pid 5200:tid 47873728267328] ModSecurity: LIBXML compiled version="2.9.7"
