[Mon Jun 21 00:04:21.083591 2021] [proxy_fcgi:error] [pid 12067:tid 46926982235904] [client 54.36.148.170:32170] AH01071: Got error 'Primary script unknown'
[Mon Jun 21 01:15:34.681575 2021] [proxy_fcgi:error] [pid 12066:tid 46926973830912] [client 159.65.128.164:33886] AH01071: Got error 'Primary script unknown'
[Mon Jun 21 01:53:54.760399 2021] [proxy_fcgi:error] [pid 12065:tid 46926988539648] [client 45.146.165.123:52496] AH01071: Got error 'Primary script unknown'
[Mon Jun 21 12:39:15.335948 2021] [ssl:error] [pid 12067:tid 46926963324672] [client 3.81.143.7:52632] AH02042: rejecting client initiated renegotiation
[Mon Jun 21 15:17:49.575015 2021] [proxy_fcgi:error] [pid 12098:tid 46926978033408] [client 45.146.165.123:45028] AH01071: Got error 'Primary script unknown'
[Tue Jun 22 02:11:40.793091 2021] [proxy_fcgi:error] [pid 12066:tid 46926996944640] [client 40.77.167.7:2048] AH01071: Got error 'Primary script unknown'
[Tue Jun 22 15:30:04.222984 2021] [proxy_fcgi:error] [pid 12123:tid 46926992742144] [client 185.114.247.197:58804] AH01071: Got error 'Primary script unknown'
[Tue Jun 22 15:38:13.561229 2021] [proxy_fcgi:error] [pid 12065:tid 46926994843392] [client 45.146.165.123:35776] AH01071: Got error 'Primary script unknown'
[Tue Jun 22 16:52:08.782440 2021] [cgid:error] [pid 12066:tid 46927001147136] [client 5.128.170.42:37212] AH01264: script not found or unable to stat: /var/www/html/setup.cgi
[Wed Jun 23 02:36:01.038865 2021] [proxy_fcgi:error] [pid 12123:tid 46926973830912] [client 104.254.93.87:55482] AH01071: Got error 'Primary script unknown'
[Wed Jun 23 06:18:24.788384 2021] [proxy_fcgi:error] [pid 12066:tid 46926971729664] [client 45.146.165.123:59104] AH01071: Got error 'Primary script unknown'
[Wed Jun 23 06:26:37.166905 2021] [proxy_fcgi:error] [pid 12065:tid 46927005349632] [client 199.204.208.167:58932] AH01071: Got error 'Primary script unknown'
[Wed Jun 23 06:40:39.032747 2021] [proxy_fcgi:error] [pid 12066:tid 46926959122176] [client 185.191.171.24:43984] AH01071: Got error 'Primary script unknown'
[Wed Jun 23 20:03:27.592524 2021] [proxy_fcgi:error] [pid 12065:tid 46926986438400] [client 46.101.28.132:33930] AH01071: Got error 'Primary script unknown'
[Wed Jun 23 20:03:27.592541 2021] [proxy_fcgi:error] [pid 12098:tid 46926957020928] [client 46.101.28.132:33928] AH01071: Got error 'Primary script unknown'
[Wed Jun 23 21:03:17.700720 2021] [core:crit] [pid 12065:tid 46926961223424] (13)Permission denied: [client 45.183.126.150:22477] AH00529: /home/urbanovitalinoad/public_html/servicedesk/plugins/dashboard/.htaccess pcfg_openfile: unable to check htaccess file, ensure it is readable and that '/home/urbanovitalinoad/public_html/servicedesk/plugins/dashboard/' is executable, referer: https://urbanovitalino.adv.br/servicedesk/front/marketplace.php
[Wed Jun 23 21:03:49.842381 2021] [core:crit] [pid 12098:tid 46926984337152] (13)Permission denied: [client 45.183.126.150:22960] AH00529: /home/urbanovitalinoad/public_html/servicedesk/plugins/pdf/.htaccess pcfg_openfile: unable to check htaccess file, ensure it is readable and that '/home/urbanovitalinoad/public_html/servicedesk/plugins/pdf/' is executable, referer: https://urbanovitalino.adv.br/servicedesk/front/marketplace.php
[Wed Jun 23 21:04:56.280442 2021] [core:crit] [pid 12098:tid 46926992742144] (13)Permission denied: [client 45.183.126.150:22404] AH00529: /home/urbanovitalinoad/public_html/servicedesk/plugins/dashboard/front/.htaccess pcfg_openfile: unable to check htaccess file, ensure it is readable and that '/home/urbanovitalinoad/public_html/servicedesk/plugins/dashboard/front/' is executable, referer: https://urbanovitalino.adv.br/servicedesk/front/marketplace.php
[Wed Jun 23 21:04:59.134693 2021] [core:crit] [pid 12098:tid 46926996944640] (13)Permission denied: [client 45.183.126.150:22404] AH00529: /home/urbanovitalinoad/public_html/servicedesk/plugins/dashboard/front/.htaccess pcfg_openfile: unable to check htaccess file, ensure it is readable and that '/home/urbanovitalinoad/public_html/servicedesk/plugins/dashboard/front/' is executable, referer: https://urbanovitalino.adv.br/servicedesk/front/marketplace.php
[Wed Jun 23 21:05:05.047471 2021] [core:crit] [pid 12098:tid 46927003248384] (13)Permission denied: [client 45.183.126.150:22404] AH00529: /home/urbanovitalinoad/public_html/servicedesk/plugins/dashboard/front/.htaccess pcfg_openfile: unable to check htaccess file, ensure it is readable and that '/home/urbanovitalinoad/public_html/servicedesk/plugins/dashboard/front/' is executable, referer: https://urbanovitalino.adv.br/servicedesk/front/marketplace.php
[Wed Jun 23 21:06:21.756398 2021] [core:crit] [pid 12065:tid 46926988539648] (13)Permission denied: [client 45.183.126.150:21810] AH00529: /home/urbanovitalinoad/public_html/servicedesk/plugins/dashboard/front/.htaccess pcfg_openfile: unable to check htaccess file, ensure it is readable and that '/home/urbanovitalinoad/public_html/servicedesk/plugins/dashboard/front/' is executable, referer: https://urbanovitalino.adv.br/servicedesk/front/marketplace.php
[Wed Jun 23 21:08:02.868451 2021] [core:crit] [pid 12123:tid 46926978033408] (13)Permission denied: [client 45.183.126.150:21699] AH00529: /home/urbanovitalinoad/public_html/servicedesk/plugins/dashboard/front/.htaccess pcfg_openfile: unable to check htaccess file, ensure it is readable and that '/home/urbanovitalinoad/public_html/servicedesk/plugins/dashboard/front/' is executable, referer: https://urbanovitalino.adv.br/servicedesk/front/marketplace.php
[Wed Jun 23 21:13:43.466532 2021] [core:crit] [pid 12065:tid 46926978033408] (13)Permission denied: [client 45.183.126.150:22069] AH00529: /home/urbanovitalinoad/public_html/servicedesk/plugins/dashboard/front/.htaccess pcfg_openfile: unable to check htaccess file, ensure it is readable and that '/home/urbanovitalinoad/public_html/servicedesk/plugins/dashboard/front/' is executable, referer: https://urbanovitalino.adv.br/servicedesk/front/marketplace.php
[Wed Jun 23 21:14:34.017358 2021] [core:crit] [pid 12065:tid 46926994843392] (13)Permission denied: [client 45.183.126.150:23246] AH00529: /home/urbanovitalinoad/public_html/servicedesk/plugins/dashboard/front/.htaccess pcfg_openfile: unable to check htaccess file, ensure it is readable and that '/home/urbanovitalinoad/public_html/servicedesk/plugins/dashboard/front/' is executable, referer: https://urbanovitalino.adv.br/servicedesk/front/marketplace.php
[Wed Jun 23 21:18:44.354100 2021] [core:crit] [pid 12123:tid 46926986438400] (13)Permission denied: [client 45.183.126.150:23366] AH00529: /home/urbanovitalinoad/public_html/servicedesk/plugins/dashboard/front/.htaccess pcfg_openfile: unable to check htaccess file, ensure it is readable and that '/home/urbanovitalinoad/public_html/servicedesk/plugins/dashboard/front/' is executable, referer: https://urbanovitalino.adv.br/servicedesk/plugins/fusioninventory/front/config.form.php
[Wed Jun 23 21:21:15.103670 2021] [core:crit] [pid 12123:tid 46926975932160] (13)Permission denied: [client 45.183.126.150:21668] AH00529: /home/urbanovitalinoad/public_html/servicedesk/plugins/dashboard/front/.htaccess pcfg_openfile: unable to check htaccess file, ensure it is readable and that '/home/urbanovitalinoad/public_html/servicedesk/plugins/dashboard/front/' is executable, referer: https://urbanovitalino.adv.br/servicedesk/front/marketplace.php
[Wed Jun 23 21:53:43.553421 2021] [authz_core:error] [pid 12123:tid 46926957020928] [client 167.114.153.145:46902] AH01630: client denied by server configuration: /home/urbanovitalinoad/public_html/servicedesk/files/_log/php-errors.log
[Wed Jun 23 22:05:51.886232 2021] [authz_core:error] [pid 12123:tid 46926990640896] [client 167.114.153.145:47142] AH01630: client denied by server configuration: /home/urbanovitalinoad/public_html/servicedesk/files/_log/php-errors.log
[Wed Jun 23 23:03:06.834536 2021] [proxy_fcgi:error] [pid 12123:tid 46926978033408] [client 45.146.165.123:51618] AH01071: Got error 'Primary script unknown'
[Thu Jun 24 02:36:44.646435 2021] [core:error] [pid 12123:tid 46926988539648] (36)File name too long: [client 165.227.0.201:49502] AH00036: access to /3000D00E0000FFFF3F0031313744373731343634304537353046007A7A7A7A7A7A7A7A7A7A7A7A7A7A7A0000000000000000000000000000000000000000000000000000000000000000000000000000000000000000000001000008047A7A7A7A7A7A7A7A7A0000000000000000000000000000000000000000000000000000000000000000 failed (filesystem path '/var/www/html/3000D00E0000FFFF3F0031313744373731343634304537353046007A7A7A7A7A7A7A7A7A7A7A7A7A7A7A0000000000000000000000000000000000000000000000000000000000000000000000000000000000000000000001000008047A7A7A7A7A7A7A7A7A0000000000000000000000000000000000000000000000000000000000000000')
[Thu Jun 24 04:26:36.202561 2021] [mpm_event:notice] [pid 12056:tid 46926717400128] AH00493: SIGUSR1 received.  Doing graceful restart
[Thu Jun 24 04:26:36.985354 2021] [mpm_event:notice] [pid 12056:tid 46926717400128] AH00489: Apache/2.4.48 (cPanel) OpenSSL/1.1.1k mod_bwlimited/1.4 configured -- resuming normal operations
[Thu Jun 24 04:26:36.991976 2021] [core:notice] [pid 12056:tid 46926717400128] AH00094: Command line: '/usr/sbin/httpd'
[Thu Jun 24 10:39:14.647140 2021] [proxy_fcgi:error] [pid 31974:tid 46926992742144] [client 143.110.210.115:52440] AH01071: Got error 'Primary script unknown'
[Thu Jun 24 11:28:17.738966 2021] [proxy_fcgi:error] [pid 31975:tid 46926978033408] [client 168.119.157.60:56406] AH01071: Got error 'Primary script unknown'
[Thu Jun 24 11:28:20.375713 2021] [proxy_fcgi:error] [pid 31973:tid 46926973830912] [client 168.119.157.60:56582] AH01071: Got error 'Primary script unknown'
[Thu Jun 24 12:18:01.622618 2021] [proxy_fcgi:error] [pid 31973:tid 46926988539648] [client 168.119.59.54:46288] AH01071: Got error 'Primary script unknown'
[Thu Jun 24 12:18:06.753201 2021] [proxy_fcgi:error] [pid 31974:tid 46926959122176] [client 168.119.59.54:46304] AH01071: Got error 'Primary script unknown'
[Thu Jun 24 12:18:07.577767 2021] [proxy_fcgi:error] [pid 31976:tid 46926988539648] [client 168.119.59.54:46650] AH01071: Got error 'Primary script unknown'
[Thu Jun 24 15:16:35.262340 2021] [proxy_fcgi:error] [pid 31974:tid 46926959122176] [client 164.132.48.179:46566] AH01071: Got error 'Primary script unknown'
[Thu Jun 24 15:53:45.655479 2021] [proxy_fcgi:error] [pid 32085:tid 46926963324672] [client 45.146.165.123:54804] AH01071: Got error 'Primary script unknown'
[Thu Jun 24 16:38:41.339427 2021] [proxy_fcgi:error] [pid 31975:tid 46926973830912] [client 23.228.109.147:27809] AH01071: Got error 'Primary script unknown', referer: http://www.google.com/
[Thu Jun 24 21:21:32.809477 2021] [cgid:error] [pid 32085:tid 46926957020928] [client 186.33.77.242:57105] AH01264: script not found or unable to stat: /var/www/html/setup.cgi
[Fri Jun 25 05:26:01.182173 2021] [proxy_fcgi:error] [pid 32085:tid 46927003248384] [client 199.204.208.172:10993] AH01071: Got error 'Primary script unknown'
[Sat Jun 26 07:43:25.395126 2021] [proxy_fcgi:error] [pid 31973:tid 46926975932160] [client 45.146.165.123:39786] AH01071: Got error 'Primary script unknown'
[Sat Jun 26 17:44:12.826091 2021] [proxy_fcgi:error] [pid 32085:tid 46926988539648] [client 142.54.177.5:57445] AH01071: Got error 'Primary script unknown', referer: http://www.google.com.hk
[Sat Jun 26 18:05:33.512789 2021] [proxy_fcgi:error] [pid 31976:tid 46926982235904] [client 142.54.177.5:60252] AH01071: Got error 'Primary script unknown', referer: http://www.google.com.hk
[Sun Jun 27 03:26:49.880727 2021] [proxy_fcgi:error] [pid 31975:tid 46926996944640] [client 45.146.165.123:44104] AH01071: Got error 'Primary script unknown'
[Sun Jun 27 13:25:53.624265 2021] [proxy_fcgi:error] [pid 32085:tid 46927005349632] [client 103.241.205.82:3938] AH01071: Got error 'Primary script unknown'
[Sun Jun 27 14:05:50.905785 2021] [proxy_fcgi:error] [pid 31976:tid 46926982235904] [client 45.146.165.123:46036] AH01071: Got error 'Primary script unknown'
[Sun Jun 27 17:42:32.724452 2021] [core:error] [pid 31973:tid 46926994843392] (36)File name too long: [client 194.195.240.247:34452] AH00036: access to /3000D00E0000FFFF3F0031313744373731343634304537353046007A7A7A7A7A7A7A7A7A7A7A7A7A7A7A0000000000000000000000000000000000000000000000000000000000000000000000000000000000000000000001000008047A7A7A7A7A7A7A7A7A0000000000000000000000000000000000000000000000000000000000000000 failed (filesystem path '/var/www/html/3000D00E0000FFFF3F0031313744373731343634304537353046007A7A7A7A7A7A7A7A7A7A7A7A7A7A7A0000000000000000000000000000000000000000000000000000000000000000000000000000000000000000000001000008047A7A7A7A7A7A7A7A7A0000000000000000000000000000000000000000000000000000000000000000')
[Sun Jun 27 20:09:17.205382 2021] [proxy_fcgi:error] [pid 32085:tid 46926996944640] [client 40.77.167.7:1280] AH01071: Got error 'Primary script unknown'
[Sun Jun 27 20:17:23.631951 2021] [proxy_fcgi:error] [pid 31973:tid 46926971729664] [client 65.21.181.67:39742] AH01071: Got error 'Primary script unknown'
[Sun Jun 27 20:17:27.464801 2021] [proxy_fcgi:error] [pid 31974:tid 46926957020928] [client 65.21.181.67:39926] AH01071: Got error 'Primary script unknown'
[Sun Jun 27 20:17:28.096104 2021] [proxy_fcgi:error] [pid 31974:tid 46927005349632] [client 65.21.181.67:40230] AH01071: Got error 'Primary script unknown'
[Mon Jun 28 10:49:02.969806 2021] [proxy_fcgi:error] [pid 31973:tid 46926990640896] [client 45.146.165.123:60522] AH01071: Got error 'Primary script unknown'
[Mon Jun 28 13:53:12.316820 2021] [proxy_fcgi:error] [pid 31974:tid 46926975932160] [client 62.210.185.4:38886] AH01071: Got error 'Primary script unknown'
[Mon Jun 28 13:53:12.320369 2021] [proxy_fcgi:error] [pid 31975:tid 46926980134656] [client 62.210.185.4:38884] AH01071: Got error 'Primary script unknown'
[Tue Jun 29 03:03:14.331020 2021] [proxy_fcgi:error] [pid 31975:tid 46926982235904] [client 45.146.165.123:42024] AH01071: Got error 'Primary script unknown'
[Tue Jun 29 13:13:13.410345 2021] [proxy_fcgi:error] [pid 31975:tid 46926954919680] [client 157.230.141.171:37620] AH01071: Got error 'Primary script unknown'
[Tue Jun 29 19:48:27.511118 2021] [proxy_fcgi:error] [pid 31975:tid 46926982235904] [client 45.146.165.123:37466] AH01071: Got error 'Primary script unknown'
[Tue Jun 29 21:28:52.528349 2021] [proxy_fcgi:error] [pid 31973:tid 46926959122176] [client 185.191.171.26:58940] AH01071: Got error 'Primary script unknown'
[Wed Jun 30 03:55:45.931164 2021] [proxy_fcgi:error] [pid 31975:tid 46926975932160] [client 207.46.13.184:26432] AH01071: Got error 'Primary script unknown'
[Wed Jun 30 04:26:15.545521 2021] [mpm_event:notice] [pid 12056:tid 46926717400128] AH00493: SIGUSR1 received.  Doing graceful restart
[Wed Jun 30 04:26:15.958574 2021] [mpm_event:notice] [pid 12056:tid 46926717400128] AH00489: Apache/2.4.48 (cPanel) OpenSSL/1.1.1k mod_bwlimited/1.4 configured -- resuming normal operations
[Wed Jun 30 04:26:15.961272 2021] [core:notice] [pid 12056:tid 46926717400128] AH00094: Command line: '/usr/sbin/httpd'
[Wed Jun 30 04:42:47.180648 2021] [proxy_fcgi:error] [pid 5926:tid 46926990640896] [client 185.191.171.36:19888] AH01071: Got error 'Primary script unknown'
[Wed Jun 30 09:57:05.828160 2021] [proxy_fcgi:error] [pid 5780:tid 46926996944640] [client 185.191.171.35:60524] AH01071: Got error 'Primary script unknown'
[Wed Jun 30 11:22:52.865000 2021] [proxy_fcgi:error] [pid 5778:tid 46926957020928] [client 185.191.171.39:53970] AH01071: Got error 'Primary script unknown'
[Wed Jun 30 13:30:06.986286 2021] [proxy_fcgi:error] [pid 5778:tid 46926961223424] [client 185.191.171.38:59070] AH01071: Got error 'Primary script unknown'
[Wed Jun 30 13:47:55.244246 2021] [ssl:error] [pid 5780:tid 46926992742144] [client 54.173.253.143:33146] AH02042: rejecting client initiated renegotiation
[Wed Jun 30 16:27:32.161117 2021] [proxy_fcgi:error] [pid 5778:tid 46926971729664] [client 45.146.165.123:58756] AH01071: Got error 'Primary script unknown'
[Wed Jun 30 16:49:12.546092 2021] [proxy_fcgi:error] [pid 5780:tid 46926967527168] [client 185.191.171.41:41628] AH01071: Got error 'Primary script unknown'
[Wed Jun 30 16:50:17.743344 2021] [core:error] [pid 5926:tid 46926986438400] (36)File name too long: [client 178.62.246.23:49610] AH00036: access to /3000D00E0000FFFF3F0031313744373731343634304537353046007A7A7A7A7A7A7A7A7A7A7A7A7A7A7A0000000000000000000000000000000000000000000000000000000000000000000000000000000000000000000001000008047A7A7A7A7A7A7A7A7A0000000000000000000000000000000000000000000000000000000000000000 failed (filesystem path '/var/www/html/3000D00E0000FFFF3F0031313744373731343634304537353046007A7A7A7A7A7A7A7A7A7A7A7A7A7A7A0000000000000000000000000000000000000000000000000000000000000000000000000000000000000000000001000008047A7A7A7A7A7A7A7A7A0000000000000000000000000000000000000000000000000000000000000000')
[Wed Jun 30 19:31:05.675301 2021] [proxy_fcgi:error] [pid 5780:tid 46927003248384] [client 211.243.86.210:42464] AH01071: Got error 'Primary script unknown'
[Wed Jun 30 21:30:34.336518 2021] [proxy_fcgi:error] [pid 5926:tid 46926986438400] [client 185.191.171.3:57816] AH01071: Got error 'Primary script unknown'
[Wed Jun 30 23:45:23.344026 2021] [proxy_fcgi:error] [pid 5926:tid 46927005349632] [client 185.191.171.6:34306] AH01071: Got error 'Primary script unknown'
[Thu Jul 01 04:27:05.006965 2021] [mpm_event:notice] [pid 12056:tid 46926717400128] AH00491: caught SIGTERM, shutting down
[Thu Jul 01 04:27:05.649558 2021] [:notice] [pid 13912:tid 46983649559616] ModSecurity for Apache/2.9.3 (http://www.modsecurity.org/) configured.
[Thu Jul 01 04:27:05.649648 2021] [:notice] [pid 13912:tid 46983649559616] ModSecurity: APR compiled version="1.7.0"; loaded version="1.7.0"
[Thu Jul 01 04:27:05.649656 2021] [:notice] [pid 13912:tid 46983649559616] ModSecurity: PCRE compiled version="8.32 "; loaded version="8.32 2012-11-30"
[Thu Jul 01 04:27:05.649660 2021] [:notice] [pid 13912:tid 46983649559616] ModSecurity: LUA compiled version="Lua 5.1"
[Thu Jul 01 04:27:05.649663 2021] [:notice] [pid 13912:tid 46983649559616] ModSecurity: YAJL compiled version="2.0.4"
[Thu Jul 01 04:27:05.649666 2021] [:notice] [pid 13912:tid 46983649559616] ModSecurity: LIBXML compiled version="2.9.7"
[Thu Jul 01 04:27:05.649670 2021] [:notice] [pid 13912:tid 46983649559616] ModSecurity: Status engine is currently disabled, enable it by set SecStatusEngine to On.
[Thu Jul 01 04:27:05.714318 2021] [mpm_event:notice] [pid 13915:tid 46983649559616] AH00489: Apache/2.4.48 (cPanel) OpenSSL/1.1.1k mod_bwlimited/1.4 configured -- resuming normal operations
[Thu Jul 01 04:27:05.714379 2021] [core:notice] [pid 13915:tid 46983649559616] AH00094: Command line: '/usr/sbin/httpd'
[Thu Jul 01 04:27:13.960804 2021] [mpm_event:notice] [pid 13915:tid 46983649559616] AH00491: caught SIGTERM, shutting down
[Thu Jul 01 04:27:14.766151 2021] [:notice] [pid 14313:tid 47298573550656] ModSecurity for Apache/2.9.3 (http://www.modsecurity.org/) configured.
[Thu Jul 01 04:27:14.766244 2021] [:notice] [pid 14313:tid 47298573550656] ModSecurity: APR compiled version="1.7.0"; loaded version="1.7.0"
[Thu Jul 01 04:27:14.766254 2021] [:notice] [pid 14313:tid 47298573550656] ModSecurity: PCRE compiled version="8.32 "; loaded version="8.32 2012-11-30"
[Thu Jul 01 04:27:14.766257 2021] [:notice] [pid 14313:tid 47298573550656] ModSecurity: LUA compiled version="Lua 5.1"
[Thu Jul 01 04:27:14.766261 2021] [:notice] [pid 14313:tid 47298573550656] ModSecurity: YAJL compiled version="2.0.4"
[Thu Jul 01 04:27:14.766264 2021] [:notice] [pid 14313:tid 47298573550656] ModSecurity: LIBXML compiled version="2.9.7"
[Thu Jul 01 04:27:14.766267 2021] [:notice] [pid 14313:tid 47298573550656] ModSecurity: Status engine is currently disabled, enable it by set SecStatusEngine to On.
[Thu Jul 01 04:27:14.822759 2021] [mpm_event:notice] [pid 14316:tid 47298573550656] AH00489: Apache/2.4.48 (cPanel) OpenSSL/1.1.1k mod_bwlimited/1.4 configured -- resuming normal operations
[Thu Jul 01 04:27:14.822824 2021] [core:notice] [pid 14316:tid 47298573550656] AH00094: Command line: '/usr/sbin/httpd'
[Thu Jul 01 05:14:21.864652 2021] [proxy_fcgi:error] [pid 14327:tid 47298861500160] [client 185.191.171.12:46744] AH01071: Got error 'Primary script unknown'
[Thu Jul 01 06:49:45.351350 2021] [proxy_fcgi:error] [pid 14325:tid 47298813171456] [client 45.146.164.110:35564] AH01071: Got error 'Primary script unknown'
[Thu Jul 01 08:35:27.366256 2021] [core:error] [pid 14327:tid 47298815272704] (36)File name too long: [client 194.195.113.68:50226] AH00036: access to /3000D00E0000FFFF3F0031313744373731343634304537353046007A7A7A7A7A7A7A7A7A7A7A7A7A7A7A0000000000000000000000000000000000000000000000000000000000000000000000000000000000000000000001000008047A7A7A7A7A7A7A7A7A0000000000000000000000000000000000000000000000000000000000000000 failed (filesystem path '/var/www/html/3000D00E0000FFFF3F0031313744373731343634304537353046007A7A7A7A7A7A7A7A7A7A7A7A7A7A7A0000000000000000000000000000000000000000000000000000000000000000000000000000000000000000000001000008047A7A7A7A7A7A7A7A7A0000000000000000000000000000000000000000000000000000000000000000')
[Thu Jul 01 10:43:17.235987 2021] [proxy_fcgi:error] [pid 14327:tid 47298832082688] [client 162.241.69.46:45826] AH01071: Got error 'Primary script unknown'
[Thu Jul 01 11:22:16.263133 2021] [proxy_fcgi:error] [pid 14327:tid 47298823677696] [client 185.191.171.40:60068] AH01071: Got error 'Primary script unknown'
[Thu Jul 01 12:24:03.204573 2021] [proxy_fcgi:error] [pid 14327:tid 47298821576448] [client 185.191.171.19:38446] AH01071: Got error 'Primary script unknown'
[Thu Jul 01 15:02:27.825759 2021] [proxy_fcgi:error] [pid 14327:tid 47298853095168] [client 185.191.171.23:50912] AH01071: Got error 'Primary script unknown'
[Thu Jul 01 19:44:21.229801 2021] [proxy_fcgi:error] [pid 14328:tid 47298850993920] [client 134.209.145.18:46764] AH01071: Got error 'Primary script unknown'
[Thu Jul 01 21:28:09.890153 2021] [ssl:error] [pid 14323:tid 47298836285184] [client 54.173.118.115:47256] AH02042: rejecting client initiated renegotiation
[Thu Jul 01 22:57:33.115285 2021] [proxy_fcgi:error] [pid 14328:tid 47298825778944] [client 207.154.215.89:43874] AH01071: Got error 'Primary script unknown'
[Thu Jul 01 22:57:33.116308 2021] [proxy_fcgi:error] [pid 14325:tid 47298861500160] [client 207.154.215.89:43868] AH01071: Got error 'Primary script unknown'
[Fri Jul 02 01:15:05.208194 2021] [proxy_fcgi:error] [pid 14327:tid 47298842588928] [client 162.55.213.93:37582] AH01071: Got error 'Primary script unknown'
[Fri Jul 02 01:43:54.126049 2021] [proxy_fcgi:error] [pid 14327:tid 47298829981440] [client 162.55.165.167:46886] AH01071: Got error 'Primary script unknown'
[Fri Jul 02 01:43:56.064236 2021] [proxy_fcgi:error] [pid 14327:tid 47298821576448] [client 162.55.165.167:47078] AH01071: Got error 'Primary script unknown'
[Fri Jul 02 04:56:26.887703 2021] [proxy_fcgi:error] [pid 14324:tid 47298838386432] [client 185.191.171.22:51562] AH01071: Got error 'Primary script unknown'
[Fri Jul 02 06:27:46.324992 2021] [proxy_fcgi:error] [pid 14323:tid 47298811070208] [client 45.146.164.110:53512] AH01071: Got error 'Primary script unknown'
[Fri Jul 02 07:35:27.325371 2021] [proxy_fcgi:error] [pid 14324:tid 47298813171456] [client 185.191.34.215:40780] AH01071: Got error 'Primary script unknown'
[Fri Jul 02 10:58:50.469907 2021] [proxy_fcgi:error] [pid 14328:tid 47298819475200] [client 185.191.171.42:55272] AH01071: Got error 'Primary script unknown'
[Fri Jul 02 12:19:40.186129 2021] [proxy_fcgi:error] [pid 14327:tid 47298819475200] [client 62.221.254.190:52756] AH01071: Got error 'Primary script unknown'
[Fri Jul 02 16:34:36.784598 2021] [proxy_fcgi:error] [pid 14327:tid 47298829981440] [client 185.191.171.39:42090] AH01071: Got error 'Primary script unknown'
[Fri Jul 02 18:19:24.396196 2021] [proxy_fcgi:error] [pid 14324:tid 47298846791424] [client 185.191.171.40:56306] AH01071: Got error 'Primary script unknown'
[Fri Jul 02 20:10:16.309499 2021] [proxy_fcgi:error] [pid 14324:tid 47298848892672] [client 185.191.171.34:46176] AH01071: Got error 'Primary script unknown'
[Fri Jul 02 22:01:47.998484 2021] [proxy_fcgi:error] [pid 14327:tid 47298848892672] [client 45.146.164.110:49038] AH01071: Got error 'Primary script unknown'
[Sat Jul 03 01:28:09.121268 2021] [proxy_fcgi:error] [pid 14327:tid 47298855196416] [client 65.21.144.182:59962] AH01071: Got error 'Primary script unknown'
[Sat Jul 03 02:01:49.595506 2021] [proxy_fcgi:error] [pid 14327:tid 47298861500160] [client 185.191.34.215:56418] AH01071: Got error 'Primary script unknown'
[Sat Jul 03 03:57:46.240989 2021] [proxy_fcgi:error] [pid 14324:tid 47298840487680] [client 185.191.171.35:53352] AH01071: Got error 'Primary script unknown'
[Sat Jul 03 07:14:29.936506 2021] [cgid:error] [pid 14324:tid 47298811070208] [client 128.14.209.162:59046] AH01264: script not found or unable to stat: /home/urbanovitalinoad/public_html/cgi-bin/config.exp
[Sat Jul 03 11:19:52.641748 2021] [proxy_fcgi:error] [pid 14327:tid 47298823677696] [client 45.146.164.110:33872] AH01071: Got error 'Primary script unknown'
[Sat Jul 03 11:24:16.754669 2021] [proxy_fcgi:error] [pid 14324:tid 47298829981440] [client 135.181.146.23:38578] AH01071: Got error 'Primary script unknown'
[Sat Jul 03 13:34:18.611366 2021] [proxy_fcgi:error] [pid 14328:tid 47298855196416] [client 45.40.135.39:33414] AH01071: Got error 'Primary script unknown'
[Sat Jul 03 20:53:15.856909 2021] [proxy_fcgi:error] [pid 14328:tid 47298859398912] [client 185.191.171.3:35010] AH01071: Got error 'Primary script unknown'
[Sat Jul 03 22:22:39.070105 2021] [cgid:error] [pid 14324:tid 47298836285184] [client 154.30.49.158:16999] AH01264: script not found or unable to stat: /var/www/html/menu.pl
[Sat Jul 03 22:50:53.771122 2021] [proxy_fcgi:error] [pid 14324:tid 47298832082688] [client 185.191.34.215:47566] AH01071: Got error 'Primary script unknown'
[Sun Jul 04 07:25:58.907705 2021] [proxy_fcgi:error] [pid 14324:tid 47298853095168] [client 45.146.164.110:56188] AH01071: Got error 'Primary script unknown'
[Sun Jul 04 10:31:30.518231 2021] [proxy_fcgi:error] [pid 14327:tid 47298846791424] [client 157.55.39.60:53888] AH01071: Got error 'Primary script unknown'
[Sun Jul 04 11:38:04.188082 2021] [proxy_fcgi:error] [pid 14327:tid 47298834183936] [client 36.89.251.105:46060] AH01071: Got error 'Primary script unknown'
[Sun Jul 04 15:09:09.865610 2021] [proxy_fcgi:error] [pid 14324:tid 47298857297664] [client 185.191.34.215:58790] AH01071: Got error 'Primary script unknown'
[Sun Jul 04 16:05:12.246438 2021] [proxy_fcgi:error] [pid 14328:tid 47298859398912] [client 40.77.167.79:2496] AH01071: Got error 'Primary script unknown'
[Sun Jul 04 16:59:46.064169 2021] [proxy_fcgi:error] [pid 14328:tid 47298834183936] [client 20.97.4.183:56351] AH01071: Got error 'Primary script unknown'
[Sun Jul 04 21:30:34.533108 2021] [proxy_fcgi:error] [pid 14323:tid 47298836285184] [client 45.146.164.110:56018] AH01071: Got error 'Primary script unknown'
[Sun Jul 04 22:12:20.590016 2021] [proxy_fcgi:error] [pid 14324:tid 47298834183936] [client 185.191.34.215:55458] AH01071: Got error 'Primary script unknown'
[Mon Jul 05 00:20:34.853626 2021] [proxy_fcgi:error] [pid 14327:tid 47298823677696] [client 178.239.198.116:21837] AH01071: Got error 'Primary script unknown'
[Mon Jul 05 00:20:34.973284 2021] [proxy_fcgi:error] [pid 14327:tid 47298825778944] [client 178.239.198.116:21837] AH01071: Got error 'Primary script unknown'
[Mon Jul 05 01:37:31.687191 2021] [proxy_fcgi:error] [pid 14327:tid 47298829981440] [client 142.93.131.65:40538] AH01071: Got error 'Primary script unknown'
[Mon Jul 05 01:37:31.687999 2021] [proxy_fcgi:error] [pid 14324:tid 47298813171456] [client 142.93.131.65:40540] AH01071: Got error 'Primary script unknown'
[Mon Jul 05 03:22:03.721635 2021] [proxy_fcgi:error] [pid 14323:tid 47298836285184] [client 185.191.34.215:47264] AH01071: Got error 'Primary script unknown'
[Mon Jul 05 04:26:38.286324 2021] [mpm_event:notice] [pid 14316:tid 47298573550656] AH00493: SIGUSR1 received.  Doing graceful restart
[Mon Jul 05 04:26:38.562304 2021] [mpm_event:notice] [pid 14316:tid 47298573550656] AH00489: Apache/2.4.48 (cPanel) OpenSSL/1.1.1k mod_bwlimited/1.4 configured -- resuming normal operations
[Mon Jul 05 04:26:38.562413 2021] [core:notice] [pid 14316:tid 47298573550656] AH00094: Command line: '/usr/sbin/httpd'
[Mon Jul 05 09:05:06.669179 2021] [proxy_fcgi:error] [pid 6981:tid 47298857297664] [client 185.191.34.215:58892] AH01071: Got error 'Primary script unknown'
[Mon Jul 05 09:34:20.176171 2021] [proxy_fcgi:error] [pid 6982:tid 47298857297664] [client 158.69.170.60:53865] AH01071: Got error 'Primary script unknown'
[Mon Jul 05 17:05:32.751862 2021] [proxy_fcgi:error] [pid 6985:tid 47298846791424] [client 40.77.167.7:1984] AH01071: Got error 'Primary script unknown'
[Mon Jul 05 18:43:55.641252 2021] [proxy_fcgi:error] [pid 6982:tid 47298857297664] [client 40.77.167.79:3712] AH01071: Got error 'Primary script unknown'
[Mon Jul 05 19:25:53.804534 2021] [proxy_fcgi:error] [pid 6981:tid 47298823677696] [client 185.191.34.215:55902] AH01071: Got error 'Primary script unknown'
[Mon Jul 05 19:53:24.369197 2021] [proxy_fcgi:error] [pid 6981:tid 47298842588928] [client 45.146.164.110:48428] AH01071: Got error 'Primary script unknown'
[Mon Jul 05 21:10:03.727172 2021] [proxy_fcgi:error] [pid 6985:tid 47298834183936] [client 185.191.34.215:43800] AH01071: Got error 'Primary script unknown'
[Mon Jul 05 21:59:06.506314 2021] [proxy_fcgi:error] [pid 6981:tid 47298827880192] [client 157.55.39.184:35840] AH01071: Got error 'Primary script unknown'
[Mon Jul 05 23:08:42.038544 2021] [proxy_fcgi:error] [pid 6982:tid 47298832082688] [client 157.55.39.184:36160] AH01071: Got error 'Primary script unknown'
[Tue Jul 06 03:18:08.212106 2021] [proxy_fcgi:error] [pid 6981:tid 47298834183936] [client 65.21.94.204:33432] AH01071: Got error 'Primary script unknown'
[Tue Jul 06 04:23:14.458847 2021] [mpm_event:notice] [pid 14316:tid 47298573550656] AH00493: SIGUSR1 received.  Doing graceful restart
[Tue Jul 06 04:23:14.986098 2021] [mpm_event:notice] [pid 14316:tid 47298573550656] AH00489: Apache/2.4.48 (cPanel) OpenSSL/1.1.1k mod_bwlimited/1.4 configured -- resuming normal operations
[Tue Jul 06 04:23:14.986197 2021] [core:notice] [pid 14316:tid 47298573550656] AH00094: Command line: '/usr/sbin/httpd'
[Tue Jul 06 05:10:58.061220 2021] [proxy_fcgi:error] [pid 11529:tid 47298836285184] [client 193.70.122.67:47315] AH01071: Got error 'Primary script unknown'
[Tue Jul 06 05:32:54.450749 2021] [cgid:error] [pid 11530:tid 47298819475200] [client 154.89.5.18:41750] AH01264: script not found or unable to stat: /usr/local/cpanel/cgi-sys/favicon.ico
[Tue Jul 06 06:42:39.394792 2021] [proxy_fcgi:error] [pid 11529:tid 47298829981440] [client 193.176.85.78:60730] AH01071: Got error 'Primary script unknown'
[Tue Jul 06 06:42:39.794883 2021] [proxy_fcgi:error] [pid 11529:tid 47298827880192] [client 193.176.85.78:33258] AH01071: Got error 'Primary script unknown'
[Tue Jul 06 09:39:38.320050 2021] [proxy_fcgi:error] [pid 11529:tid 47298825778944] [client 185.191.34.215:46256] AH01071: Got error 'Primary script unknown'
[Tue Jul 06 09:59:10.301940 2021] [proxy_fcgi:error] [pid 11531:tid 47298811070208] [client 45.146.164.110:47576] AH01071: Got error 'Primary script unknown'
[Tue Jul 06 10:43:38.711567 2021] [proxy_fcgi:error] [pid 11531:tid 47298859398912] [client 92.53.96.115:48126] AH01071: Got error 'Primary script unknown'
[Tue Jul 06 17:27:14.491089 2021] [proxy_fcgi:error] [pid 11531:tid 47298836285184] [client 23.228.109.147:15749] AH01071: Got error 'Primary script unknown', referer: http://www.google.com/
[Wed Jul 07 02:42:26.816698 2021] [ssl:error] [pid 11531:tid 47298827880192] [client 45.72.55.31:49481] AH02031: Hostname ip113.ip-51-161-122.net provided via SNI, but no hostname provided in HTTP request
[Wed Jul 07 03:06:26.789125 2021] [proxy_fcgi:error] [pid 11529:tid 47298832082688] [client 23.228.109.147:7258] AH01071: Got error 'Primary script unknown', referer: http://www.google.com/
[Wed Jul 07 03:06:26.845433 2021] [proxy_fcgi:error] [pid 11529:tid 47298823677696] [client 23.228.109.147:7366] AH01071: Got error 'Primary script unknown', referer: http://www.google.com/
[Wed Jul 07 03:06:26.862533 2021] [proxy_fcgi:error] [pid 11529:tid 47298848892672] [client 23.228.109.147:7433] AH01071: Got error 'Primary script unknown', referer: http://www.google.com/
[Wed Jul 07 06:32:39.457221 2021] [proxy_fcgi:error] [pid 11529:tid 47298832082688] [client 65.21.129.84:54234] AH01071: Got error 'Primary script unknown'
[Wed Jul 07 06:32:39.932215 2021] [proxy_fcgi:error] [pid 11529:tid 47298811070208] [client 65.21.129.84:54234] AH01071: Got error 'Primary script unknown'
[Wed Jul 07 06:32:40.004226 2021] [proxy_fcgi:error] [pid 11529:tid 47298821576448] [client 65.21.129.84:54230] AH01071: Got error 'Primary script unknown'
[Wed Jul 07 06:32:40.041846 2021] [proxy_fcgi:error] [pid 11529:tid 47298819475200] [client 65.21.129.84:54297] AH01071: Got error 'Primary script unknown'
[Wed Jul 07 06:32:40.175866 2021] [proxy_fcgi:error] [pid 11529:tid 47298827880192] [client 65.21.129.84:54234] AH01071: Got error 'Primary script unknown'
[Wed Jul 07 06:32:40.293618 2021] [proxy_fcgi:error] [pid 11530:tid 47298834183936] [client 65.21.129.84:54338] AH01071: Got error 'Primary script unknown'
[Wed Jul 07 08:40:56.939468 2021] [proxy_fcgi:error] [pid 11529:tid 47298838386432] [client 45.146.164.110:34870] AH01071: Got error 'Primary script unknown'
[Wed Jul 07 08:50:56.097494 2021] [proxy_fcgi:error] [pid 11528:tid 47298850993920] [client 185.191.34.215:38718] AH01071: Got error 'Primary script unknown'
[Wed Jul 07 10:15:59.573246 2021] [ssl:error] [pid 11530:tid 47298825778944] [client 34.201.149.212:34032] AH02042: rejecting client initiated renegotiation
[Wed Jul 07 12:11:51.773400 2021] [proxy_fcgi:error] [pid 11529:tid 47298825778944] [client 185.191.34.215:33102] AH01071: Got error 'Primary script unknown'
[Wed Jul 07 13:44:35.661588 2021] [core:error] [pid 11529:tid 47298813171456] (36)File name too long: [client 194.195.246.98:59708] AH00036: access to /3000D00E0000FFFF3F0031313744373731343634304537353046007A7A7A7A7A7A7A7A7A7A7A7A7A7A7A0000000000000000000000000000000000000000000000000000000000000000000000000000000000000000000001000008047A7A7A7A7A7A7A7A7A0000000000000000000000000000000000000000000000000000000000000000 failed (filesystem path '/var/www/html/3000D00E0000FFFF3F0031313744373731343634304537353046007A7A7A7A7A7A7A7A7A7A7A7A7A7A7A0000000000000000000000000000000000000000000000000000000000000000000000000000000000000000000001000008047A7A7A7A7A7A7A7A7A0000000000000000000000000000000000000000000000000000000000000000')
[Wed Jul 07 13:44:36.686223 2021] [core:error] [pid 11531:tid 47298855196416] (36)File name too long: [client 172.105.61.193:33158] AH00036: access to /3000D00E0000FFFF3F0031313744373731343634304537353046007A7A7A7A7A7A7A7A7A7A7A7A7A7A7A0000000000000000000000000000000000000000000000000000000000000000000000000000000000000000000001000008047A7A7A7A7A7A7A7A7A0000000000000000000000000000000000000000000000000000000000000000 failed (filesystem path '/var/www/html/3000D00E0000FFFF3F0031313744373731343634304537353046007A7A7A7A7A7A7A7A7A7A7A7A7A7A7A0000000000000000000000000000000000000000000000000000000000000000000000000000000000000000000001000008047A7A7A7A7A7A7A7A7A0000000000000000000000000000000000000000000000000000000000000000')
[Wed Jul 07 13:44:36.730314 2021] [core:error] [pid 11532:tid 47298832082688] (36)File name too long: [client 143.244.171.164:45370] AH00036: access to /3000D00E0000FFFF3F0031313744373731343634304537353046007A7A7A7A7A7A7A7A7A7A7A7A7A7A7A0000000000000000000000000000000000000000000000000000000000000000000000000000000000000000000001000008047A7A7A7A7A7A7A7A7A0000000000000000000000000000000000000000000000000000000000000000 failed (filesystem path '/var/www/html/3000D00E0000FFFF3F0031313744373731343634304537353046007A7A7A7A7A7A7A7A7A7A7A7A7A7A7A0000000000000000000000000000000000000000000000000000000000000000000000000000000000000000000001000008047A7A7A7A7A7A7A7A7A0000000000000000000000000000000000000000000000000000000000000000')
[Wed Jul 07 16:40:46.529093 2021] [proxy_fcgi:error] [pid 11529:tid 47298834183936] [client 185.114.245.107:56582] AH01071: Got error 'Primary script unknown'
[Wed Jul 07 16:40:46.529089 2021] [proxy_fcgi:error] [pid 11529:tid 47298821576448] [client 185.114.245.107:56580] AH01071: Got error 'Primary script unknown'
[Wed Jul 07 20:45:46.376671 2021] [core:error] [pid 11532:tid 47298832082688] (36)File name too long: [client 194.195.246.98:43856] AH00036: access to /3000D00E0000FFFF3F0031313744373731343634304537353046007A7A7A7A7A7A7A7A7A7A7A7A7A7A7A0000000000000000000000000000000000000000000000000000000000000000000000000000000000000000000001000008047A7A7A7A7A7A7A7A7A0000000000000000000000000000000000000000000000000000000000000000 failed (filesystem path '/var/www/html/3000D00E0000FFFF3F0031313744373731343634304537353046007A7A7A7A7A7A7A7A7A7A7A7A7A7A7A0000000000000000000000000000000000000000000000000000000000000000000000000000000000000000000001000008047A7A7A7A7A7A7A7A7A0000000000000000000000000000000000000000000000000000000000000000')
[Wed Jul 07 20:45:47.196588 2021] [core:error] [pid 11529:tid 47298813171456] (36)File name too long: [client 194.195.240.247:56406] AH00036: access to /3000D00E0000FFFF3F0031313744373731343634304537353046007A7A7A7A7A7A7A7A7A7A7A7A7A7A7A0000000000000000000000000000000000000000000000000000000000000000000000000000000000000000000001000008047A7A7A7A7A7A7A7A7A0000000000000000000000000000000000000000000000000000000000000000 failed (filesystem path '/var/www/html/3000D00E0000FFFF3F0031313744373731343634304537353046007A7A7A7A7A7A7A7A7A7A7A7A7A7A7A0000000000000000000000000000000000000000000000000000000000000000000000000000000000000000000001000008047A7A7A7A7A7A7A7A7A0000000000000000000000000000000000000000000000000000000000000000')
[Wed Jul 07 20:45:50.231218 2021] [core:error] [pid 11531:tid 47298836285184] (36)File name too long: [client 172.104.51.81:40354] AH00036: access to /3000D00E0000FFFF3F0031313744373731343634304537353046007A7A7A7A7A7A7A7A7A7A7A7A7A7A7A0000000000000000000000000000000000000000000000000000000000000000000000000000000000000000000001000008047A7A7A7A7A7A7A7A7A0000000000000000000000000000000000000000000000000000000000000000 failed (filesystem path '/var/www/html/3000D00E0000FFFF3F0031313744373731343634304537353046007A7A7A7A7A7A7A7A7A7A7A7A7A7A7A0000000000000000000000000000000000000000000000000000000000000000000000000000000000000000000001000008047A7A7A7A7A7A7A7A7A0000000000000000000000000000000000000000000000000000000000000000')
[Wed Jul 07 20:45:52.427998 2021] [core:error] [pid 11528:tid 47298813171456] (36)File name too long: [client 172.104.51.81:40364] AH00036: access to /3000D00E0000FFFF3F0031313744373731343634304537353046007A7A7A7A7A7A7A7A7A7A7A7A7A7A7A0000000000000000000000000000000000000000000000000000000000000000000000000000000000000000000001000008047A7A7A7A7A7A7A7A7A0000000000000000000000000000000000000000000000000000000000000000 failed (filesystem path '/var/www/html/3000D00E0000FFFF3F0031313744373731343634304537353046007A7A7A7A7A7A7A7A7A7A7A7A7A7A7A0000000000000000000000000000000000000000000000000000000000000000000000000000000000000000000001000008047A7A7A7A7A7A7A7A7A0000000000000000000000000000000000000000000000000000000000000000')
[Thu Jul 08 02:21:51.806757 2021] [proxy_fcgi:error] [pid 11528:tid 47298836285184] [client 45.146.164.110:34304] AH01071: Got error 'Primary script unknown'
[Thu Jul 08 04:26:17.253424 2021] [mpm_event:notice] [pid 14316:tid 47298573550656] AH00493: SIGUSR1 received.  Doing graceful restart
[Thu Jul 08 04:26:17.389962 2021] [mpm_event:notice] [pid 14316:tid 47298573550656] AH00489: Apache/2.4.48 (cPanel) OpenSSL/1.1.1k mod_bwlimited/1.4 configured -- resuming normal operations
[Thu Jul 08 04:26:17.390023 2021] [core:notice] [pid 14316:tid 47298573550656] AH00094: Command line: '/usr/sbin/httpd'
[Thu Jul 08 05:29:52.870660 2021] [proxy_fcgi:error] [pid 25445:tid 47298853095168] [client 143.198.158.199:53528] AH01071: Got error 'Primary script unknown'
[Thu Jul 08 07:04:37.506085 2021] [proxy_fcgi:error] [pid 25444:tid 47298855196416] [client 165.227.129.197:18418] AH01071: Got error 'Primary script unknown'
[Thu Jul 08 10:04:49.045548 2021] [proxy_fcgi:error] [pid 25445:tid 47298823677696] [client 176.123.9.211:54419] AH01071: Got error 'Primary script unknown'
[Thu Jul 08 14:06:24.013962 2021] [proxy_fcgi:error] [pid 25446:tid 47298821576448] [client 45.146.164.110:54626] AH01071: Got error 'Primary script unknown'
[Thu Jul 08 14:48:10.614649 2021] [proxy_fcgi:error] [pid 25445:tid 47298855196416] [client 69.163.251.1:59778] AH01071: Got error 'Primary script unknown'
[Thu Jul 08 16:27:06.405107 2021] [proxy_fcgi:error] [pid 25444:tid 47298817373952] [client 203.159.80.79:55705] AH01071: Got error 'Primary script unknown'
[Thu Jul 08 16:27:15.131628 2021] [proxy_fcgi:error] [pid 25448:tid 47298855196416] [client 203.159.80.79:57025] AH01071: Got error 'Primary script unknown'
[Thu Jul 08 16:27:29.536027 2021] [proxy_fcgi:error] [pid 25447:tid 47298857297664] [client 203.159.80.79:59136] AH01071: Got error 'Primary script unknown\n'
[Thu Jul 08 16:27:33.723073 2021] [proxy_fcgi:error] [pid 25444:tid 47298842588928] [client 203.159.80.79:59912] AH01071: Got error 'Primary script unknown'
[Fri Jul 09 00:46:15.303465 2021] [proxy_fcgi:error] [pid 25444:tid 47298844690176] [client 185.191.34.215:45884] AH01071: Got error 'Primary script unknown'
[Fri Jul 09 00:46:15.304740 2021] [proxy_fcgi:error] [pid 25445:tid 47298813171456] [client 185.191.34.215:45882] AH01071: Got error 'Primary script unknown'
[Fri Jul 09 04:09:57.299202 2021] [proxy_fcgi:error] [pid 25444:tid 47298848892672] [client 185.191.34.215:40326] AH01071: Got error 'Primary script unknown'
[Fri Jul 09 08:07:30.681306 2021] [proxy_fcgi:error] [pid 25444:tid 47298834183936] [client 45.146.164.110:50712] AH01071: Got error 'Primary script unknown'
[Fri Jul 09 08:41:23.397711 2021] [proxy_fcgi:error] [pid 25444:tid 47298821576448] (70007)The timeout specified has expired: [client 203.159.80.79:50930] AH01075: Error dispatching request to : (polling)
[Fri Jul 09 09:42:31.493963 2021] [proxy_fcgi:error] [pid 25444:tid 47298832082688] [client 185.191.34.215:60984] AH01071: Got error 'Primary script unknown'
[Fri Jul 09 12:20:57.942165 2021] [proxy_fcgi:error] [pid 25444:tid 47298823677696] [client 31.202.101.40:16630] AH01071: Got error 'Primary script unknown'
[Fri Jul 09 12:20:58.071653 2021] [proxy_fcgi:error] [pid 25444:tid 47298817373952] [client 31.202.101.40:16630] AH01071: Got error 'Primary script unknown'
[Fri Jul 09 13:08:31.907775 2021] [proxy_fcgi:error] [pid 25444:tid 47298823677696] [client 178.128.51.162:41082] AH01071: Got error 'Primary script unknown'
[Sat Jul 10 01:06:16.342366 2021] [proxy_fcgi:error] [pid 25447:tid 47298813171456] [client 45.146.164.110:56658] AH01071: Got error 'Primary script unknown'
[Sat Jul 10 01:31:36.136429 2021] [proxy_fcgi:error] [pid 25445:tid 47298811070208] [client 51.15.19.181:56458] AH01071: Got error 'Primary script unknown'
[Sat Jul 10 17:43:56.492721 2021] [proxy_fcgi:error] [pid 25448:tid 47298832082688] [client 51.15.227.109:35226] AH01071: Got error 'Primary script unknown', referer: http://urbanovitalino.adv.br/
[Sat Jul 10 18:48:19.108172 2021] [proxy_fcgi:error] [pid 25444:tid 47298832082688] [client 185.191.34.215:46046] AH01071: Got error 'Primary script unknown'
[Sat Jul 10 21:24:04.949145 2021] [proxy_fcgi:error] [pid 25444:tid 47298819475200] [client 162.214.54.112:43506] AH01071: Got error 'Primary script unknown\n'
[Sat Jul 10 21:24:04.950827 2021] [proxy_fcgi:error] [pid 25445:tid 47298850993920] [client 162.214.54.112:43508] AH01071: Got error 'Primary script unknown\n'
[Sat Jul 10 22:17:01.190205 2021] [proxy_fcgi:error] [pid 25445:tid 47298823677696] [client 89.41.176.247:34118] AH01071: Got error 'Primary script unknown'
[Sat Jul 10 22:17:01.190293 2021] [proxy_fcgi:error] [pid 25445:tid 47298850993920] [client 89.41.176.247:34116] AH01071: Got error 'Primary script unknown'
[Sat Jul 10 23:48:39.590055 2021] [proxy_fcgi:error] [pid 25444:tid 47298857297664] [client 45.146.164.110:55508] AH01071: Got error 'Primary script unknown'
[Sun Jul 11 02:41:26.258699 2021] [proxy_fcgi:error] [pid 25445:tid 47298832082688] [client 14.200.1.238:47040] AH01071: Got error 'Primary script unknown'
[Sun Jul 11 07:06:23.973252 2021] [proxy_fcgi:error] [pid 25444:tid 47298842588928] [client 185.191.34.215:47780] AH01071: Got error 'Primary script unknown'
[Sun Jul 11 14:35:50.069565 2021] [proxy_fcgi:error] [pid 25445:tid 47298859398912] [client 45.146.164.110:55804] AH01071: Got error 'Primary script unknown'
[Sun Jul 11 15:01:26.908408 2021] [proxy_fcgi:error] [pid 25445:tid 47298861500160] [client 166.62.86.117:55828] AH01071: Got error 'Primary script unknown'
[Sun Jul 11 15:01:26.909650 2021] [proxy_fcgi:error] [pid 25445:tid 47298857297664] [client 166.62.86.117:55834] AH01071: Got error 'Primary script unknown'
[Sun Jul 11 15:01:26.910641 2021] [proxy_fcgi:error] [pid 25446:tid 47298813171456] [client 166.62.86.117:55832] AH01071: Got error 'Primary script unknown'
[Sun Jul 11 15:01:26.911239 2021] [proxy_fcgi:error] [pid 25448:tid 47298850993920] [client 166.62.86.117:55830] AH01071: Got error 'Primary script unknown'
[Sun Jul 11 15:01:27.284387 2021] [proxy_fcgi:error] [pid 25444:tid 47298827880192] [client 166.62.86.117:55878] AH01071: Got error 'Primary script unknown'
[Sun Jul 11 15:01:27.285710 2021] [proxy_fcgi:error] [pid 25448:tid 47298815272704] [client 166.62.86.117:55880] AH01071: Got error 'Primary script unknown'
[Sun Jul 11 15:01:27.286254 2021] [proxy_fcgi:error] [pid 25448:tid 47298853095168] [client 166.62.86.117:55884] AH01071: Got error 'Primary script unknown'
[Sun Jul 11 15:01:27.286541 2021] [proxy_fcgi:error] [pid 25447:tid 47298842588928] [client 166.62.86.117:55882] AH01071: Got error 'Primary script unknown'
[Sun Jul 11 15:01:27.287164 2021] [proxy_fcgi:error] [pid 25448:tid 47298819475200] [client 166.62.86.117:55885] AH01071: Got error 'Primary script unknown'
[Mon Jul 12 06:10:39.759942 2021] [proxy_fcgi:error] [pid 25444:tid 47298827880192] [client 185.191.34.215:42832] AH01071: Got error 'Primary script unknown'
[Mon Jul 12 11:35:00.756792 2021] [core:error] [pid 25447:tid 47298827880192] (36)File name too long: [client 138.68.141.204:39730] AH00036: access to /3000D00E0000FFFF3F0031313744373731343634304537353046007A7A7A7A7A7A7A7A7A7A7A7A7A7A7A0000000000000000000000000000000000000000000000000000000000000000000000000000000000000000000001000008047A7A7A7A7A7A7A7A7A0000000000000000000000000000000000000000000000000000000000000000 failed (filesystem path '/var/www/html/3000D00E0000FFFF3F0031313744373731343634304537353046007A7A7A7A7A7A7A7A7A7A7A7A7A7A7A0000000000000000000000000000000000000000000000000000000000000000000000000000000000000000000001000008047A7A7A7A7A7A7A7A7A0000000000000000000000000000000000000000000000000000000000000000')
[Mon Jul 12 13:48:38.510520 2021] [proxy_fcgi:error] [pid 25447:tid 47298853095168] [client 45.146.164.110:54212] AH01071: Got error 'Primary script unknown'
[Mon Jul 12 13:57:54.876371 2021] [proxy_fcgi:error] [pid 25447:tid 47298834183936] [client 122.116.248.74:55252] AH01071: Got error 'Primary script unknown'
[Mon Jul 12 13:57:54.877654 2021] [proxy_fcgi:error] [pid 25444:tid 47298811070208] [client 122.116.248.74:55250] AH01071: Got error 'Primary script unknown'
[Tue Jul 13 03:24:04.924165 2021] [proxy_fcgi:error] [pid 25448:tid 47298853095168] [client 185.191.34.215:51100] AH01071: Got error 'Primary script unknown'
[Tue Jul 13 03:38:51.684254 2021] [proxy_fcgi:error] [pid 25447:tid 47298861500160] [client 45.146.164.110:34110] AH01071: Got error 'Primary script unknown'
[Tue Jul 13 09:41:59.748106 2021] [ssl:error] [pid 25446:tid 47298850993920] [client 18.207.248.79:35754] AH02042: rejecting client initiated renegotiation
[Tue Jul 13 11:57:06.409368 2021] [proxy_fcgi:error] [pid 25448:tid 47298855196416] [client 185.191.34.215:35416] AH01071: Got error 'Primary script unknown'
[Tue Jul 13 16:02:34.658918 2021] [proxy_fcgi:error] [pid 25444:tid 47298821576448] [client 40.77.167.79:2816] AH01071: Got error 'Primary script unknown'
[Tue Jul 13 17:49:05.114328 2021] [proxy_fcgi:error] [pid 25447:tid 47298832082688] [client 40.77.167.79:2624] AH01071: Got error 'Primary script unknown'
[Tue Jul 13 17:57:05.531684 2021] [proxy_fcgi:error] [pid 25447:tid 47298861500160] [client 207.46.13.67:17792] AH01071: Got error 'Primary script unknown'
[Tue Jul 13 19:33:31.439435 2021] [proxy_fcgi:error] [pid 25446:tid 47298850993920] [client 45.146.164.110:44120] AH01071: Got error 'Primary script unknown'
[Wed Jul 14 02:35:52.679305 2021] [proxy_fcgi:error] [pid 25446:tid 47298827880192] [client 157.55.39.172:4480] AH01071: Got error 'Primary script unknown'
[Wed Jul 14 04:22:46.554513 2021] [proxy_fcgi:error] [pid 25444:tid 47298829981440] [client 139.59.224.201:43614] AH01071: Got error 'Primary script unknown'
[Wed Jul 14 08:24:15.750481 2021] [proxy_fcgi:error] [pid 25444:tid 47298842588928] [client 185.191.34.215:53764] AH01071: Got error 'Primary script unknown'
[Wed Jul 14 09:57:58.314552 2021] [cgid:error] [pid 25444:tid 47298840487680] [client 195.10.212.137:4321] AH01264: script not found or unable to stat: /var/www/html/dnslookup.cgi
[Wed Jul 14 12:59:07.011377 2021] [proxy_fcgi:error] [pid 22679:tid 47298853095168] [client 45.146.164.110:48840] AH01071: Got error 'Primary script unknown'
