[Sat Mar 07 14:06:36.021445 2020] [cgid:error] [pid 17823:tid 47144965457664] [client 207.46.13.111:10866] AH01265: attempt to invoke directory as script: /home/urbanovitalinoad/public_html/cgi-bin/
[Sat Mar 07 14:56:47.901596 2020] [proxy_fcgi:error] [pid 17822:tid 47144938141440] [client 66.249.66.193:41249] AH01071: Got error 'Primary script unknown\n'
[Sat Mar 07 16:17:01.880450 2020] [proxy_fcgi:error] [pid 17823:tid 47144944445184] [client 66.249.66.196:54670] AH01071: Got error 'Primary script unknown\n'
[Sat Mar 07 16:19:54.184223 2020] [proxy_fcgi:error] [pid 7722:tid 47144952850176] [client 37.59.52.44:39828] AH01071: Got error 'Primary script unknown\n'
[Sat Mar 07 22:25:00.814677 2020] [cgid:error] [pid 7722:tid 47144938141440] [client 54.36.150.189:15728] AH01265: attempt to invoke directory as script: /home/urbanovitalinoad/public_html/cgi-bin/
[Sun Mar 08 03:08:56.441791 2020] [proxy_fcgi:error] [pid 17821:tid 47144963356416] [client 100.43.91.124:40307] AH01071: Got error 'Primary script unknown\n'
[Sun Mar 08 03:49:06.429967 2020] [proxy_fcgi:error] [pid 7722:tid 47144963356416] [client 54.36.150.137:16592] AH01071: Got error 'Primary script unknown\n'
[Sun Mar 08 15:50:08.007551 2020] [proxy_fcgi:error] [pid 17823:tid 47145052800768] [client 87.100.213.15:61070] AH01071: Got error 'Primary script unknown\n'
[Sun Mar 08 15:50:21.863221 2020] [cgid:error] [pid 7722:tid 47144933938944] [client 87.100.213.15:61080] AH01265: attempt to invoke directory as script: /home/urbanovitalinoad/public_html/cgi-bin/, referer: https://pvp.land/
[Sun Mar 08 20:11:35.986383 2020] [proxy_fcgi:error] [pid 7722:tid 47144963356416] [client 141.8.144.10:40337] AH01071: Got error 'Primary script unknown\n'
[Mon Mar 09 01:06:04.497035 2020] [cgid:error] [pid 17823:tid 47144980166400] [client 213.32.122.82:3419] AH01265: attempt to invoke directory as script: /home/urbanovitalinoad/public_html/cgi-bin/
[Mon Mar 09 04:26:14.300849 2020] [mpm_event:notice] [pid 15687:tid 47144721142848] AH00493: SIGUSR1 received.  Doing graceful restart
[Mon Mar 09 04:26:14.601625 2020] [ssl:warn] [pid 15687:tid 47144721142848] AH01909: vps.urbanovitalino.adv.br:443:0 server certificate does NOT include an ID which matches the server name
[Mon Mar 09 04:26:14.602729 2020] [ssl:warn] [pid 15687:tid 47144721142848] AH01909: vps.urbanovitalino.adv.br:443:0 server certificate does NOT include an ID which matches the server name
[Mon Mar 09 04:26:14.627329 2020] [mpm_event:notice] [pid 15687:tid 47144721142848] AH00489: Apache/2.4.41 (cPanel) OpenSSL/1.1.1d mod_bwlimited/1.4 configured -- resuming normal operations
[Mon Mar 09 04:26:14.627388 2020] [core:notice] [pid 15687:tid 47144721142848] AH00094: Command line: '/usr/sbin/httpd'
[Mon Mar 09 11:11:19.645396 2020] [cgid:error] [pid 3584:tid 47144933938944] [client 184.94.240.92:40092] AH01264: script not found or unable to stat: /usr/local/cpanel/cgi-sys/mailto:webmaster@pvp.land
[Mon Mar 09 11:49:02.658738 2020] [proxy_fcgi:error] [pid 3585:tid 47144938141440] [client 66.249.66.196:65009] AH01071: Got error 'Primary script unknown\n', referer: https://pvp.land/threads/media-apply-yunglasko.31/
[Mon Mar 09 11:49:02.981082 2020] [proxy_fcgi:error] [pid 3581:tid 47144936040192] [client 66.249.66.193:59079] AH01071: Got error 'Primary script unknown\n', referer: https://pvp.land/threads/media-apply-yunglasko.31/
[Mon Mar 09 12:19:07.908554 2020] [cgid:error] [pid 3585:tid 47144936040192] [client 184.94.240.92:24729] AH01264: script not found or unable to stat: /usr/local/cpanel/cgi-sys/mailto:webmaster@pvp.land
[Mon Mar 09 15:51:55.880657 2020] [proxy_fcgi:error] [pid 3585:tid 47144940242688] [client 5.101.0.209:43678] AH01071: Got error 'Primary script unknown\n'
[Tue Mar 10 02:37:48.779698 2020] [proxy_fcgi:error] [pid 3585:tid 47144933938944] [client 66.249.66.193:60030] AH01071: Got error 'Primary script unknown\n', referer: https://pvp.land/threads/tribes-kit-guide.26/
[Tue Mar 10 06:28:19.038258 2020] [cgid:error] [pid 3581:tid 47144950748928] [client 184.94.240.92:41232] AH01264: script not found or unable to stat: /usr/local/cpanel/cgi-sys/mailto:webmaster@pvp.land
[Tue Mar 10 07:20:26.959044 2020] [proxy_fcgi:error] [pid 3585:tid 47144959153920] [client 104.129.2.165:59030] AH01071: Got error 'Primary script unknown\n'
[Tue Mar 10 09:10:47.777371 2020] [proxy_fcgi:error] [pid 3582:tid 47144936040192] [client 72.128.132.6:58858] AH01071: Got error 'Primary script unknown\n'
[Tue Mar 10 10:33:15.482169 2020] [proxy_fcgi:error] [pid 3585:tid 47144961255168] [client 173.212.237.40:45536] AH01071: Got error 'Primary script unknown\n'
[Tue Mar 10 12:08:03.607301 2020] [proxy_fcgi:error] [pid 3583:tid 47144957052672] [client 66.249.66.209:57372] AH01071: Got error 'Primary script unknown\n', referer: https://pvp.land/threads/welcome.6/
[Tue Mar 10 12:08:03.949729 2020] [proxy_fcgi:error] [pid 3583:tid 47144940242688] [client 66.249.66.209:57372] AH01071: Got error 'Primary script unknown\n', referer: https://pvp.land/threads/welcome.6/
[Tue Mar 10 12:08:37.578697 2020] [proxy_fcgi:error] [pid 3583:tid 47144959153920] [client 66.249.66.207:39820] AH01071: Got error 'Primary script unknown\n'
[Tue Mar 10 12:08:42.643608 2020] [proxy_fcgi:error] [pid 3581:tid 47144982267648] [client 66.249.66.205:49816] AH01071: Got error 'Primary script unknown\n', referer: https://pvp.land/threads/welcome.6/
[Tue Mar 10 12:17:25.294818 2020] [cgid:error] [pid 3584:tid 47144959153920] [client 169.197.108.42:34646] AH01264: script not found or unable to stat: /home/urbanovitalinoad/public_html/cgi-bin/config.exp
[Tue Mar 10 12:17:46.313959 2020] [proxy_fcgi:error] [pid 3585:tid 47144954951424] [client 66.249.66.207:53097] AH01071: Got error 'Primary script unknown\n'
[Tue Mar 10 13:54:08.558949 2020] [cgid:error] [pid 3584:tid 47144944445184] [client 40.77.167.19:8837] AH01265: attempt to invoke directory as script: /home/urbanovitalinoad/public_html/cgi-bin/
[Tue Mar 10 16:02:50.458416 2020] [proxy_fcgi:error] [pid 3585:tid 47144940242688] [client 66.249.66.209:41610] AH01071: Got error 'Primary script unknown\n', referer: https://pvp.land/threads/pvpland-5th-anniversary-official-now-2020.22/
[Tue Mar 10 16:02:51.448686 2020] [proxy_fcgi:error] [pid 3585:tid 47144952850176] [client 66.249.66.205:49393] AH01071: Got error 'Primary script unknown\n', referer: https://pvp.land/threads/pvpland-5th-anniversary-official-now-2020.22/
[Tue Mar 10 16:02:51.795009 2020] [proxy_fcgi:error] [pid 3585:tid 47144948647680] [client 66.249.66.205:49393] AH01071: Got error 'Primary script unknown\n', referer: https://pvp.land/threads/pvpland-5th-anniversary-official-now-2020.22/
[Tue Mar 10 19:07:50.108279 2020] [proxy_fcgi:error] [pid 3581:tid 47144982267648] [client 5.101.0.209:56880] AH01071: Got error 'Primary script unknown\n'
[Tue Mar 10 22:13:27.251141 2020] [proxy_fcgi:error] [pid 3585:tid 47144963356416] [client 193.106.30.99:48092] AH01071: Got error 'Primary script unknown\n'
[Tue Mar 10 22:20:55.053796 2020] [proxy_fcgi:error] [pid 3584:tid 47144978065152] [client 66.249.66.207:62003] AH01071: Got error 'Primary script unknown\n', referer: https://pvp.land/threads/welcome.6/
[Tue Mar 10 22:20:55.386186 2020] [proxy_fcgi:error] [pid 3584:tid 47144954951424] [client 66.249.66.207:62003] AH01071: Got error 'Primary script unknown\n', referer: https://pvp.land/threads/welcome.6/
[Tue Mar 10 23:26:13.923577 2020] [cgid:error] [pid 3583:tid 47144952850176] [client 54.36.149.53:25652] AH01265: attempt to invoke directory as script: /home/urbanovitalinoad/public_html/cgi-bin/
[Wed Mar 11 00:18:25.605884 2020] [proxy_fcgi:error] [pid 3582:tid 47144971761408] [client 193.106.30.99:50160] AH01071: Got error 'Primary script unknown\n'
[Wed Mar 11 01:24:47.499462 2020] [proxy_fcgi:error] [pid 3585:tid 47144940242688] [client 93.158.166.23:38493] AH01071: Got error 'Primary script unknown\n'
[Wed Mar 11 03:24:49.755881 2020] [proxy_fcgi:error] [pid 3581:tid 47144954951424] [client 66.249.66.209:48719] AH01071: Got error 'Primary script unknown\n'
[Wed Mar 11 03:59:26.405303 2020] [proxy_fcgi:error] [pid 3585:tid 47144946546432] [client 193.106.30.99:52430] AH01071: Got error 'Primary script unknown\n'
[Wed Mar 11 04:21:36.394274 2020] [proxy_fcgi:error] [pid 3581:tid 47144982267648] [client 193.106.30.99:46170] AH01071: Got error 'Primary script unknown\n'
[Wed Mar 11 04:31:08.579209 2020] [mpm_event:notice] [pid 15687:tid 47144721142848] AH00493: SIGUSR1 received.  Doing graceful restart
[Wed Mar 11 04:31:10.727699 2020] [ssl:warn] [pid 15687:tid 47144721142848] AH01909: vps.urbanovitalino.adv.br:443:0 server certificate does NOT include an ID which matches the server name
[Wed Mar 11 04:31:10.755864 2020] [ssl:warn] [pid 15687:tid 47144721142848] AH01909: vps.urbanovitalino.adv.br:443:0 server certificate does NOT include an ID which matches the server name
[Wed Mar 11 04:31:10.956527 2020] [mpm_event:notice] [pid 15687:tid 47144721142848] AH00489: Apache/2.4.41 (cPanel) OpenSSL/1.1.1d mod_bwlimited/1.4 configured -- resuming normal operations
[Wed Mar 11 04:31:10.956579 2020] [core:notice] [pid 15687:tid 47144721142848] AH00094: Command line: '/usr/sbin/httpd'
[Wed Mar 11 07:56:00.344058 2020] [proxy_fcgi:error] [pid 3275:tid 47144982267648] [client 193.106.30.99:55388] AH01071: Got error 'Primary script unknown\n'
[Wed Mar 11 09:35:18.107735 2020] [proxy_fcgi:error] [pid 3277:tid 47144948647680] [client 66.249.66.207:38634] AH01071: Got error 'Primary script unknown\n', referer: https://pvp.land/threads/staff-apply.107/
[Wed Mar 11 12:26:18.802089 2020] [cgid:error] [pid 3273:tid 47144938141440] [client 54.36.148.38:42896] AH01265: attempt to invoke directory as script: /home/urbanovitalinoad/public_html/cgi-bin/
[Wed Mar 11 15:08:34.436783 2020] [proxy_fcgi:error] [pid 3273:tid 47144969660160] [client 193.106.30.99:57756] AH01071: Got error 'Primary script unknown\n'
[Wed Mar 11 15:35:27.569874 2020] [cgid:error] [pid 3274:tid 47144975963904] [client 157.55.39.137:16295] AH01265: attempt to invoke directory as script: /home/urbanovitalinoad/public_html/cgi-bin/
[Wed Mar 11 16:36:10.172623 2020] [proxy_fcgi:error] [pid 3274:tid 47144969660160] [client 193.106.30.99:56212] AH01071: Got error 'Primary script unknown\n'
[Wed Mar 11 18:38:55.471131 2020] [proxy_fcgi:error] [pid 3274:tid 47144959153920] [client 50.62.176.220:18552] AH01071: Got error 'Primary script unknown\n'
[Wed Mar 11 20:01:01.591956 2020] [proxy_fcgi:error] [pid 3274:tid 47144982267648] [client 193.106.30.99:54190] AH01071: Got error 'Primary script unknown\n'
[Wed Mar 11 20:27:49.463565 2020] [proxy_fcgi:error] [pid 3277:tid 47144942343936] [client 193.106.30.99:57658] AH01071: Got error 'Primary script unknown\n'
[Wed Mar 11 20:56:21.963787 2020] [proxy_fcgi:error] [pid 3277:tid 47144944445184] [client 193.106.30.99:36848] AH01071: Got error 'Primary script unknown\n'
[Wed Mar 11 21:32:27.730236 2020] [proxy_fcgi:error] [pid 3273:tid 47144936040192] [client 40.77.188.163:54802] AH01071: Got error 'Primary script unknown\n'
[Wed Mar 11 21:32:27.748374 2020] [proxy_fcgi:error] [pid 3277:tid 47144963356416] [client 40.77.190.55:1478] AH01071: Got error 'Primary script unknown\n'
[Wed Mar 11 22:20:53.956910 2020] [proxy_fcgi:error] [pid 3276:tid 47144978065152] [client 5.101.0.209:43316] AH01071: Got error 'Primary script unknown\n'
[Wed Mar 11 22:38:13.400974 2020] [proxy_fcgi:error] [pid 3276:tid 47145052800768] [client 195.252.110.149:46822] AH01071: Got error 'Primary script unknown\n'
[Thu Mar 12 00:43:49.230528 2020] [proxy_fcgi:error] [pid 3275:tid 47144936040192] [client 66.249.66.209:37363] AH01071: Got error 'Primary script unknown\n'
[Thu Mar 12 03:15:28.058005 2020] [proxy_fcgi:error] [pid 3273:tid 47144982267648] [client 193.106.30.99:55970] AH01071: Got error 'Primary script unknown\n'
[Thu Mar 12 04:12:16.856029 2020] [proxy_fcgi:error] [pid 3276:tid 47144967558912] [client 220.158.201.40:44396] AH01071: Got error 'Primary script unknown\n'
[Thu Mar 12 04:45:29.350228 2020] [proxy_fcgi:error] [pid 3277:tid 47144952850176] [client 193.106.30.99:59136] AH01071: Got error 'Primary script unknown\n'
[Thu Mar 12 06:04:29.312590 2020] [proxy_fcgi:error] [pid 3273:tid 47144957052672] [client 193.106.30.99:34356] AH01071: Got error 'Primary script unknown\n'
[Thu Mar 12 08:38:30.481068 2020] [proxy_fcgi:error] [pid 3277:tid 47144952850176] [client 193.106.30.99:44404] AH01071: Got error 'Primary script unknown\n'
[Thu Mar 12 12:04:06.437971 2020] [proxy_fcgi:error] [pid 3276:tid 47144938141440] [client 66.249.66.205:61819] AH01071: Got error 'Primary script unknown\n', referer: https://pvp.land/threads/staff-apply.107/
[Thu Mar 12 12:26:42.501825 2020] [proxy_fcgi:error] [pid 3276:tid 47144967558912] [client 193.106.30.99:52000] AH01071: Got error 'Primary script unknown\n'
[Thu Mar 12 13:30:12.053944 2020] [proxy_fcgi:error] [pid 3276:tid 47144961255168] [client 139.99.62.99:49674] AH01071: Got error 'Primary script unknown\n'
[Thu Mar 12 14:18:09.008507 2020] [proxy_fcgi:error] [pid 3273:tid 47144936040192] [client 193.106.30.99:37722] AH01071: Got error 'Primary script unknown\n'
[Thu Mar 12 17:00:00.796102 2020] [cgid:error] [pid 3275:tid 47144973862656] [client 207.46.13.156:13983] AH01265: attempt to invoke directory as script: /home/urbanovitalinoad/public_html/cgi-bin/
[Thu Mar 12 17:10:06.592871 2020] [proxy_fcgi:error] [pid 3276:tid 47144957052672] [client 66.249.66.209:39023] AH01071: Got error 'Primary script unknown\n', referer: https://pvp.land/forums/media-applications.11/
[Thu Mar 12 17:54:37.916765 2020] [proxy_fcgi:error] [pid 3274:tid 47144973862656] [client 193.106.30.99:49392] AH01071: Got error 'Primary script unknown\n'
[Thu Mar 12 19:15:16.459883 2020] [ssl:error] [pid 3276:tid 47144944445184] (101)Network is unreachable: [client 177.40.230.181:51248] AH01974: could not connect to OCSP responder 'ocsp.comodoca.com'
[Thu Mar 12 19:15:16.461457 2020] [ssl:error] [pid 3276:tid 47144944445184] AH01941: stapling_renew_response: responder error
[Thu Mar 12 20:03:10.103072 2020] [proxy_fcgi:error] [pid 3277:tid 47144942343936] [client 162.250.122.146:45154] AH01071: Got error 'Primary script unknown\n'
[Thu Mar 12 21:44:26.135590 2020] [proxy_fcgi:error] [pid 3277:tid 47144938141440] [client 66.249.66.207:56222] AH01071: Got error 'Primary script unknown\n'
[Thu Mar 12 22:31:14.779779 2020] [proxy_fcgi:error] [pid 3277:tid 47144950748928] [client 193.106.30.99:53366] AH01071: Got error 'Primary script unknown\n'
[Fri Mar 13 00:13:31.610694 2020] [proxy_fcgi:error] [pid 3277:tid 47144961255168] [client 66.249.66.205:59275] AH01071: Got error 'Primary script unknown\n', referer: https://pvp.land/threads/media-apply-clickingg.45/
[Fri Mar 13 00:13:31.953091 2020] [proxy_fcgi:error] [pid 3275:tid 47144950748928] [client 66.249.66.209:60877] AH01071: Got error 'Primary script unknown\n', referer: https://pvp.land/threads/media-apply-clickingg.45/
[Fri Mar 13 00:23:50.420305 2020] [proxy_fcgi:error] [pid 3275:tid 47144948647680] [client 66.249.66.207:55371] AH01071: Got error 'Primary script unknown\n'
[Fri Mar 13 00:23:53.542403 2020] [proxy_fcgi:error] [pid 3275:tid 47145052800768] [client 66.249.66.207:55371] AH01071: Got error 'Primary script unknown\n', referer: https://pvp.land/forums/media-applications.11/
[Fri Mar 13 03:25:28.850585 2020] [cgid:error] [pid 3277:tid 47144975963904] [client 66.168.72.121:57640] AH01265: attempt to invoke directory as script: /home/urbanovitalinoad/public_html/cgi-bin/, referer: https://pvp.land/
[Fri Mar 13 03:34:57.496581 2020] [proxy_fcgi:error] [pid 3273:tid 47144971761408] [client 66.249.66.209:40456] AH01071: Got error 'Primary script unknown\n'
[Fri Mar 13 05:38:52.936677 2020] [proxy_fcgi:error] [pid 3273:tid 47144957052672] [client 139.99.68.60:38756] AH01071: Got error 'Primary script unknown\n'
[Fri Mar 13 06:58:17.990841 2020] [proxy_fcgi:error] [pid 3275:tid 47144961255168] [client 193.106.30.99:34166] AH01071: Got error 'Primary script unknown\n'
[Fri Mar 13 08:01:14.050690 2020] [proxy_fcgi:error] [pid 3277:tid 47144980166400] [client 193.106.30.99:47272] AH01071: Got error 'Primary script unknown\n'
[Fri Mar 13 09:50:11.563692 2020] [proxy_fcgi:error] [pid 3277:tid 47144950748928] [client 193.106.30.99:58610] AH01071: Got error 'Primary script unknown\n'
[Fri Mar 13 10:41:25.255405 2020] [ssl:error] [pid 3277:tid 47144948647680] [client 172.104.144.250:46440] AH02042: rejecting client initiated renegotiation
[Fri Mar 13 10:41:41.942838 2020] [proxy_fcgi:error] [pid 3275:tid 47144969660160] [client 51.68.11.227:37066] AH01071: Got error 'Primary script unknown\n'
[Fri Mar 13 11:50:43.180409 2020] [ssl:error] [pid 3273:tid 47144954951424] [client 104.248.142.37:58706] AH02042: rejecting client initiated renegotiation
[Fri Mar 13 12:11:06.365261 2020] [proxy_fcgi:error] [pid 3277:tid 47144957052672] [client 206.189.127.234:43866] AH01071: Got error 'Primary script unknown\n'
[Fri Mar 13 12:19:17.882062 2020] [proxy_fcgi:error] [pid 3276:tid 47144948647680] [client 193.106.30.99:58590] AH01071: Got error 'Primary script unknown\n'
[Fri Mar 13 13:21:46.506239 2020] [proxy_fcgi:error] [pid 3277:tid 47144950748928] [client 185.39.10.73:50745] AH01071: Got error 'Primary script unknown\n'
[Fri Mar 13 13:29:59.900952 2020] [proxy_fcgi:error] [pid 3277:tid 47144948647680] [client 193.106.30.99:39292] AH01071: Got error 'Primary script unknown\n'
[Fri Mar 13 16:40:12.624038 2020] [proxy_fcgi:error] [pid 3273:tid 47144938141440] [client 193.106.30.99:52282] AH01071: Got error 'Primary script unknown\n'
[Fri Mar 13 16:47:37.190762 2020] [core:error] [pid 3274:tid 47144948647680] [client 87.50.135.174:56665] AH00135: Invalid method in request PEDK / HTTP/1.1
[Fri Mar 13 16:47:40.668760 2020] [core:error] [pid 3277:tid 47144933938944] [client 87.50.135.174:56752] AH00135: Invalid method in request WGLG / HTTP/1.1
[Fri Mar 13 18:35:08.860457 2020] [cgid:error] [pid 3276:tid 47145052800768] [client 40.77.167.87:6092] AH01265: attempt to invoke directory as script: /home/urbanovitalinoad/public_html/cgi-bin/
[Fri Mar 13 18:47:33.898622 2020] [proxy_fcgi:error] [pid 3273:tid 47144948647680] [client 193.106.30.99:55800] AH01071: Got error 'Primary script unknown\n'
[Fri Mar 13 19:52:59.764834 2020] [proxy_fcgi:error] [pid 3273:tid 47144965457664] [client 46.252.205.135:50076] AH01071: Got error 'Primary script unknown\n'
[Fri Mar 13 19:53:15.093108 2020] [proxy_fcgi:error] [pid 3273:tid 47144952850176] [client 193.106.30.99:53082] AH01071: Got error 'Primary script unknown\n'
[Fri Mar 13 20:36:47.447819 2020] [proxy_fcgi:error] [pid 3275:tid 47144933938944] [client 193.106.30.99:58720] AH01071: Got error 'Primary script unknown\n'
[Fri Mar 13 21:37:30.297551 2020] [proxy_fcgi:error] [pid 3273:tid 47144975963904] [client 193.106.30.99:55218] AH01071: Got error 'Primary script unknown\n'
[Fri Mar 13 23:38:19.111576 2020] [proxy_fcgi:error] [pid 3277:tid 47144942343936] [client 193.106.30.99:59818] AH01071: Got error 'Primary script unknown\n'
[Sat Mar 14 00:45:26.610494 2020] [proxy_fcgi:error] [pid 3273:tid 47144944445184] [client 186.64.118.10:46352] AH01071: Got error 'Primary script unknown\n'
[Sat Mar 14 00:46:08.876629 2020] [proxy_fcgi:error] [pid 3273:tid 47144965457664] [client 186.64.118.10:46636] AH01071: Got error 'Primary script unknown\n'
[Sat Mar 14 00:46:50.798027 2020] [proxy_fcgi:error] [pid 3277:tid 47144969660160] [client 186.64.118.10:46994] AH01071: Got error 'Primary script unknown\n'
[Sat Mar 14 01:41:52.029818 2020] [proxy_fcgi:error] [pid 3273:tid 47144936040192] [client 5.101.0.209:60070] AH01071: Got error 'Primary script unknown\n'
[Sat Mar 14 02:08:18.923824 2020] [proxy_fcgi:error] [pid 3276:tid 47144969660160] [client 193.106.30.99:54626] AH01071: Got error 'Primary script unknown\n'
[Sat Mar 14 04:52:18.767125 2020] [proxy_fcgi:error] [pid 3277:tid 47144948647680] [client 193.106.30.99:53156] AH01071: Got error 'Primary script unknown\n'
[Sat Mar 14 09:04:45.447592 2020] [proxy_fcgi:error] [pid 3277:tid 47145052800768] [client 192.99.15.15:51007] AH01071: Got error 'Primary script unknown\n'
[Sat Mar 14 10:43:30.150086 2020] [proxy_fcgi:error] [pid 3273:tid 47144975963904] [client 54.36.149.99:47952] AH01071: Got error 'Primary script unknown\n'
[Sat Mar 14 10:48:48.008158 2020] [proxy_fcgi:error] [pid 3275:tid 47144980166400] [client 66.249.66.209:38404] AH01071: Got error 'Primary script unknown\n', referer: https://pvp.land/threads/media-apply-yunglasko.31/
[Sat Mar 14 12:10:07.892379 2020] [proxy_fcgi:error] [pid 3273:tid 47144963356416] [client 193.106.30.99:52512] AH01071: Got error 'Primary script unknown\n'
[Sat Mar 14 13:11:46.231684 2020] [proxy_fcgi:error] [pid 3273:tid 47144982267648] [client 67.225.141.93:47674] AH01071: Got error 'Primary script unknown\n'
[Sat Mar 14 18:58:15.132513 2020] [proxy_fcgi:error] [pid 3277:tid 47144936040192] [client 193.106.30.99:47446] AH01071: Got error 'Primary script unknown\n'
[Sat Mar 14 19:41:29.833957 2020] [proxy_fcgi:error] [pid 3273:tid 47144965457664] [client 89.46.105.183:31496] AH01071: Got error 'Primary script unknown\n'
[Sat Mar 14 19:56:25.973785 2020] [proxy_fcgi:error] [pid 3277:tid 47144978065152] [client 40.77.167.181:7045] AH01071: Got error 'Primary script unknown\n'
[Sat Mar 14 20:00:01.572370 2020] [cgid:error] [pid 3275:tid 47144975963904] [client 40.77.167.181:4996] AH01265: attempt to invoke directory as script: /home/urbanovitalinoad/public_html/cgi-bin/
[Sat Mar 14 20:28:45.845117 2020] [proxy_fcgi:error] [pid 3277:tid 47144946546432] [client 193.106.30.99:42636] AH01071: Got error 'Primary script unknown\n'
[Sun Mar 15 06:21:35.593127 2020] [proxy_fcgi:error] [pid 3277:tid 47144944445184] [client 5.101.0.209:47882] AH01071: Got error 'Primary script unknown\n'
[Sun Mar 15 06:55:30.725764 2020] [proxy_fcgi:error] [pid 3273:tid 47144980166400] [client 193.106.30.99:46726] AH01071: Got error 'Primary script unknown\n'
[Sun Mar 15 07:37:47.772520 2020] [proxy_fcgi:error] [pid 3276:tid 47144954951424] [client 132.148.165.102:39992] AH01071: Got error 'Primary script unknown\n'
[Sun Mar 15 08:57:22.894382 2020] [proxy_fcgi:error] [pid 3277:tid 47144978065152] [client 103.81.87.90:41796] AH01071: Got error 'Primary script unknown\n'
[Sun Mar 15 09:06:12.342164 2020] [cgid:error] [pid 3277:tid 47144948647680] [client 151.80.39.215:16922] AH01265: attempt to invoke directory as script: /home/urbanovitalinoad/public_html/cgi-bin/
[Sun Mar 15 09:51:12.257917 2020] [proxy_fcgi:error] [pid 3277:tid 47144980166400] [client 193.106.30.99:43630] AH01071: Got error 'Primary script unknown\n'
[Sun Mar 15 10:20:06.199487 2020] [proxy_fcgi:error] [pid 3277:tid 47144940242688] [client 193.106.30.99:36128] AH01071: Got error 'Primary script unknown\n'
[Sun Mar 15 10:53:29.771854 2020] [cgid:error] [pid 3274:tid 47144982267648] [client 5.196.87.151:45906] AH01265: attempt to invoke directory as script: /home/urbanovitalinoad/public_html/cgi-bin/
[Sun Mar 15 11:21:22.595745 2020] [cgid:error] [pid 3276:tid 47144980166400] [client 5.196.87.125:20980] AH01265: attempt to invoke directory as script: /home/urbanovitalinoad/public_html/cgi-bin/
[Sun Mar 15 11:54:50.449628 2020] [proxy_fcgi:error] [pid 3276:tid 47144952850176] [client 89.46.105.183:37184] AH01071: Got error 'Primary script unknown\n'
[Sun Mar 15 12:00:07.427965 2020] [proxy_fcgi:error] [pid 3275:tid 47144952850176] [client 193.106.30.99:52666] AH01071: Got error 'Primary script unknown\n'
[Sun Mar 15 13:34:59.331078 2020] [proxy_fcgi:error] [pid 3275:tid 47144946546432] [client 193.106.30.99:43410] AH01071: Got error 'Primary script unknown\n'
[Sun Mar 15 13:42:47.567747 2020] [cgid:error] [pid 3273:tid 47144967558912] [client 46.229.168.143:20284] AH01265: attempt to invoke directory as script: /home/urbanovitalinoad/public_html/cgi-bin/
[Sun Mar 15 15:01:11.037271 2020] [proxy_fcgi:error] [pid 3276:tid 47144950748928] [client 193.106.30.99:50524] AH01071: Got error 'Primary script unknown\n'
[Sun Mar 15 15:29:15.658620 2020] [cgid:error] [pid 3275:tid 47144944445184] [client 213.32.122.82:9197] AH01265: attempt to invoke directory as script: /home/urbanovitalinoad/public_html/cgi-bin/
[Sun Mar 15 16:11:04.178434 2020] [proxy_fcgi:error] [pid 3277:tid 47144942343936] [client 193.106.30.99:39588] AH01071: Got error 'Primary script unknown\n'
[Sun Mar 15 17:06:32.997132 2020] [proxy_fcgi:error] [pid 3277:tid 47144946546432] [client 193.106.30.99:42918] AH01071: Got error 'Primary script unknown\n'
[Sun Mar 15 17:57:49.318243 2020] [proxy_fcgi:error] [pid 3273:tid 47144978065152] [client 148.66.147.32:60918] AH01071: Got error 'Primary script unknown\n'
[Sun Mar 15 18:28:30.212306 2020] [proxy_fcgi:error] [pid 3274:tid 47144950748928] [client 66.249.69.109:53397] AH01071: Got error 'Primary script unknown\n', referer: https://pvp.land/threads/staff-apply.107/
[Sun Mar 15 18:28:31.146136 2020] [proxy_fcgi:error] [pid 3274:tid 47144980166400] [client 66.249.69.109:53397] AH01071: Got error 'Primary script unknown\n', referer: https://pvp.land/threads/staff-apply.107/
[Sun Mar 15 18:45:08.306657 2020] [proxy_fcgi:error] [pid 3277:tid 47144967558912] [client 193.106.30.99:57164] AH01071: Got error 'Primary script unknown\n'
[Sun Mar 15 19:09:02.637718 2020] [proxy_fcgi:error] [pid 3275:tid 47144946546432] [client 66.249.69.109:61158] AH01071: Got error 'Primary script unknown\n', referer: https://pvp.land/threads/media-rank.88/
[Sun Mar 15 19:09:03.510673 2020] [proxy_fcgi:error] [pid 3275:tid 47144936040192] [client 66.249.69.111:49094] AH01071: Got error 'Primary script unknown\n', referer: https://pvp.land/threads/media-rank.88/
[Sun Mar 15 19:25:07.869295 2020] [proxy_fcgi:error] [pid 3277:tid 47144967558912] [client 193.106.30.99:36892] AH01071: Got error 'Primary script unknown\n'
[Sun Mar 15 22:07:52.991908 2020] [proxy_fcgi:error] [pid 3273:tid 47144952850176] [client 193.106.30.99:48684] AH01071: Got error 'Primary script unknown\n'
[Sun Mar 15 22:47:56.857505 2020] [proxy_fcgi:error] [pid 3276:tid 47144969660160] [client 193.106.30.99:60708] AH01071: Got error 'Primary script unknown\n'
[Sun Mar 15 23:34:32.197685 2020] [proxy_fcgi:error] [pid 3277:tid 47144952850176] [client 193.106.30.99:42896] AH01071: Got error 'Primary script unknown\n'
[Mon Mar 16 01:20:35.214422 2020] [proxy_fcgi:error] [pid 3277:tid 47144938141440] [client 193.106.30.99:48894] AH01071: Got error 'Primary script unknown\n'
[Mon Mar 16 01:59:27.110021 2020] [proxy_fcgi:error] [pid 3277:tid 47144965457664] [client 193.106.30.99:41712] AH01071: Got error 'Primary script unknown\n'
[Mon Mar 16 02:47:15.075011 2020] [proxy_fcgi:error] [pid 3275:tid 47144961255168] [client 66.249.69.111:59685] AH01071: Got error 'Primary script unknown\n'
[Mon Mar 16 03:12:47.976982 2020] [proxy_fcgi:error] [pid 3273:tid 47144982267648] [client 193.106.30.99:60086] AH01071: Got error 'Primary script unknown\n'
[Mon Mar 16 03:31:10.326074 2020] [proxy_fcgi:error] [pid 3273:tid 47144971761408] [client 66.249.69.113:50993] AH01071: Got error 'Primary script unknown\n', referer: https://pvp.land/threads/forum-suggestion-1.16/
[Mon Mar 16 03:32:01.364204 2020] [proxy_fcgi:error] [pid 3273:tid 47144961255168] [client 66.249.69.111:49123] AH01071: Got error 'Primary script unknown\n'
[Mon Mar 16 03:49:59.666719 2020] [proxy_fcgi:error] [pid 3273:tid 47144957052672] [client 66.249.69.113:35655] AH01071: Got error 'Primary script unknown\n'
[Mon Mar 16 04:04:52.232028 2020] [proxy_fcgi:error] [pid 3273:tid 47144973862656] [client 193.106.30.99:60060] AH01071: Got error 'Primary script unknown\n'
[Mon Mar 16 05:54:51.484426 2020] [proxy_fcgi:error] [pid 3277:tid 47144961255168] [client 193.106.30.99:47570] AH01071: Got error 'Primary script unknown\n'
[Mon Mar 16 06:36:39.485082 2020] [proxy_fcgi:error] [pid 3277:tid 47144980166400] [client 193.106.30.99:49374] AH01071: Got error 'Primary script unknown\n'
[Mon Mar 16 07:21:47.452471 2020] [cgid:error] [pid 3273:tid 47144971761408] [client 192.99.14.135:35158] AH01265: attempt to invoke directory as script: /home/urbanovitalinoad/public_html/cgi-bin/
[Mon Mar 16 07:40:06.757638 2020] [proxy_fcgi:error] [pid 3277:tid 47144973862656] [client 5.101.0.209:36546] AH01071: Got error 'Primary script unknown\n'
[Mon Mar 16 07:55:03.656716 2020] [proxy_fcgi:error] [pid 3277:tid 47144942343936] [client 193.106.30.99:58086] AH01071: Got error 'Primary script unknown\n'
[Mon Mar 16 08:37:27.931413 2020] [proxy_fcgi:error] [pid 3275:tid 47144957052672] [client 193.106.30.99:34432] AH01071: Got error 'Primary script unknown\n'
[Mon Mar 16 10:29:51.074378 2020] [proxy_fcgi:error] [pid 3277:tid 47144969660160] [client 193.106.30.99:36560] AH01071: Got error 'Primary script unknown\n'
[Mon Mar 16 11:58:30.971620 2020] [proxy_fcgi:error] [pid 3274:tid 47144965457664] [client 193.106.30.99:49326] AH01071: Got error 'Primary script unknown\n'
[Mon Mar 16 11:59:59.320400 2020] [proxy_fcgi:error] [pid 3276:tid 47144957052672] [client 66.249.66.205:54232] AH01071: Got error 'Primary script unknown\n', referer: https://pvp.land/index.php
[Mon Mar 16 11:59:59.725999 2020] [proxy_fcgi:error] [pid 3276:tid 47144942343936] [client 66.249.66.207:54903] AH01071: Got error 'Primary script unknown\n', referer: https://pvp.land/index.php
[Mon Mar 16 13:19:05.648874 2020] [proxy_fcgi:error] [pid 3273:tid 47144933938944] [client 193.106.30.99:50640] AH01071: Got error 'Primary script unknown\n'
[Mon Mar 16 13:56:03.572759 2020] [proxy_fcgi:error] [pid 3275:tid 47144975963904] [client 193.106.30.99:44424] AH01071: Got error 'Primary script unknown\n'
[Mon Mar 16 15:21:03.804346 2020] [proxy_fcgi:error] [pid 3277:tid 47144971761408] [client 193.106.30.99:47816] AH01071: Got error 'Primary script unknown\n'
[Mon Mar 16 16:17:00.444615 2020] [proxy_fcgi:error] [pid 3277:tid 47144969660160] [client 46.252.205.161:59402] AH01071: Got error 'Primary script unknown\n'
[Mon Mar 16 16:45:33.718061 2020] [proxy_fcgi:error] [pid 3275:tid 47144952850176] [client 193.106.30.99:37166] AH01071: Got error 'Primary script unknown\n'
[Mon Mar 16 17:08:21.251926 2020] [proxy_fcgi:error] [pid 3273:tid 47144961255168] [client 193.106.30.99:58310] AH01071: Got error 'Primary script unknown\n'
[Mon Mar 16 19:43:08.540177 2020] [proxy_fcgi:error] [pid 3274:tid 47144940242688] [client 31.192.214.171:55926] AH01071: Got error 'Primary script unknown\n'
[Mon Mar 16 21:11:50.682106 2020] [proxy_fcgi:error] [pid 3277:tid 47144980166400] [client 66.249.66.205:58015] AH01071: Got error 'Primary script unknown\n', referer: https://pvp.land/index.php
[Mon Mar 16 21:11:52.009931 2020] [proxy_fcgi:error] [pid 3275:tid 47144961255168] [client 66.249.66.207:45846] AH01071: Got error 'Primary script unknown\n', referer: https://pvp.land/index.php
[Mon Mar 16 23:20:32.725887 2020] [proxy_fcgi:error] [pid 3275:tid 47144959153920] [client 193.106.30.99:37226] AH01071: Got error 'Primary script unknown\n'
[Tue Mar 17 03:15:21.147341 2020] [proxy_fcgi:error] [pid 3277:tid 47144946546432] [client 193.106.30.99:56548] AH01071: Got error 'Primary script unknown\n'
[Tue Mar 17 03:50:13.586043 2020] [core:error] [pid 3275:tid 47144965457664] [client 83.82.42.106:5327] AH00135: Invalid method in request PPLE / HTTP/1.1
[Tue Mar 17 03:50:15.890680 2020] [core:error] [pid 3277:tid 47144967558912] [client 83.82.42.106:5385] AH00135: Invalid method in request JMYM / HTTP/1.1
[Tue Mar 17 04:27:42.576230 2020] [mpm_event:notice] [pid 15687:tid 47144721142848] AH00493: SIGUSR1 received.  Doing graceful restart
[Tue Mar 17 04:27:45.956368 2020] [ssl:warn] [pid 15687:tid 47144721142848] AH01909: vps.urbanovitalino.adv.br:443:0 server certificate does NOT include an ID which matches the server name
[Tue Mar 17 04:27:45.971034 2020] [ssl:warn] [pid 15687:tid 47144721142848] AH01909: vps.urbanovitalino.adv.br:443:0 server certificate does NOT include an ID which matches the server name
[Tue Mar 17 04:27:46.045440 2020] [mpm_event:notice] [pid 15687:tid 47144721142848] AH00489: Apache/2.4.41 (cPanel) OpenSSL/1.1.1d mod_bwlimited/1.4 configured -- resuming normal operations
[Tue Mar 17 04:27:46.045506 2020] [core:notice] [pid 15687:tid 47144721142848] AH00094: Command line: '/usr/sbin/httpd'
[Tue Mar 17 05:41:25.118599 2020] [cgid:error] [pid 23775:tid 47144978065152] [client 86.15.153.196:1651] AH01265: attempt to invoke directory as script: /home/urbanovitalinoad/public_html/cgi-bin/, referer: https://pvp.land/
[Tue Mar 17 08:30:42.151557 2020] [proxy_fcgi:error] [pid 23747:tid 47144975963904] [client 51.158.120.100:57628] AH01071: Got error 'Primary script unknown\n'
[Tue Mar 17 19:00:40.114245 2020] [proxy_fcgi:error] [pid 23776:tid 47144950748928] [client 193.106.30.99:53768] AH01071: Got error 'Primary script unknown\n'
[Tue Mar 17 19:34:56.308800 2020] [proxy_fcgi:error] [pid 23776:tid 47144969660160] [client 66.249.64.175:36188] AH01071: Got error 'Primary script unknown\n', referer: https://pvp.land/threads/media-apply-clickingg.45/
[Wed Mar 18 06:20:56.194100 2020] [proxy_fcgi:error] [pid 23747:tid 47144938141440] [client 94.242.54.58:56711] AH01071: Got error 'Primary script unknown\n', referer: http://www.google.com/
[Wed Mar 18 14:52:59.991117 2020] [proxy_fcgi:error] [pid 23747:tid 47144954951424] [client 5.101.0.209:35442] AH01071: Got error 'Primary script unknown\n'
[Wed Mar 18 15:38:17.725469 2020] [proxy_fcgi:error] [pid 23747:tid 47144961255168] [client 193.106.30.99:33308] AH01071: Got error 'Primary script unknown\n'
[Wed Mar 18 17:49:12.406736 2020] [cgid:error] [pid 23775:tid 47144952850176] [client 68.43.111.221:56626] AH01265: attempt to invoke directory as script: /home/urbanovitalinoad/public_html/cgi-bin/, referer: https://pvp.land/
[Wed Mar 18 18:12:19.044182 2020] [proxy_fcgi:error] [pid 23747:tid 47144973862656] [client 91.121.183.15:52829] AH01071: Got error 'Primary script unknown\n'
[Thu Mar 19 00:00:26.193818 2020] [cgid:error] [pid 23747:tid 47144965457664] [client 47.195.238.39:54691] AH01265: attempt to invoke directory as script: /home/urbanovitalinoad/public_html/cgi-bin/, referer: https://pvp.land/
[Thu Mar 19 00:15:10.091659 2020] [proxy_fcgi:error] [pid 23776:tid 47144936040192] [client 66.249.64.177:43834] AH01071: Got error 'Primary script unknown\n'
[Thu Mar 19 02:43:43.624049 2020] [proxy_fcgi:error] [pid 23745:tid 47144967558912] [client 66.249.64.177:40592] AH01071: Got error 'Primary script unknown\n', referer: https://pvp.land/threads/pvpland-5th-anniversary-official-now-2020.22/
[Thu Mar 19 04:29:53.875332 2020] [mpm_event:notice] [pid 15687:tid 47144721142848] AH00491: caught SIGTERM, shutting down
[Thu Mar 19 04:29:54.685770 2020] [ssl:warn] [pid 3301:tid 47609138930752] AH01909: vps.urbanovitalino.adv.br:443:0 server certificate does NOT include an ID which matches the server name
[Thu Mar 19 04:29:54.686985 2020] [ssl:warn] [pid 3301:tid 47609138930752] AH01909: vps.urbanovitalino.adv.br:443:0 server certificate does NOT include an ID which matches the server name
[Thu Mar 19 04:29:54.691244 2020] [:notice] [pid 3301:tid 47609138930752] ModSecurity for Apache/2.9.3 (http://www.modsecurity.org/) configured.
[Thu Mar 19 04:29:54.691265 2020] [:notice] [pid 3301:tid 47609138930752] ModSecurity: APR compiled version="1.7.0"; loaded version="1.7.0"
[Thu Mar 19 04:29:54.691278 2020] [:notice] [pid 3301:tid 47609138930752] ModSecurity: PCRE compiled version="8.32 "; loaded version="8.32 2012-11-30"
[Thu Mar 19 04:29:54.691284 2020] [:notice] [pid 3301:tid 47609138930752] ModSecurity: LUA compiled version="Lua 5.1"
[Thu Mar 19 04:29:54.691289 2020] [:notice] [pid 3301:tid 47609138930752] ModSecurity: YAJL compiled version="2.0.4"
[Thu Mar 19 04:29:54.691307 2020] [:notice] [pid 3301:tid 47609138930752] ModSecurity: LIBXML compiled version="2.9.7"
[Thu Mar 19 04:29:54.691312 2020] [:notice] [pid 3301:tid 47609138930752] ModSecurity: Status engine is currently disabled, enable it by set SecStatusEngine to On.
[Thu Mar 19 04:29:54.728241 2020] [ssl:warn] [pid 3304:tid 47609138930752] AH01909: vps.urbanovitalino.adv.br:443:0 server certificate does NOT include an ID which matches the server name
[Thu Mar 19 04:29:54.729294 2020] [ssl:warn] [pid 3304:tid 47609138930752] AH01909: vps.urbanovitalino.adv.br:443:0 server certificate does NOT include an ID which matches the server name
[Thu Mar 19 04:29:54.776690 2020] [mpm_event:notice] [pid 3304:tid 47609138930752] AH00489: Apache/2.4.41 (cPanel) OpenSSL/1.1.1d mod_bwlimited/1.4 configured -- resuming normal operations
[Thu Mar 19 04:29:54.776767 2020] [core:notice] [pid 3304:tid 47609138930752] AH00094: Command line: '/usr/sbin/httpd'
[Thu Mar 19 04:29:58.953647 2020] [mpm_event:notice] [pid 3304:tid 47609138930752] AH00491: caught SIGTERM, shutting down
[Thu Mar 19 04:29:59.506641 2020] [ssl:warn] [pid 3506:tid 47030206923840] AH01909: vps.urbanovitalino.adv.br:443:0 server certificate does NOT include an ID which matches the server name
[Thu Mar 19 04:29:59.507620 2020] [ssl:warn] [pid 3506:tid 47030206923840] AH01909: vps.urbanovitalino.adv.br:443:0 server certificate does NOT include an ID which matches the server name
[Thu Mar 19 04:29:59.510481 2020] [:notice] [pid 3506:tid 47030206923840] ModSecurity for Apache/2.9.3 (http://www.modsecurity.org/) configured.
[Thu Mar 19 04:29:59.510496 2020] [:notice] [pid 3506:tid 47030206923840] ModSecurity: APR compiled version="1.7.0"; loaded version="1.7.0"
[Thu Mar 19 04:29:59.510504 2020] [:notice] [pid 3506:tid 47030206923840] ModSecurity: PCRE compiled version="8.32 "; loaded version="8.32 2012-11-30"
[Thu Mar 19 04:29:59.510507 2020] [:notice] [pid 3506:tid 47030206923840] ModSecurity: LUA compiled version="Lua 5.1"
[Thu Mar 19 04:29:59.510510 2020] [:notice] [pid 3506:tid 47030206923840] ModSecurity: YAJL compiled version="2.0.4"
[Thu Mar 19 04:29:59.510513 2020] [:notice] [pid 3506:tid 47030206923840] ModSecurity: LIBXML compiled version="2.9.7"
[Thu Mar 19 04:29:59.510517 2020] [:notice] [pid 3506:tid 47030206923840] ModSecurity: Status engine is currently disabled, enable it by set SecStatusEngine to On.
[Thu Mar 19 04:29:59.545561 2020] [ssl:warn] [pid 3509:tid 47030206923840] AH01909: vps.urbanovitalino.adv.br:443:0 server certificate does NOT include an ID which matches the server name
[Thu Mar 19 04:29:59.547207 2020] [ssl:warn] [pid 3509:tid 47030206923840] AH01909: vps.urbanovitalino.adv.br:443:0 server certificate does NOT include an ID which matches the server name
[Thu Mar 19 04:29:59.567181 2020] [mpm_event:notice] [pid 3509:tid 47030206923840] AH00489: Apache/2.4.41 (cPanel) OpenSSL/1.1.1d mod_bwlimited/1.4 configured -- resuming normal operations
[Thu Mar 19 04:29:59.567244 2020] [core:notice] [pid 3509:tid 47030206923840] AH00094: Command line: '/usr/sbin/httpd'
[Thu Mar 19 04:30:10.001932 2020] [mpm_event:notice] [pid 3509:tid 47030206923840] AH00491: caught SIGTERM, shutting down
[Thu Mar 19 04:30:10.425465 2020] [ssl:warn] [pid 3769:tid 47744971695168] AH01909: vps.urbanovitalino.adv.br:443:0 server certificate does NOT include an ID which matches the server name
[Thu Mar 19 04:30:10.426356 2020] [ssl:warn] [pid 3769:tid 47744971695168] AH01909: vps.urbanovitalino.adv.br:443:0 server certificate does NOT include an ID which matches the server name
[Thu Mar 19 04:30:10.429306 2020] [:notice] [pid 3769:tid 47744971695168] ModSecurity for Apache/2.9.3 (http://www.modsecurity.org/) configured.
[Thu Mar 19 04:30:10.429324 2020] [:notice] [pid 3769:tid 47744971695168] ModSecurity: APR compiled version="1.7.0"; loaded version="1.7.0"
[Thu Mar 19 04:30:10.429343 2020] [:notice] [pid 3769:tid 47744971695168] ModSecurity: PCRE compiled version="8.32 "; loaded version="8.32 2012-11-30"
[Thu Mar 19 04:30:10.429346 2020] [:notice] [pid 3769:tid 47744971695168] ModSecurity: LUA compiled version="Lua 5.1"
[Thu Mar 19 04:30:10.429367 2020] [:notice] [pid 3769:tid 47744971695168] ModSecurity: YAJL compiled version="2.0.4"
[Thu Mar 19 04:30:10.429370 2020] [:notice] [pid 3769:tid 47744971695168] ModSecurity: LIBXML compiled version="2.9.7"
[Thu Mar 19 04:30:10.429373 2020] [:notice] [pid 3769:tid 47744971695168] ModSecurity: Status engine is currently disabled, enable it by set SecStatusEngine to On.
[Thu Mar 19 04:30:10.468873 2020] [ssl:warn] [pid 3772:tid 47744971695168] AH01909: vps.urbanovitalino.adv.br:443:0 server certificate does NOT include an ID which matches the server name
[Thu Mar 19 04:30:10.469673 2020] [ssl:warn] [pid 3772:tid 47744971695168] AH01909: vps.urbanovitalino.adv.br:443:0 server certificate does NOT include an ID which matches the server name
[Thu Mar 19 04:30:10.486689 2020] [mpm_event:notice] [pid 3772:tid 47744971695168] AH00489: Apache/2.4.41 (cPanel) OpenSSL/1.1.1d mod_bwlimited/1.4 configured -- resuming normal operations
[Thu Mar 19 04:30:10.486748 2020] [core:notice] [pid 3772:tid 47744971695168] AH00094: Command line: '/usr/sbin/httpd'
[Thu Mar 19 05:17:53.344071 2020] [proxy_fcgi:error] [pid 3781:tid 47745199216384] [client 66.249.64.175:54169] AH01071: Got error 'Primary script unknown\n', referer: https://pvp.land/threads/staff-apply.107/
[Thu Mar 19 05:17:53.790097 2020] [proxy_fcgi:error] [pid 3781:tid 47745276581632] [client 66.249.64.173:36384] AH01071: Got error 'Primary script unknown\n', referer: https://pvp.land/threads/staff-apply.107/
[Thu Mar 19 06:20:52.327743 2020] [proxy_fcgi:error] [pid 3777:tid 47745291290368] [client 167.172.104.52:65072] AH01071: Got error 'Primary script unknown\n'
[Thu Mar 19 11:26:24.772074 2020] [proxy_fcgi:error] [pid 3777:tid 47745295492864] [client 46.101.150.9:33810] AH01071: Got error 'Primary script unknown\n'
[Thu Mar 19 15:26:07.864489 2020] [ssl:error] [pid 3778:tid 47745282885376] [client 52.55.72.37:35416] AH02042: rejecting client initiated renegotiation
[Thu Mar 19 22:27:33.193703 2020] [cgid:error] [pid 3779:tid 47745184507648] [client 94.23.20.187:60846] AH01265: attempt to invoke directory as script: /home/urbanovitalinoad/public_html/cgi-bin/
[Fri Mar 20 00:37:10.996876 2020] [proxy_fcgi:error] [pid 3778:tid 47745284986624] [client 66.249.64.175:41594] AH01071: Got error 'Primary script unknown\n', referer: https://pvp.land/threads/media-apply-yunglasko.31/
[Fri Mar 20 03:38:44.948514 2020] [proxy_fcgi:error] [pid 3777:tid 47745188710144] [client 94.242.54.58:59283] AH01071: Got error 'Primary script unknown\n', referer: http://www.google.com/
[Fri Mar 20 03:54:28.764905 2020] [proxy_fcgi:error] [pid 3777:tid 47745203418880] [client 66.249.64.177:45166] AH01071: Got error 'Primary script unknown\n'
[Fri Mar 20 05:34:28.687131 2020] [proxy_fcgi:error] [pid 3778:tid 47745190811392] [client 157.55.39.182:14708] AH01071: Got error 'Primary script unknown\n'
[Fri Mar 20 05:34:28.762694 2020] [proxy_fcgi:error] [pid 3778:tid 47745303897856] [client 157.55.39.182:14708] AH01071: Got error 'Primary script unknown\n'
[Fri Mar 20 11:37:50.264253 2020] [proxy_fcgi:error] [pid 3779:tid 47745303897856] [client 66.249.64.173:63029] AH01071: Got error 'Primary script unknown\n', referer: https://pvp.land/threads/staff-apply.107/
[Fri Mar 20 11:49:03.526863 2020] [cgid:error] [pid 3779:tid 47745293391616] [client 213.32.122.82:18473] AH01265: attempt to invoke directory as script: /home/urbanovitalinoad/public_html/cgi-bin/
[Fri Mar 20 23:41:22.036646 2020] [proxy_fcgi:error] [pid 3777:tid 47745184507648] [client 5.101.0.209:48416] AH01071: Got error 'Primary script unknown\n'
[Sat Mar 21 02:26:31.599848 2020] [proxy_fcgi:error] [pid 3778:tid 47745295492864] [client 66.249.79.167:51324] AH01071: Got error 'Primary script unknown\n', referer: https://pvp.land/threads/vodckas-staff-application.43/
[Sat Mar 21 02:26:33.698523 2020] [proxy_fcgi:error] [pid 3778:tid 47745293391616] [client 66.249.79.170:37965] AH01071: Got error 'Primary script unknown\n', referer: https://pvp.land/threads/vodckas-staff-application.43/
[Sat Mar 21 02:36:33.609930 2020] [proxy_fcgi:error] [pid 3779:tid 47745276581632] [client 193.106.30.99:41604] AH01071: Got error 'Primary script unknown\n'
[Sat Mar 21 04:28:27.142731 2020] [mpm_event:notice] [pid 3772:tid 47744971695168] AH00493: SIGUSR1 received.  Doing graceful restart
[Sat Mar 21 04:28:28.907155 2020] [ssl:warn] [pid 3772:tid 47744971695168] AH01909: vps.urbanovitalino.adv.br:443:0 server certificate does NOT include an ID which matches the server name
[Sat Mar 21 04:28:28.919095 2020] [ssl:warn] [pid 3772:tid 47744971695168] AH01909: vps.urbanovitalino.adv.br:443:0 server certificate does NOT include an ID which matches the server name
[Sat Mar 21 04:28:29.016764 2020] [mpm_event:notice] [pid 3772:tid 47744971695168] AH00489: Apache/2.4.41 (cPanel) OpenSSL/1.1.1d mod_bwlimited/1.4 configured -- resuming normal operations
[Sat Mar 21 04:28:29.018128 2020] [core:notice] [pid 3772:tid 47744971695168] AH00094: Command line: '/usr/sbin/httpd'
[Sat Mar 21 10:53:26.178029 2020] [proxy_fcgi:error] [pid 20779:tid 47745197115136] [client 66.249.79.173:47977] AH01071: Got error 'Primary script unknown\n', referer: https://pvp.land/threads/this-thread-is-for-talking-about-anything.52/
[Sat Mar 21 10:53:27.211929 2020] [proxy_fcgi:error] [pid 20779:tid 47745186608896] [client 66.249.79.170:63539] AH01071: Got error 'Primary script unknown\n', referer: https://pvp.land/threads/this-thread-is-for-talking-about-anything.52/
[Sat Mar 21 13:43:06.166856 2020] [proxy_fcgi:error] [pid 20779:tid 47745278682880] [client 159.203.107.212:39714] AH01071: Got error 'Primary script unknown\n'
[Sat Mar 21 14:30:37.343536 2020] [cgid:error] [pid 20778:tid 47745274480384] [client 94.23.39.179:38654] AH01265: attempt to invoke directory as script: /home/urbanovitalinoad/public_html/cgi-bin/
[Sat Mar 21 18:46:45.893926 2020] [cgid:error] [pid 20779:tid 47745303897856] [client 111.43.223.112:56450] AH01264: script not found or unable to stat: /var/www/html/setup.cgi
[Sat Mar 21 21:58:08.052537 2020] [proxy_fcgi:error] [pid 20779:tid 47745186608896] [client 193.106.30.99:33378] AH01071: Got error 'Primary script unknown\n'
[Sun Mar 22 00:10:28.226841 2020] [proxy_fcgi:error] [pid 20779:tid 47745274480384] [client 66.249.66.207:60584] AH01071: Got error 'Primary script unknown\n'
[Sun Mar 22 04:17:44.133172 2020] [cgid:error] [pid 20779:tid 47745303897856] [client 128.14.134.170:40696] AH01264: script not found or unable to stat: /home/urbanovitalinoad/public_html/cgi-bin/config.exp
[Sun Mar 22 04:23:36.669602 2020] [proxy_fcgi:error] [pid 20779:tid 47745184507648] [client 66.249.66.205:64425] AH01071: Got error 'Primary script unknown\n', referer: https://pvp.land/threads/hi-i-would-like-to-take-part-in-being-a-concurrent-staff-member-for-your-server-pvpland.30/
[Sun Mar 22 10:29:58.677981 2020] [proxy_fcgi:error] [pid 20778:tid 47745188710144] [client 45.252.250.106:52976] AH01071: Got error 'Primary script unknown\n'
[Sun Mar 22 11:52:48.868299 2020] [proxy_fcgi:error] [pid 20778:tid 47745301796608] [client 82.223.196.206:48948] AH01071: Got error 'Primary script unknown\n'
[Sun Mar 22 19:50:54.564182 2020] [cgid:error] [pid 20778:tid 47745295492864] [client 5.196.87.151:64906] AH01265: attempt to invoke directory as script: /home/urbanovitalinoad/public_html/cgi-bin/
[Sun Mar 22 23:24:18.907103 2020] [proxy_fcgi:error] [pid 20779:tid 47745274480384] [client 66.249.66.209:62102] AH01071: Got error 'Primary script unknown\n', referer: https://pvp.land/threads/media-apply-yunglasko.31/
[Sun Mar 22 23:24:19.853017 2020] [proxy_fcgi:error] [pid 20778:tid 47745282885376] [client 66.249.66.205:51704] AH01071: Got error 'Primary script unknown\n', referer: https://pvp.land/threads/media-apply-yunglasko.31/
[Mon Mar 23 00:08:06.893618 2020] [proxy_fcgi:error] [pid 20779:tid 47745278682880] [client 66.249.66.205:61788] AH01071: Got error 'Primary script unknown\n', referer: https://pvp.land/threads/welcome.6/
[Mon Mar 23 00:08:07.688479 2020] [proxy_fcgi:error] [pid 20776:tid 47745274480384] [client 66.249.66.209:50204] AH01071: Got error 'Primary script unknown\n', referer: https://pvp.land/threads/welcome.6/
[Mon Mar 23 04:01:38.975739 2020] [proxy_fcgi:error] [pid 20778:tid 47745199216384] [client 66.249.66.205:62113] AH01071: Got error 'Primary script unknown\n', referer: https://pvp.land/threads/welcome.6/
[Mon Mar 23 04:01:40.672724 2020] [proxy_fcgi:error] [pid 20775:tid 47745274480384] [client 66.249.66.207:51224] AH01071: Got error 'Primary script unknown\n', referer: https://pvp.land/threads/welcome.6/
[Mon Mar 23 04:01:41.612227 2020] [proxy_fcgi:error] [pid 20778:tid 47745203418880] [client 66.249.66.205:62113] AH01071: Got error 'Primary script unknown\n', referer: https://pvp.land/threads/welcome.6/
[Mon Mar 23 04:01:42.580716 2020] [proxy_fcgi:error] [pid 20778:tid 47745282885376] [client 66.249.66.205:62113] AH01071: Got error 'Primary script unknown\n', referer: https://pvp.land/threads/welcome.6/
[Mon Mar 23 04:10:53.172038 2020] [proxy_fcgi:error] [pid 20778:tid 47745184507648] [client 66.249.66.209:44027] AH01071: Got error 'Primary script unknown\n'
[Mon Mar 23 09:40:08.984026 2020] [authz_core:error] [pid 20779:tid 47745276581632] [client 167.114.153.145:57968] AH01630: client denied by server configuration: /home/urbanovitalinoad/public_html/glpi/files/_log/php-errors.log
[Mon Mar 23 09:40:26.114516 2020] [authz_core:error] [pid 20778:tid 47745299695360] [client 167.114.153.145:57978] AH01630: client denied by server configuration: /home/urbanovitalinoad/public_html/glpi/files/_log/php-errors.log
[Mon Mar 23 18:12:04.144710 2020] [proxy_fcgi:error] [pid 20775:tid 47745280784128] [client 66.249.66.205:41567] AH01071: Got error 'Primary script unknown\n', referer: https://pvp.land/threads/welcome.6/
