179.60.169.62 - - [05/Feb/2026:09:30:38 -0300] "GET /ajax/dashboard.php?action=get_card&dashboard=assistance&card_id=top_ticket_RequestType&force=0&embed=0&args%5Bcolor%5D=%23f9fafb&args%5Bwidgettype%5D=bar&args%5Buse_gradient%5D=0&args%5Blimit%5D=4&args%5Bcache_key%5D=dashboard_card_assistance_8d2ec681d706af9c9282fa5ae26a6488c777cc17&args%5Bpoint_labels%5D=1&args%5Bcard_id%5D=top_ticket_RequestType&args%5Bgridstack_id%5D=top_ticket_RequestType_afc4dd24-c467-4c0d-9242-6840213a1ae3&d_cache_key=da39a3ee5e6b4b0d3255bfef95601890afd80709&c_cache_key=dashboard_card_assistance_8d2ec681d706af9c9282fa5ae26a6488c777cc17 HTTP/1.1" 200 7255 "https://servicedesk.urbanovitalino.adv.br/front/central.php" "Mozilla/5.0 (Macintosh; Intel Mac OS X 10_15_7) AppleWebKit/537.36 (KHTML, like Gecko) Chrome/144.0.0.0 Safari/537.36"
179.60.169.62 - - [05/Feb/2026:09:30:38 -0300] "GET /ajax/dashboard.php?action=get_card&dashboard=assistance&card_id=bn_count_tickets_closed&force=0&embed=0&args%5Bcolor%5D=%234a4a4a&args%5Bwidgettype%5D=bigNumber&args%5Buse_gradient%5D=0&args%5Blimit%5D=7&args%5Bcache_key%5D=dashboard_card_assistance_29d1b37066975faab6e3e7f5b812728cb1ad27ef&args%5Bpoint_labels%5D=0&args%5Bcard_id%5D=bn_count_tickets_closed&args%5Bgridstack_id%5D=bn_count_tickets_closed_f66a8fc4-ceec-44e2-be63-9c0cdeb31c4c&d_cache_key=da39a3ee5e6b4b0d3255bfef95601890afd80709&c_cache_key=dashboard_card_assistance_29d1b37066975faab6e3e7f5b812728cb1ad27ef HTTP/1.1" 200 1030 "https://servicedesk.urbanovitalino.adv.br/front/central.php" "Mozilla/5.0 (Macintosh; Intel Mac OS X 10_15_7) AppleWebKit/537.36 (KHTML, like Gecko) Chrome/144.0.0.0 Safari/537.36"
179.60.169.62 - - [05/Feb/2026:09:30:38 -0300] "GET /ajax/dashboard.php?action=get_card&dashboard=assistance&card_id=table_count_tickets_incoming&force=0&embed=0&args%5Bcolor%5D=%23fafafa&args%5Bwidgettype%5D=searchShowList&args%5Buse_gradient%5D=0&args%5Bpoint_labels%5D=0&args%5Blimit%5D=7&args%5Bcache_key%5D=dashboard_card_assistance_8e63841bbb9f920d13e994ae6d5680e42e63c0fc&args%5Bcard_id%5D=table_count_tickets_incoming&args%5Bgridstack_id%5D=table_count_tickets_incoming_4d6a7494-b3e4-46e3-8eb5-8ce0b2ccc980&d_cache_key=da39a3ee5e6b4b0d3255bfef95601890afd80709&c_cache_key=dashboard_card_assistance_8e63841bbb9f920d13e994ae6d5680e42e63c0fc HTTP/1.1" 200 817 "https://servicedesk.urbanovitalino.adv.br/front/central.php" "Mozilla/5.0 (Macintosh; Intel Mac OS X 10_15_7) AppleWebKit/537.36 (KHTML, like Gecko) Chrome/144.0.0.0 Safari/537.36"
179.60.169.62 - - [05/Feb/2026:09:30:38 -0300] "GET /ajax/dashboard.php?action=get_card&dashboard=assistance&card_id=top_ticket_ITILCategory&force=0&embed=0&args%5Bcolor%5D=%23fafafa&args%5Bwidgettype%5D=bar&args%5Buse_gradient%5D=0&args%5Bpoint_labels%5D=1&args%5Blimit%5D=7&args%5Bcache_key%5D=dashboard_card_assistance_b697c6e687c7dffc46dd366fbc7a8d7ad301190a&args%5Bcard_id%5D=top_ticket_ITILCategory&args%5Bgridstack_id%5D=top_ticket_ITILCategory_17a1b3bd-2e8c-4060-9842-c64bd9e22791&d_cache_key=da39a3ee5e6b4b0d3255bfef95601890afd80709&c_cache_key=dashboard_card_assistance_b697c6e687c7dffc46dd366fbc7a8d7ad301190a HTTP/1.1" 200 7960 "https://servicedesk.urbanovitalino.adv.br/front/central.php" "Mozilla/5.0 (Macintosh; Intel Mac OS X 10_15_7) AppleWebKit/537.36 (KHTML, like Gecko) Chrome/144.0.0.0 Safari/537.36"
186.211.180.14 - - [05/Feb/2026:09:30:38 -0300] "GET /ajax/common.tabs.php?_target=/front/ticket.form.php&_itemtype=Ticket&_glpi_tab=Ticket$main&id=0&date=&time_to_own=&slas_id_tto=1&time_to_resolve=&slas_id_ttr=2&internal_time_to_own=&internal_time_to_resolve=&type=2&itilcategories_id=31&_users_id_requester=35&_users_id_requester_notif%5Buse_notification%5D%5B0%5D=1&entities_id=0&_groups_id_requester=0&_users_id_observer%5B0%5D=0&_users_id_observer_notif%5Buse_notification%5D%5B0%5D=1&_groups_id_observer=0&_users_id_assign=35&_users_id_assign_notif%5Buse_notification%5D%5B0%5D=1&_groups_id_assign=0&status=1&requesttypes_id=1&urgency=2&_add_validation=0&validatortype=0&impact=2&locations_id=0&priority=2&my_items=&itemtype=0&items_id=0&actiontime=0&name=&_link%5Blink%5D=1&_link%5Btickets_id_1%5D=0&_link%5Btickets_id_2%5D=0&_tickettemplate=3&_predefined_fields=eyJ1cmdlbmN5IjoiMiIsImltcGFjdCI6IjIiLCJwcmlvcml0eSI6IjIiLCJ0eXBlIjoiMiIsInNsYXNfaWRfdHRvIjoiMSIsInNsYXNfaWRfdHRyIjoiMiJ9&_promoted_fup_id=0&_skip_promoted_fields=&_glpi_csrf_token=0600faaddaf5ee88ffe472a185d90b9a3073e0c86d78eb99eb51c180fa9b830d HTTP/1.1" 200 138230 "https://servicedesk.urbanovitalino.adv.br/front/ticket.form.php" "Mozilla/5.0 (Windows NT 10.0; Win64; x64) AppleWebKit/537.36 (KHTML, like Gecko) Chrome/144.0.0.0 Safari/537.36"
179.60.169.62 - - [05/Feb/2026:09:30:38 -0300] "GET /ajax/dashboard.php?action=get_card&dashboard=assistance&card_id=bn_count_Ticket&force=0&embed=0&args%5Bcolor%5D=%2367da7a&args%5Bwidgettype%5D=bigNumber&args%5Buse_gradient%5D=0&args%5Blimit%5D=7&args%5Bcache_key%5D=dashboard_card_assistance_c1648bec412a4cb7d850b70f3d615acefeb5a149&args%5Bpoint_labels%5D=0&args%5Bcard_id%5D=bn_count_Ticket&args%5Bgridstack_id%5D=bn_count_Ticket_8cd4409b-d109-4b47-8c22-967c7e2a9cf2&d_cache_key=da39a3ee5e6b4b0d3255bfef95601890afd80709&c_cache_key=dashboard_card_assistance_c1648bec412a4cb7d850b70f3d615acefeb5a149 HTTP/1.1" 200 873 "https://servicedesk.urbanovitalino.adv.br/front/central.php" "Mozilla/5.0 (Macintosh; Intel Mac OS X 10_15_7) AppleWebKit/537.36 (KHTML, like Gecko) Chrome/144.0.0.0 Safari/537.36"
179.60.169.62 - - [05/Feb/2026:09:30:38 -0300] "GET /ajax/dashboard.php?action=get_card&dashboard=assistance&card_id=count_Computer_Manufacturer&force=0&embed=0&args%5Bcolor%5D=%23a3a3a3&args%5Bwidgettype%5D=multipleNumber&args%5Buse_gradient%5D=1&args%5Bpoint_labels%5D=0&args%5Blimit%5D=7&args%5Bcache_key%5D=dashboard_card_assistance_557a2abb7ce2a6098104ff2f335f44ca4a7f4478&args%5Bcard_id%5D=count_Computer_Manufacturer&args%5Bgridstack_id%5D=count_Computer_Manufacturer_6054a3ea-2a99-4276-af33-eafb184a19fb&d_cache_key=da39a3ee5e6b4b0d3255bfef95601890afd80709&c_cache_key=dashboard_card_assistance_557a2abb7ce2a6098104ff2f335f44ca4a7f4478 HTTP/1.1" 200 3979 "https://servicedesk.urbanovitalino.adv.br/front/central.php" "Mozilla/5.0 (Macintosh; Intel Mac OS X 10_15_7) AppleWebKit/537.36 (KHTML, like Gecko) Chrome/144.0.0.0 Safari/537.36"
179.60.169.62 - - [05/Feb/2026:09:30:38 -0300] "GET /ajax/dashboard.php?action=get_card&dashboard=assistance&card_id=bn_count_tickets_late&force=0&embed=0&args%5Bcolor%5D=%23f55656&args%5Bwidgettype%5D=bigNumber&args%5Buse_gradient%5D=0&args%5Blimit%5D=7&args%5Bcache_key%5D=dashboard_card_assistance_9a180cf383282cef05f5860d6f14a8cf6a9cce62&args%5Bpoint_labels%5D=0&args%5Bcard_id%5D=bn_count_tickets_late&args%5Bgridstack_id%5D=bn_count_tickets_late_2dfccd37-504d-435a-a5d4-e696b8357df1&d_cache_key=da39a3ee5e6b4b0d3255bfef95601890afd80709&c_cache_key=dashboard_card_assistance_9a180cf383282cef05f5860d6f14a8cf6a9cce62 HTTP/1.1" 200 1861 "https://servicedesk.urbanovitalino.adv.br/front/central.php" "Mozilla/5.0 (Macintosh; Intel Mac OS X 10_15_7) AppleWebKit/537.36 (KHTML, like Gecko) Chrome/144.0.0.0 Safari/537.36"
179.60.169.62 - - [05/Feb/2026:09:30:38 -0300] "GET /ajax/dashboard.php?action=get_card&dashboard=assistance&card_id=bn_count_Computer&force=0&embed=0&args%5Bcolor%5D=%2365e69d&args%5Bwidgettype%5D=bigNumber&args%5Buse_gradient%5D=0&args%5Bpoint_labels%5D=0&args%5Blimit%5D=7&args%5Bcache_key%5D=dashboard_card_assistance_bfb4c2cf9716a2078592c17afe61c98951fc0ead&args%5Bcard_id%5D=bn_count_Computer&args%5Bgridstack_id%5D=bn_count_Computer_d81c022c-cc4d-4a72-88a8-a153619cb0a8&d_cache_key=da39a3ee5e6b4b0d3255bfef95601890afd80709&c_cache_key=dashboard_card_assistance_bfb4c2cf9716a2078592c17afe61c98951fc0ead HTTP/1.1" 200 907 "https://servicedesk.urbanovitalino.adv.br/front/central.php" "Mozilla/5.0 (Macintosh; Intel Mac OS X 10_15_7) AppleWebKit/537.36 (KHTML, like Gecko) Chrome/144.0.0.0 Safari/537.36"
179.60.169.62 - - [05/Feb/2026:09:30:39 -0300] "GET /ajax/dashboard.php?action=get_card&dashboard=assistance&card_id=bn_count_tickets_assigned&force=0&embed=0&args%5Bcolor%5D=%23ffc31f&args%5Bwidgettype%5D=bigNumber&args%5Buse_gradient%5D=0&args%5Blimit%5D=7&args%5Bcache_key%5D=dashboard_card_assistance_d478359b6e60c003c04f61e12b319ac2c294f56c&args%5Bpoint_labels%5D=0&args%5Bcard_id%5D=bn_count_tickets_assigned&args%5Bgridstack_id%5D=bn_count_tickets_assigned_456a2060-e9dc-469b-a710-be4f08406b07&d_cache_key=da39a3ee5e6b4b0d3255bfef95601890afd80709&c_cache_key=dashboard_card_assistance_d478359b6e60c003c04f61e12b319ac2c294f56c HTTP/1.1" 200 1033 "https://servicedesk.urbanovitalino.adv.br/front/central.php" "Mozilla/5.0 (Macintosh; Intel Mac OS X 10_15_7) AppleWebKit/537.36 (KHTML, like Gecko) Chrome/144.0.0.0 Safari/537.36"
186.211.180.14 - - [05/Feb/2026:09:30:39 -0300] "POST /ajax/uemailUpdate.php HTTP/1.1" 200 4812 "https://servicedesk.urbanovitalino.adv.br/front/ticket.form.php" "Mozilla/5.0 (Windows NT 10.0; Win64; x64) AppleWebKit/537.36 (KHTML, like Gecko) Chrome/144.0.0.0 Safari/537.36"
186.211.180.14 - - [05/Feb/2026:09:30:39 -0300] "POST /ajax/uemailUpdate.php HTTP/1.1" 200 4786 "https://servicedesk.urbanovitalino.adv.br/front/ticket.form.php" "Mozilla/5.0 (Windows NT 10.0; Win64; x64) AppleWebKit/537.36 (KHTML, like Gecko) Chrome/144.0.0.0 Safari/537.36"
186.211.180.14 - - [05/Feb/2026:09:30:39 -0300] "POST /ajax/ticketassigninformation.php HTTP/1.1" 200 391 "https://servicedesk.urbanovitalino.adv.br/front/ticket.form.php" "Mozilla/5.0 (Windows NT 10.0; Win64; x64) AppleWebKit/537.36 (KHTML, like Gecko) Chrome/144.0.0.0 Safari/537.36"
186.211.180.14 - - [05/Feb/2026:09:30:39 -0300] "GET /front/?v=9.5.5 HTTP/1.1" 200 0 "https://servicedesk.urbanovitalino.adv.br/front/ticket.form.php" "Mozilla/5.0 (Windows NT 10.0; Win64; x64) AppleWebKit/537.36 (KHTML, like Gecko) Chrome/144.0.0.0 Safari/537.36"
186.211.180.14 - - [05/Feb/2026:09:30:39 -0300] "POST /ajax/uemailUpdate.php HTTP/1.1" 200 4767 "https://servicedesk.urbanovitalino.adv.br/front/ticket.form.php" "Mozilla/5.0 (Windows NT 10.0; Win64; x64) AppleWebKit/537.36 (KHTML, like Gecko) Chrome/144.0.0.0 Safari/537.36"
186.211.180.14 - - [05/Feb/2026:09:30:39 -0300] "POST /ajax/ticketassigninformation.php HTTP/1.1" 200 0 "https://servicedesk.urbanovitalino.adv.br/front/ticket.form.php" "Mozilla/5.0 (Windows NT 10.0; Win64; x64) AppleWebKit/537.36 (KHTML, like Gecko) Chrome/144.0.0.0 Safari/537.36"
131.0.225.106 - - [05/Feb/2026:09:30:39 -0300] "GET /ajax/notifications_ajax.php HTTP/1.1" 200 15 "https://servicedesk.urbanovitalino.adv.br/front/computer.php?is_deleted=0&as_map=0&criteria%5B0%5D%5Blink%5D=AND&criteria%5B0%5D%5Bfield%5D=view&criteria%5B0%5D%5Bsearchtype%5D=contains&criteria%5B0%5D%5Bvalue%5D=NBHP0111&search=Pesquisar&itemtype=Computer&start=0&_glpi_csrf_token=c59c9dc82ba479f3c0cce04c5434750b75452d7b3ff251d8a8fe6c66a6926cf4" "Mozilla/5.0 (Windows NT 10.0; Win64; x64) AppleWebKit/537.36 (KHTML, like Gecko) Chrome/144.0.0.0 Safari/537.36"
179.60.169.62 - - [05/Feb/2026:09:30:40 -0300] "GET /front/computer.php HTTP/1.1" 200 143306 "https://servicedesk.urbanovitalino.adv.br/front/central.php" "Mozilla/5.0 (Macintosh; Intel Mac OS X 10_15_7) AppleWebKit/537.36 (KHTML, like Gecko) Chrome/144.0.0.0 Safari/537.36"
186.211.180.14 - - [05/Feb/2026:09:30:41 -0300] "GET /front/cron.php HTTP/1.1" 200 74 "https://servicedesk.urbanovitalino.adv.br/front/ticket.php" "Mozilla/5.0 (X11; Linux x86_64) AppleWebKit/537.36 (KHTML, like Gecko) Chrome/143.0.0.0 Safari/537.36"
179.60.169.62 - - [05/Feb/2026:09:30:41 -0300] "GET /ajax/notifications_ajax.php HTTP/1.1" 200 15 "https://servicedesk.urbanovitalino.adv.br/front/computer.php" "Mozilla/5.0 (Macintosh; Intel Mac OS X 10_15_7) AppleWebKit/537.36 (KHTML, like Gecko) Chrome/144.0.0.0 Safari/537.36"
179.60.169.62 - - [05/Feb/2026:09:30:41 -0300] "GET /plugins/mod/ajax/display_ind.php HTTP/1.1" 200 1758 "https://servicedesk.urbanovitalino.adv.br/front/computer.php" "Mozilla/5.0 (Macintosh; Intel Mac OS X 10_15_7) AppleWebKit/537.36 (KHTML, like Gecko) Chrome/144.0.0.0 Safari/537.36"
191.10.190.221 - - [05/Feb/2026:09:30:41 -0300] "POST /plugins/fusioninventory/ HTTP/1.1" 200 68 "-" "FusionInventory-Agent_v2.6"
186.211.180.14 - - [05/Feb/2026:09:30:42 -0300] "GET /front/ticket.php HTTP/1.1" 200 180850 "https://servicedesk.urbanovitalino.adv.br/front/ticket.form.php?id=10714" "Mozilla/5.0 (X11; Linux x86_64) AppleWebKit/537.36 (KHTML, like Gecko) Chrome/143.0.0.0 Safari/537.36"
186.211.180.14 - - [05/Feb/2026:09:30:42 -0300] "GET /plugins/mod/ajax/display_ind.php HTTP/1.1" 200 1984 "https://servicedesk.urbanovitalino.adv.br/front/ticket.php" "Mozilla/5.0 (X11; Linux x86_64) AppleWebKit/537.36 (KHTML, like Gecko) Chrome/143.0.0.0 Safari/537.36"
186.211.180.14 - - [05/Feb/2026:09:30:42 -0300] "GET /ajax/notifications_ajax.php HTTP/1.1" 200 15 "https://servicedesk.urbanovitalino.adv.br/front/computer.php?is_deleted=0&as_map=0&criteria%5B0%5D%5Blink%5D=AND&criteria%5B0%5D%5Bfield%5D=view&criteria%5B0%5D%5Bsearchtype%5D=contains&criteria%5B0%5D%5Bvalue%5D=1653&search=Pesquisar&itemtype=Computer&start=0&_glpi_csrf_token=81d1010dc5f82703ec3cf6e27d3c6e52be5b95bf15916d721d9309156019b4d7" "Mozilla/5.0 (Windows NT 10.0; Win64; x64) AppleWebKit/537.36 (KHTML, like Gecko) Chrome/144.0.0.0 Safari/537.36"
187.33.225.46 - - [05/Feb/2026:09:30:43 -0300] "GET /ajax/notifications_ajax.php HTTP/1.1" 200 15 "https://servicedesk.urbanovitalino.adv.br/front/central.php" "Mozilla/5.0 (X11; Linux x86_64) AppleWebKit/537.36 (KHTML, like Gecko) Chrome/144.0.0.0 Safari/537.36"
131.0.225.106 - - [05/Feb/2026:09:30:44 -0300] "GET /ajax/notifications_ajax.php HTTP/1.1" 200 15 "https://servicedesk.urbanovitalino.adv.br/front/computer.php?is_deleted=0&as_map=0&criteria%5B0%5D%5Blink%5D=AND&criteria%5B0%5D%5Bfield%5D=view&criteria%5B0%5D%5Bsearchtype%5D=contains&criteria%5B0%5D%5Bvalue%5D=NBHP0111&search=Pesquisar&itemtype=Computer&start=0&_glpi_csrf_token=c59c9dc82ba479f3c0cce04c5434750b75452d7b3ff251d8a8fe6c66a6926cf4" "Mozilla/5.0 (Windows NT 10.0; Win64; x64) AppleWebKit/537.36 (KHTML, like Gecko) Chrome/144.0.0.0 Safari/537.36"
186.211.180.14 - - [05/Feb/2026:09:30:44 -0300] "POST /plugins/fusioninventory/ HTTP/1.1" 200 68 "-" "FusionInventory-Agent_v2.6"
179.60.169.62 - - [05/Feb/2026:09:30:45 -0300] "GET /front/computer.php?is_deleted=0&as_map=0&criteria%5B0%5D%5Blink%5D=AND&criteria%5B0%5D%5Bfield%5D=view&criteria%5B0%5D%5Bsearchtype%5D=contains&criteria%5B0%5D%5Bvalue%5D=1653&search=Pesquisar&itemtype=Computer&start=0&_glpi_csrf_token=6b69b993f78bfb408c9a0379040bfbaea392eeb20f16905125a1b45ebec3a0d9 HTTP/1.1" 200 134128 "https://servicedesk.urbanovitalino.adv.br/front/computer.php" "Mozilla/5.0 (Macintosh; Intel Mac OS X 10_15_7) AppleWebKit/537.36 (KHTML, like Gecko) Chrome/144.0.0.0 Safari/537.36"
179.60.169.62 - - [05/Feb/2026:09:30:45 -0300] "GET /plugins/mod/ajax/display_ind.php HTTP/1.1" 200 1758 "https://servicedesk.urbanovitalino.adv.br/front/computer.php?is_deleted=0&as_map=0&criteria%5B0%5D%5Blink%5D=AND&criteria%5B0%5D%5Bfield%5D=view&criteria%5B0%5D%5Bsearchtype%5D=contains&criteria%5B0%5D%5Bvalue%5D=1653&search=Pesquisar&itemtype=Computer&start=0&_glpi_csrf_token=6b69b993f78bfb408c9a0379040bfbaea392eeb20f16905125a1b45ebec3a0d9" "Mozilla/5.0 (Macintosh; Intel Mac OS X 10_15_7) AppleWebKit/537.36 (KHTML, like Gecko) Chrome/144.0.0.0 Safari/537.36"
187.33.225.46 - - [05/Feb/2026:09:30:46 -0300] "GET /ajax/dashboard.php?dashboard=assistance&action=get_dashboard_items&embed=0 HTTP/1.1" 200 15496 "https://servicedesk.urbanovitalino.adv.br/front/central.php" "Mozilla/5.0 (X11; Linux x86_64) AppleWebKit/537.36 (KHTML, like Gecko) Chrome/144.0.0.0 Safari/537.36"
186.211.180.14 - - [05/Feb/2026:09:30:47 -0300] "GET /ajax/notifications_ajax.php HTTP/1.1" 200 15 "https://servicedesk.urbanovitalino.adv.br/front/computer.php?is_deleted=0&as_map=0&criteria%5B0%5D%5Blink%5D=AND&criteria%5B0%5D%5Bfield%5D=view&criteria%5B0%5D%5Bsearchtype%5D=contains&criteria%5B0%5D%5Bvalue%5D=1653&search=Pesquisar&itemtype=Computer&start=0&_glpi_csrf_token=81d1010dc5f82703ec3cf6e27d3c6e52be5b95bf15916d721d9309156019b4d7" "Mozilla/5.0 (Windows NT 10.0; Win64; x64) AppleWebKit/537.36 (KHTML, like Gecko) Chrome/144.0.0.0 Safari/537.36"
179.211.70.189 - - [05/Feb/2026:09:30:48 -0300] "POST /plugins/fusioninventory/ HTTP/1.1" 200 110 "-" "FusionInventory-Agent_v2.6"
187.33.225.46 - - [05/Feb/2026:09:30:48 -0300] "GET /ajax/dashboard.php?action=get_card&dashboard=assistance&card_id=bn_count_tickets_solved&force=0&embed=0&args%5Bcolor%5D=%23d8d8d8&args%5Bwidgettype%5D=bigNumber&args%5Buse_gradient%5D=0&args%5Blimit%5D=7&args%5Bcache_key%5D=dashboard_card_assistance_a8b0eec10a8591ee68c737183beab1fe67045118&args%5Bcard_id%5D=bn_count_tickets_solved&args%5Bgridstack_id%5D=bn_count_tickets_solved_5e9759b3-ee7e-4a14-b68f-1ac024ef55ee&d_cache_key=da39a3ee5e6b4b0d3255bfef95601890afd80709&c_cache_key=dashboard_card_assistance_a8b0eec10a8591ee68c737183beab1fe67045118 HTTP/1.1" 200 1045 "https://servicedesk.urbanovitalino.adv.br/front/central.php" "Mozilla/5.0 (X11; Linux x86_64) AppleWebKit/537.36 (KHTML, like Gecko) Chrome/144.0.0.0 Safari/537.36"
187.33.225.46 - - [05/Feb/2026:09:30:48 -0300] "GET /ajax/dashboard.php?action=get_card&dashboard=assistance&card_id=bn_count_tickets_waiting&force=0&embed=0&args%5Bcolor%5D=%23ffcb7d&args%5Bwidgettype%5D=bigNumber&args%5Buse_gradient%5D=0&args%5Blimit%5D=7&args%5Bcache_key%5D=dashboard_card_assistance_c682baa05ee24eb7b236cd74e10c4af5bc41ea69&args%5Bcard_id%5D=bn_count_tickets_waiting&args%5Bgridstack_id%5D=bn_count_tickets_waiting_102b2c2a-6ac6-4d73-ba47-8b09382fe00e&d_cache_key=da39a3ee5e6b4b0d3255bfef95601890afd80709&c_cache_key=dashboard_card_assistance_c682baa05ee24eb7b236cd74e10c4af5bc41ea69 HTTP/1.1" 200 1036 "https://servicedesk.urbanovitalino.adv.br/front/central.php" "Mozilla/5.0 (X11; Linux x86_64) AppleWebKit/537.36 (KHTML, like Gecko) Chrome/144.0.0.0 Safari/537.36"
187.33.225.46 - - [05/Feb/2026:09:30:48 -0300] "GET /ajax/dashboard.php?action=get_card&dashboard=assistance&card_id=bn_count_tickets_incoming&force=0&embed=0&args%5Bcolor%5D=%23a0e19d&args%5Bwidgettype%5D=bigNumber&args%5Buse_gradient%5D=0&args%5Blimit%5D=7&args%5Bcache_key%5D=dashboard_card_assistance_61120fe33961c4eabcce7a1a02ef6d24188dc11d&args%5Bcard_id%5D=bn_count_tickets_incoming&args%5Bgridstack_id%5D=bn_count_tickets_incoming_336a36d9-67fe-4475-880e-447bd766b8fe&d_cache_key=da39a3ee5e6b4b0d3255bfef95601890afd80709&c_cache_key=dashboard_card_assistance_61120fe33961c4eabcce7a1a02ef6d24188dc11d HTTP/1.1" 200 1032 "https://servicedesk.urbanovitalino.adv.br/front/central.php" "Mozilla/5.0 (X11; Linux x86_64) AppleWebKit/537.36 (KHTML, like Gecko) Chrome/144.0.0.0 Safari/537.36"
187.33.225.46 - - [05/Feb/2026:09:30:48 -0300] "GET /ajax/dashboard.php?action=get_card&dashboard=assistance&card_id=bn_count_tickets_closed&force=0&embed=0&args%5Bcolor%5D=%234a4a4a&args%5Bwidgettype%5D=bigNumber&args%5Buse_gradient%5D=0&args%5Blimit%5D=7&args%5Bcache_key%5D=dashboard_card_assistance_29d1b37066975faab6e3e7f5b812728cb1ad27ef&args%5Bpoint_labels%5D=0&args%5Bcard_id%5D=bn_count_tickets_closed&args%5Bgridstack_id%5D=bn_count_tickets_closed_f66a8fc4-ceec-44e2-be63-9c0cdeb31c4c&d_cache_key=da39a3ee5e6b4b0d3255bfef95601890afd80709&c_cache_key=dashboard_card_assistance_29d1b37066975faab6e3e7f5b812728cb1ad27ef HTTP/1.1" 200 1036 "https://servicedesk.urbanovitalino.adv.br/front/central.php" "Mozilla/5.0 (X11; Linux x86_64) AppleWebKit/537.36 (KHTML, like Gecko) Chrome/144.0.0.0 Safari/537.36"
187.33.225.46 - - [05/Feb/2026:09:30:48 -0300] "GET /ajax/dashboard.php?action=get_card&dashboard=assistance&card_id=bn_count_tickets_planned&force=0&embed=0&args%5Bcolor%5D=%236298d5&args%5Bwidgettype%5D=bigNumber&args%5Buse_gradient%5D=0&args%5Blimit%5D=7&args%5Bcache_key%5D=dashboard_card_assistance_72c40042283d1b4a75c29030af4c9b9ea3effe5c&args%5Bcard_id%5D=bn_count_tickets_planned&args%5Bgridstack_id%5D=bn_count_tickets_planned_267bf627-9d5e-4b6c-b53d-b8623d793ccf&d_cache_key=da39a3ee5e6b4b0d3255bfef95601890afd80709&c_cache_key=dashboard_card_assistance_72c40042283d1b4a75c29030af4c9b9ea3effe5c HTTP/1.1" 200 1038 "https://servicedesk.urbanovitalino.adv.br/front/central.php" "Mozilla/5.0 (X11; Linux x86_64) AppleWebKit/537.36 (KHTML, like Gecko) Chrome/144.0.0.0 Safari/537.36"
187.33.225.46 - - [05/Feb/2026:09:30:48 -0300] "GET /ajax/dashboard.php?action=get_card&dashboard=assistance&card_id=bn_count_tickets_late&force=0&embed=0&args%5Bcolor%5D=%23f55656&args%5Bwidgettype%5D=bigNumber&args%5Buse_gradient%5D=0&args%5Blimit%5D=7&args%5Bcache_key%5D=dashboard_card_assistance_9a180cf383282cef05f5860d6f14a8cf6a9cce62&args%5Bpoint_labels%5D=0&args%5Bcard_id%5D=bn_count_tickets_late&args%5Bgridstack_id%5D=bn_count_tickets_late_2dfccd37-504d-435a-a5d4-e696b8357df1&d_cache_key=da39a3ee5e6b4b0d3255bfef95601890afd80709&c_cache_key=dashboard_card_assistance_9a180cf383282cef05f5860d6f14a8cf6a9cce62 HTTP/1.1" 200 1861 "https://servicedesk.urbanovitalino.adv.br/front/central.php" "Mozilla/5.0 (X11; Linux x86_64) AppleWebKit/537.36 (KHTML, like Gecko) Chrome/144.0.0.0 Safari/537.36"
187.33.225.46 - - [05/Feb/2026:09:30:48 -0300] "GET /ajax/notifications_ajax.php HTTP/1.1" 200 15 "https://servicedesk.urbanovitalino.adv.br/front/central.php" "Mozilla/5.0 (X11; Linux x86_64) AppleWebKit/537.36 (KHTML, like Gecko) Chrome/144.0.0.0 Safari/537.36"
187.33.225.46 - - [05/Feb/2026:09:30:48 -0300] "GET /ajax/dashboard.php?action=get_card&dashboard=assistance&card_id=bn_count_tickets_assigned&force=0&embed=0&args%5Bcolor%5D=%23ffc31f&args%5Bwidgettype%5D=bigNumber&args%5Buse_gradient%5D=0&args%5Blimit%5D=7&args%5Bcache_key%5D=dashboard_card_assistance_d478359b6e60c003c04f61e12b319ac2c294f56c&args%5Bpoint_labels%5D=0&args%5Bcard_id%5D=bn_count_tickets_assigned&args%5Bgridstack_id%5D=bn_count_tickets_assigned_456a2060-e9dc-469b-a710-be4f08406b07&d_cache_key=da39a3ee5e6b4b0d3255bfef95601890afd80709&c_cache_key=dashboard_card_assistance_d478359b6e60c003c04f61e12b319ac2c294f56c HTTP/1.1" 200 1033 "https://servicedesk.urbanovitalino.adv.br/front/central.php" "Mozilla/5.0 (X11; Linux x86_64) AppleWebKit/537.36 (KHTML, like Gecko) Chrome/144.0.0.0 Safari/537.36"
187.33.225.46 - - [05/Feb/2026:09:30:49 -0300] "GET /ajax/dashboard.php?dashboard=assets&action=get_dashboard_items&embed=0 HTTP/1.1" 200 14939 "https://servicedesk.urbanovitalino.adv.br/front/central.php" "Mozilla/5.0 (X11; Linux x86_64) AppleWebKit/537.36 (KHTML, like Gecko) Chrome/144.0.0.0 Safari/537.36"
186.211.180.14 - - [05/Feb/2026:09:30:49 -0300] "GET /front/ticket.form.php?id=10298 HTTP/1.1" 200 82787 "https://servicedesk.urbanovitalino.adv.br/front/ticket.php" "Mozilla/5.0 (X11; Linux x86_64) AppleWebKit/537.36 (KHTML, like Gecko) Chrome/143.0.0.0 Safari/537.36"
131.0.225.106 - - [05/Feb/2026:09:30:49 -0300] "GET /ajax/notifications_ajax.php HTTP/1.1" 200 15 "https://servicedesk.urbanovitalino.adv.br/front/computer.php?is_deleted=0&as_map=0&criteria%5B0%5D%5Blink%5D=AND&criteria%5B0%5D%5Bfield%5D=view&criteria%5B0%5D%5Bsearchtype%5D=contains&criteria%5B0%5D%5Bvalue%5D=NBHP0111&search=Pesquisar&itemtype=Computer&start=0&_glpi_csrf_token=c59c9dc82ba479f3c0cce04c5434750b75452d7b3ff251d8a8fe6c66a6926cf4" "Mozilla/5.0 (Windows NT 10.0; Win64; x64) AppleWebKit/537.36 (KHTML, like Gecko) Chrome/144.0.0.0 Safari/537.36"
186.211.180.14 - - [05/Feb/2026:09:30:50 -0300] "GET /plugins/mod/ajax/display_ind.php HTTP/1.1" 200 1984 "https://servicedesk.urbanovitalino.adv.br/front/ticket.form.php?id=10298" "Mozilla/5.0 (X11; Linux x86_64) AppleWebKit/537.36 (KHTML, like Gecko) Chrome/143.0.0.0 Safari/537.36"
179.60.169.62 - - [05/Feb/2026:09:30:50 -0300] "GET /ajax/notifications_ajax.php HTTP/1.1" 200 15 "https://servicedesk.urbanovitalino.adv.br/front/computer.php?is_deleted=0&as_map=0&criteria%5B0%5D%5Blink%5D=AND&criteria%5B0%5D%5Bfield%5D=view&criteria%5B0%5D%5Bsearchtype%5D=contains&criteria%5B0%5D%5Bvalue%5D=1653&search=Pesquisar&itemtype=Computer&start=0&_glpi_csrf_token=6b69b993f78bfb408c9a0379040bfbaea392eeb20f16905125a1b45ebec3a0d9" "Mozilla/5.0 (Macintosh; Intel Mac OS X 10_15_7) AppleWebKit/537.36 (KHTML, like Gecko) Chrome/144.0.0.0 Safari/537.36"
186.211.180.14 - - [05/Feb/2026:09:30:50 -0300] "GET /ajax/common.tabs.php?_target=/front/ticket.form.php&_itemtype=Ticket&_glpi_tab=Ticket$main&id=10298& HTTP/1.1" 200 102776 "https://servicedesk.urbanovitalino.adv.br/front/ticket.form.php?id=10298" "Mozilla/5.0 (X11; Linux x86_64) AppleWebKit/537.36 (KHTML, like Gecko) Chrome/143.0.0.0 Safari/537.36"
187.33.225.46 - - [05/Feb/2026:09:30:51 -0300] "GET /ajax/dashboard.php?action=get_card&dashboard=assets&card_id=count_NetworkEquipment_Manufacturer&force=0&embed=0&args%5Bcolor%5D=%23fcf8ed&args%5Bwidgettype%5D=hbar&args%5Buse_gradient%5D=0&args%5Blimit%5D=5&args%5Bcard_id%5D=count_NetworkEquipment_Manufacturer&args%5Bcache_key%5D=dashboard_card_assets_abf71aab5ec9369de593131efba6bbea8ce3d01e&args%5Bgridstack_id%5D=count_NetworkEquipment_Manufacturer_8132b21c-6f7f-4dc1-af54-bea794cb96e9&d_cache_key=da39a3ee5e6b4b0d3255bfef95601890afd80709&c_cache_key=dashboard_card_assets_abf71aab5ec9369de593131efba6bbea8ce3d01e HTTP/1.1" 200 6629 "https://servicedesk.urbanovitalino.adv.br/front/central.php" "Mozilla/5.0 (X11; Linux x86_64) AppleWebKit/537.36 (KHTML, like Gecko) Chrome/144.0.0.0 Safari/537.36"
187.33.225.46 - - [05/Feb/2026:09:30:51 -0300] "GET /ajax/dashboard.php?action=get_card&dashboard=assets&card_id=count_Monitor_Manufacturer&force=0&embed=0&args%5Bcolor%5D=%23f9fbfb&args%5Bwidgettype%5D=donut&args%5Buse_gradient%5D=1&args%5Blimit%5D=5&args%5Bcard_id%5D=count_Monitor_Manufacturer&args%5Bcache_key%5D=dashboard_card_assets_538ee276b37a2e2f2c1a7cfea01285d4bddbca71&args%5Bgridstack_id%5D=count_Monitor_Manufacturer_43b0c16b-af82-418e-aac1-f32b39705c0d&d_cache_key=da39a3ee5e6b4b0d3255bfef95601890afd80709&c_cache_key=dashboard_card_assets_538ee276b37a2e2f2c1a7cfea01285d4bddbca71 HTTP/1.1" 200 10265 "https://servicedesk.urbanovitalino.adv.br/front/central.php" "Mozilla/5.0 (X11; Linux x86_64) AppleWebKit/537.36 (KHTML, like Gecko) Chrome/144.0.0.0 Safari/537.36"
187.33.225.46 - - [05/Feb/2026:09:30:51 -0300] "GET /ajax/dashboard.php?action=get_card&dashboard=assets&card_id=count_Computer_State&force=0&embed=0&args%5Bcolor%5D=%23fbf7f7&args%5Bwidgettype%5D=donut&args%5Buse_gradient%5D=1&args%5Blimit%5D=5&args%5Bcard_id%5D=count_Computer_State&args%5Bcache_key%5D=dashboard_card_assets_428a98a1080c32b73060d1faf48aeca62da3cc55&args%5Bgridstack_id%5D=count_Computer_State_290c5920-9eab-4db8-8753-46108e60f1d8&d_cache_key=da39a3ee5e6b4b0d3255bfef95601890afd80709&c_cache_key=dashboard_card_assets_428a98a1080c32b73060d1faf48aeca62da3cc55 HTTP/1.1" 200 6086 "https://servicedesk.urbanovitalino.adv.br/front/central.php" "Mozilla/5.0 (X11; Linux x86_64) AppleWebKit/537.36 (KHTML, like Gecko) Chrome/144.0.0.0 Safari/537.36"
187.33.225.46 - - [05/Feb/2026:09:30:51 -0300] "GET /ajax/dashboard.php?action=get_card&dashboard=assets&card_id=count_Computer_ComputerType&force=0&embed=0&args%5Bcolor%5D=%23f5f9fa&args%5Bwidgettype%5D=donut&args%5Buse_gradient%5D=1&args%5Blimit%5D=5&args%5Bcard_id%5D=count_Computer_ComputerType&args%5Bcache_key%5D=dashboard_card_assets_18a766654584316acdda189ac9d71885466ec667&args%5Bgridstack_id%5D=count_Computer_ComputerType_c58f9c7e-22d5-478b-8226-d2a752bcbb09&d_cache_key=da39a3ee5e6b4b0d3255bfef95601890afd80709&c_cache_key=dashboard_card_assets_18a766654584316acdda189ac9d71885466ec667 HTTP/1.1" 200 8083 "https://servicedesk.urbanovitalino.adv.br/front/central.php" "Mozilla/5.0 (X11; Linux x86_64) AppleWebKit/537.36 (KHTML, like Gecko) Chrome/144.0.0.0 Safari/537.36"
186.211.180.14 - - [05/Feb/2026:09:30:51 -0300] "GET /front/?v=9.5.5 HTTP/1.1" 200 0 "https://servicedesk.urbanovitalino.adv.br/front/ticket.form.php?id=10298" "Mozilla/5.0 (X11; Linux x86_64) AppleWebKit/537.36 (KHTML, like Gecko) Chrome/143.0.0.0 Safari/537.36"
186.211.180.14 - - [05/Feb/2026:09:30:52 -0300] "GET /ajax/notifications_ajax.php HTTP/1.1" 200 15 "https://servicedesk.urbanovitalino.adv.br/front/computer.php?is_deleted=0&as_map=0&criteria%5B0%5D%5Blink%5D=AND&criteria%5B0%5D%5Bfield%5D=view&criteria%5B0%5D%5Bsearchtype%5D=contains&criteria%5B0%5D%5Bvalue%5D=1653&search=Pesquisar&itemtype=Computer&start=0&_glpi_csrf_token=81d1010dc5f82703ec3cf6e27d3c6e52be5b95bf15916d721d9309156019b4d7" "Mozilla/5.0 (Windows NT 10.0; Win64; x64) AppleWebKit/537.36 (KHTML, like Gecko) Chrome/144.0.0.0 Safari/537.36"
177.192.16.230 - - [05/Feb/2026:09:30:53 -0300] "POST /plugins/fusioninventory/ HTTP/1.1" 200 110 "-" "FusionInventory-Agent_v2.6"
186.211.180.14 - - [05/Feb/2026:09:30:54 -0300] "POST /front/ticket.form.php HTTP/1.1" 302 0 "https://servicedesk.urbanovitalino.adv.br/front/ticket.form.php?id=10298" "Mozilla/5.0 (X11; Linux x86_64) AppleWebKit/537.36 (KHTML, like Gecko) Chrome/143.0.0.0 Safari/537.36"
131.0.225.106 - - [05/Feb/2026:09:30:54 -0300] "GET /ajax/notifications_ajax.php HTTP/1.1" 200 15 "https://servicedesk.urbanovitalino.adv.br/front/computer.php?is_deleted=0&as_map=0&criteria%5B0%5D%5Blink%5D=AND&criteria%5B0%5D%5Bfield%5D=view&criteria%5B0%5D%5Bsearchtype%5D=contains&criteria%5B0%5D%5Bvalue%5D=NBHP0111&search=Pesquisar&itemtype=Computer&start=0&_glpi_csrf_token=c59c9dc82ba479f3c0cce04c5434750b75452d7b3ff251d8a8fe6c66a6926cf4" "Mozilla/5.0 (Windows NT 10.0; Win64; x64) AppleWebKit/537.36 (KHTML, like Gecko) Chrome/144.0.0.0 Safari/537.36"
186.211.180.14 - - [05/Feb/2026:09:30:55 -0300] "GET /front/ticket.form.php?id=10298 HTTP/1.1" 200 83443 "https://servicedesk.urbanovitalino.adv.br/front/ticket.form.php?id=10298" "Mozilla/5.0 (X11; Linux x86_64) AppleWebKit/537.36 (KHTML, like Gecko) Chrome/143.0.0.0 Safari/537.36"
179.60.169.62 - - [05/Feb/2026:09:30:55 -0300] "GET /ajax/notifications_ajax.php HTTP/1.1" 200 15 "https://servicedesk.urbanovitalino.adv.br/front/computer.php?is_deleted=0&as_map=0&criteria%5B0%5D%5Blink%5D=AND&criteria%5B0%5D%5Bfield%5D=view&criteria%5B0%5D%5Bsearchtype%5D=contains&criteria%5B0%5D%5Bvalue%5D=1653&search=Pesquisar&itemtype=Computer&start=0&_glpi_csrf_token=6b69b993f78bfb408c9a0379040bfbaea392eeb20f16905125a1b45ebec3a0d9" "Mozilla/5.0 (Macintosh; Intel Mac OS X 10_15_7) AppleWebKit/537.36 (KHTML, like Gecko) Chrome/144.0.0.0 Safari/537.36"
186.211.180.14 - - [05/Feb/2026:09:30:55 -0300] "GET /ajax/common.tabs.php?_target=/front/ticket.form.php&_itemtype=Ticket&_glpi_tab=Ticket$main&id=10298& HTTP/1.1" 200 21222 "https://servicedesk.urbanovitalino.adv.br/front/ticket.form.php?id=10298" "Mozilla/5.0 (X11; Linux x86_64) AppleWebKit/537.36 (KHTML, like Gecko) Chrome/143.0.0.0 Safari/537.36"
186.211.180.14 - - [05/Feb/2026:09:30:55 -0300] "GET /plugins/mod/ajax/display_ind.php HTTP/1.1" 200 1984 "https://servicedesk.urbanovitalino.adv.br/front/ticket.form.php?id=10298" "Mozilla/5.0 (X11; Linux x86_64) AppleWebKit/537.36 (KHTML, like Gecko) Chrome/143.0.0.0 Safari/537.36"
187.33.225.46 - - [05/Feb/2026:09:30:56 -0300] "GET /ajax/notifications_ajax.php HTTP/1.1" 200 15 "https://servicedesk.urbanovitalino.adv.br/front/central.php" "Mozilla/5.0 (X11; Linux x86_64) AppleWebKit/537.36 (KHTML, like Gecko) Chrome/144.0.0.0 Safari/537.36"
186.211.180.14 - - [05/Feb/2026:09:30:57 -0300] "GET /ajax/notifications_ajax.php HTTP/1.1" 200 15 "https://servicedesk.urbanovitalino.adv.br/front/computer.php?is_deleted=0&as_map=0&criteria%5B0%5D%5Blink%5D=AND&criteria%5B0%5D%5Bfield%5D=view&criteria%5B0%5D%5Bsearchtype%5D=contains&criteria%5B0%5D%5Bvalue%5D=1653&search=Pesquisar&itemtype=Computer&start=0&_glpi_csrf_token=81d1010dc5f82703ec3cf6e27d3c6e52be5b95bf15916d721d9309156019b4d7" "Mozilla/5.0 (Windows NT 10.0; Win64; x64) AppleWebKit/537.36 (KHTML, like Gecko) Chrome/144.0.0.0 Safari/537.36"
186.211.180.14 - - [05/Feb/2026:09:30:58 -0300] "GET /front/ticket.php HTTP/1.1" 200 181024 "https://servicedesk.urbanovitalino.adv.br/front/ticket.form.php?id=10298" "Mozilla/5.0 (X11; Linux x86_64) AppleWebKit/537.36 (KHTML, like Gecko) Chrome/143.0.0.0 Safari/537.36"
186.211.180.14 - - [05/Feb/2026:09:30:59 -0300] "GET /plugins/mod/ajax/display_ind.php HTTP/1.1" 200 1984 "https://servicedesk.urbanovitalino.adv.br/front/ticket.php" "Mozilla/5.0 (X11; Linux x86_64) AppleWebKit/537.36 (KHTML, like Gecko) Chrome/143.0.0.0 Safari/537.36"
186.211.180.14 - - [05/Feb/2026:09:30:59 -0300] "POST /front/ticket.form.php HTTP/1.1" 302 0 "https://servicedesk.urbanovitalino.adv.br/front/ticket.form.php" "Mozilla/5.0 (Windows NT 10.0; Win64; x64) AppleWebKit/537.36 (KHTML, like Gecko) Chrome/144.0.0.0 Safari/537.36"
131.0.225.106 - - [05/Feb/2026:09:30:59 -0300] "GET /ajax/notifications_ajax.php HTTP/1.1" 200 15 "https://servicedesk.urbanovitalino.adv.br/front/computer.php?is_deleted=0&as_map=0&criteria%5B0%5D%5Blink%5D=AND&criteria%5B0%5D%5Bfield%5D=view&criteria%5B0%5D%5Bsearchtype%5D=contains&criteria%5B0%5D%5Bvalue%5D=NBHP0111&search=Pesquisar&itemtype=Computer&start=0&_glpi_csrf_token=c59c9dc82ba479f3c0cce04c5434750b75452d7b3ff251d8a8fe6c66a6926cf4" "Mozilla/5.0 (Windows NT 10.0; Win64; x64) AppleWebKit/537.36 (KHTML, like Gecko) Chrome/144.0.0.0 Safari/537.36"
186.211.180.14 - - [05/Feb/2026:09:30:59 -0300] "GET /front/ticket.form.php?id=10717 HTTP/1.1" 200 73366 "https://servicedesk.urbanovitalino.adv.br/front/ticket.form.php" "Mozilla/5.0 (Windows NT 10.0; Win64; x64) AppleWebKit/537.36 (KHTML, like Gecko) Chrome/144.0.0.0 Safari/537.36"
186.211.180.14 - - [05/Feb/2026:09:31:00 -0300] "GET /ajax/common.tabs.php?_target=/front/ticket.form.php&_itemtype=Ticket&_glpi_tab=Ticket$main&id=10717& HTTP/1.1" 200 21884 "https://servicedesk.urbanovitalino.adv.br/front/ticket.form.php?id=10717" "Mozilla/5.0 (Windows NT 10.0; Win64; x64) AppleWebKit/537.36 (KHTML, like Gecko) Chrome/144.0.0.0 Safari/537.36"
179.60.169.62 - - [05/Feb/2026:09:31:00 -0300] "GET /ajax/notifications_ajax.php HTTP/1.1" 200 15 "https://servicedesk.urbanovitalino.adv.br/front/computer.php?is_deleted=0&as_map=0&criteria%5B0%5D%5Blink%5D=AND&criteria%5B0%5D%5Bfield%5D=view&criteria%5B0%5D%5Bsearchtype%5D=contains&criteria%5B0%5D%5Bvalue%5D=1653&search=Pesquisar&itemtype=Computer&start=0&_glpi_csrf_token=6b69b993f78bfb408c9a0379040bfbaea392eeb20f16905125a1b45ebec3a0d9" "Mozilla/5.0 (Macintosh; Intel Mac OS X 10_15_7) AppleWebKit/537.36 (KHTML, like Gecko) Chrome/144.0.0.0 Safari/537.36"
186.211.180.14 - - [05/Feb/2026:09:31:00 -0300] "GET /plugins/mod/ajax/display_ind.php HTTP/1.1" 200 1758 "https://servicedesk.urbanovitalino.adv.br/front/ticket.form.php?id=10717" "Mozilla/5.0 (Windows NT 10.0; Win64; x64) AppleWebKit/537.36 (KHTML, like Gecko) Chrome/144.0.0.0 Safari/537.36"
152.241.9.53 - - [05/Feb/2026:09:31:01 -0300] "POST /plugins/fusioninventory/ HTTP/1.1" 200 110 "-" "FusionInventory-Agent_v2.6"
187.33.225.46 - - [05/Feb/2026:09:31:01 -0300] "GET /ajax/notifications_ajax.php HTTP/1.1" 200 15 "https://servicedesk.urbanovitalino.adv.br/front/central.php" "Mozilla/5.0 (X11; Linux x86_64) AppleWebKit/537.36 (KHTML, like Gecko) Chrome/144.0.0.0 Safari/537.36"
186.211.180.14 - - [05/Feb/2026:09:31:02 -0300] "GET /ajax/notifications_ajax.php HTTP/1.1" 200 15 "https://servicedesk.urbanovitalino.adv.br/front/computer.php?is_deleted=0&as_map=0&criteria%5B0%5D%5Blink%5D=AND&criteria%5B0%5D%5Bfield%5D=view&criteria%5B0%5D%5Bsearchtype%5D=contains&criteria%5B0%5D%5Bvalue%5D=1653&search=Pesquisar&itemtype=Computer&start=0&_glpi_csrf_token=81d1010dc5f82703ec3cf6e27d3c6e52be5b95bf15916d721d9309156019b4d7" "Mozilla/5.0 (Windows NT 10.0; Win64; x64) AppleWebKit/537.36 (KHTML, like Gecko) Chrome/144.0.0.0 Safari/537.36"
186.211.180.14 - - [05/Feb/2026:09:31:03 -0300] "POST /front/ticket.php?sort=19&order=DESC&criteria%5B0%5D%5Bfield%5D=12&criteria%5B0%5D%5Bsearchtype%5D=equals&criteria%5B0%5D%5Bvalue%5D=notold&&start=0 HTTP/1.1" 200 284288 "https://servicedesk.urbanovitalino.adv.br/front/ticket.php" "Mozilla/5.0 (X11; Linux x86_64) AppleWebKit/537.36 (KHTML, like Gecko) Chrome/143.0.0.0 Safari/537.36"
186.211.180.14 - - [05/Feb/2026:09:31:04 -0300] "GET /plugins/mod/ajax/display_ind.php HTTP/1.1" 200 1984 "https://servicedesk.urbanovitalino.adv.br/front/ticket.php?sort=19&order=DESC&criteria%5B0%5D%5Bfield%5D=12&criteria%5B0%5D%5Bsearchtype%5D=equals&criteria%5B0%5D%5Bvalue%5D=notold&&start=0" "Mozilla/5.0 (X11; Linux x86_64) AppleWebKit/537.36 (KHTML, like Gecko) Chrome/143.0.0.0 Safari/537.36"
186.218.74.104 - - [05/Feb/2026:09:31:04 -0300] "POST /plugins/fusioninventory/ HTTP/1.1" 200 110 "-" "FusionInventory-Agent_v2.6"
131.0.225.106 - - [05/Feb/2026:09:31:04 -0300] "GET /ajax/notifications_ajax.php HTTP/1.1" 200 15 "https://servicedesk.urbanovitalino.adv.br/front/computer.php?is_deleted=0&as_map=0&criteria%5B0%5D%5Blink%5D=AND&criteria%5B0%5D%5Bfield%5D=view&criteria%5B0%5D%5Bsearchtype%5D=contains&criteria%5B0%5D%5Bvalue%5D=NBHP0111&search=Pesquisar&itemtype=Computer&start=0&_glpi_csrf_token=c59c9dc82ba479f3c0cce04c5434750b75452d7b3ff251d8a8fe6c66a6926cf4" "Mozilla/5.0 (Windows NT 10.0; Win64; x64) AppleWebKit/537.36 (KHTML, like Gecko) Chrome/144.0.0.0 Safari/537.36"
179.60.169.62 - - [05/Feb/2026:09:31:05 -0300] "GET /ajax/notifications_ajax.php HTTP/1.1" 200 15 "https://servicedesk.urbanovitalino.adv.br/front/computer.php?is_deleted=0&as_map=0&criteria%5B0%5D%5Blink%5D=AND&criteria%5B0%5D%5Bfield%5D=view&criteria%5B0%5D%5Bsearchtype%5D=contains&criteria%5B0%5D%5Bvalue%5D=1653&search=Pesquisar&itemtype=Computer&start=0&_glpi_csrf_token=6b69b993f78bfb408c9a0379040bfbaea392eeb20f16905125a1b45ebec3a0d9" "Mozilla/5.0 (Macintosh; Intel Mac OS X 10_15_7) AppleWebKit/537.36 (KHTML, like Gecko) Chrome/144.0.0.0 Safari/537.36"
187.33.225.46 - - [05/Feb/2026:09:31:06 -0300] "GET /ajax/notifications_ajax.php HTTP/1.1" 200 15 "https://servicedesk.urbanovitalino.adv.br/front/central.php" "Mozilla/5.0 (X11; Linux x86_64) AppleWebKit/537.36 (KHTML, like Gecko) Chrome/144.0.0.0 Safari/537.36"
186.211.180.14 - - [05/Feb/2026:09:31:08 -0300] "GET /front/ticket.form.php?id=10076 HTTP/1.1" 200 83646 "https://servicedesk.urbanovitalino.adv.br/front/ticket.php?sort=19&order=DESC&criteria%5B0%5D%5Bfield%5D=12&criteria%5B0%5D%5Bsearchtype%5D=equals&criteria%5B0%5D%5Bvalue%5D=notold&&start=0" "Mozilla/5.0 (X11; Linux x86_64) AppleWebKit/537.36 (KHTML, like Gecko) Chrome/143.0.0.0 Safari/537.36"
186.211.180.14 - - [05/Feb/2026:09:31:09 -0300] "GET /plugins/mod/ajax/display_ind.php HTTP/1.1" 200 1984 "https://servicedesk.urbanovitalino.adv.br/front/ticket.form.php?id=10076" "Mozilla/5.0 (X11; Linux x86_64) AppleWebKit/537.36 (KHTML, like Gecko) Chrome/143.0.0.0 Safari/537.36"
131.0.225.106 - - [05/Feb/2026:09:31:09 -0300] "GET /ajax/notifications_ajax.php HTTP/1.1" 200 15 "https://servicedesk.urbanovitalino.adv.br/front/computer.php?is_deleted=0&as_map=0&criteria%5B0%5D%5Blink%5D=AND&criteria%5B0%5D%5Bfield%5D=view&criteria%5B0%5D%5Bsearchtype%5D=contains&criteria%5B0%5D%5Bvalue%5D=NBHP0111&search=Pesquisar&itemtype=Computer&start=0&_glpi_csrf_token=c59c9dc82ba479f3c0cce04c5434750b75452d7b3ff251d8a8fe6c66a6926cf4" "Mozilla/5.0 (Windows NT 10.0; Win64; x64) AppleWebKit/537.36 (KHTML, like Gecko) Chrome/144.0.0.0 Safari/537.36"
186.211.180.14 - - [05/Feb/2026:09:31:10 -0300] "GET /ajax/common.tabs.php?_target=/front/ticket.form.php&_itemtype=Ticket&_glpi_tab=Ticket$main&id=10076& HTTP/1.1" 200 102764 "https://servicedesk.urbanovitalino.adv.br/front/ticket.form.php?id=10076" "Mozilla/5.0 (X11; Linux x86_64) AppleWebKit/537.36 (KHTML, like Gecko) Chrome/143.0.0.0 Safari/537.36"
179.60.169.62 - - [05/Feb/2026:09:31:10 -0300] "GET /ajax/notifications_ajax.php HTTP/1.1" 200 15 "https://servicedesk.urbanovitalino.adv.br/front/computer.php?is_deleted=0&as_map=0&criteria%5B0%5D%5Blink%5D=AND&criteria%5B0%5D%5Bfield%5D=view&criteria%5B0%5D%5Bsearchtype%5D=contains&criteria%5B0%5D%5Bvalue%5D=1653&search=Pesquisar&itemtype=Computer&start=0&_glpi_csrf_token=6b69b993f78bfb408c9a0379040bfbaea392eeb20f16905125a1b45ebec3a0d9" "Mozilla/5.0 (Macintosh; Intel Mac OS X 10_15_7) AppleWebKit/537.36 (KHTML, like Gecko) Chrome/144.0.0.0 Safari/537.36"
186.211.180.14 - - [05/Feb/2026:09:31:10 -0300] "GET /front/?v=9.5.5 HTTP/1.1" 200 0 "https://servicedesk.urbanovitalino.adv.br/front/ticket.form.php?id=10076" "Mozilla/5.0 (X11; Linux x86_64) AppleWebKit/537.36 (KHTML, like Gecko) Chrome/143.0.0.0 Safari/537.36"
187.33.225.46 - - [05/Feb/2026:09:31:11 -0300] "GET /ajax/notifications_ajax.php HTTP/1.1" 200 15 "https://servicedesk.urbanovitalino.adv.br/front/central.php" "Mozilla/5.0 (X11; Linux x86_64) AppleWebKit/537.36 (KHTML, like Gecko) Chrome/144.0.0.0 Safari/537.36"
186.211.180.14 - - [05/Feb/2026:09:31:13 -0300] "GET /ajax/notifications_ajax.php HTTP/1.1" 200 15 "https://servicedesk.urbanovitalino.adv.br/front/computer.php?is_deleted=0&as_map=0&criteria%5B0%5D%5Blink%5D=AND&criteria%5B0%5D%5Bfield%5D=view&criteria%5B0%5D%5Bsearchtype%5D=contains&criteria%5B0%5D%5Bvalue%5D=1653&search=Pesquisar&itemtype=Computer&start=0&_glpi_csrf_token=81d1010dc5f82703ec3cf6e27d3c6e52be5b95bf15916d721d9309156019b4d7" "Mozilla/5.0 (Windows NT 10.0; Win64; x64) AppleWebKit/537.36 (KHTML, like Gecko) Chrome/144.0.0.0 Safari/537.36"
186.211.180.14 - - [05/Feb/2026:09:31:13 -0300] "GET /ajax/notifications_ajax.php HTTP/1.1" 200 15 "https://servicedesk.urbanovitalino.adv.br/front/computer.php?is_deleted=0&as_map=0&criteria%5B0%5D%5Blink%5D=AND&criteria%5B0%5D%5Bfield%5D=view&criteria%5B0%5D%5Bsearchtype%5D=contains&criteria%5B0%5D%5Bvalue%5D=1653&search=Pesquisar&itemtype=Computer&start=0&_glpi_csrf_token=81d1010dc5f82703ec3cf6e27d3c6e52be5b95bf15916d721d9309156019b4d7" "Mozilla/5.0 (Windows NT 10.0; Win64; x64) AppleWebKit/537.36 (KHTML, like Gecko) Chrome/144.0.0.0 Safari/537.36"
131.0.225.106 - - [05/Feb/2026:09:31:14 -0300] "GET /ajax/notifications_ajax.php HTTP/1.1" 200 15 "https://servicedesk.urbanovitalino.adv.br/front/computer.php?is_deleted=0&as_map=0&criteria%5B0%5D%5Blink%5D=AND&criteria%5B0%5D%5Bfield%5D=view&criteria%5B0%5D%5Bsearchtype%5D=contains&criteria%5B0%5D%5Bvalue%5D=NBHP0111&search=Pesquisar&itemtype=Computer&start=0&_glpi_csrf_token=c59c9dc82ba479f3c0cce04c5434750b75452d7b3ff251d8a8fe6c66a6926cf4" "Mozilla/5.0 (Windows NT 10.0; Win64; x64) AppleWebKit/537.36 (KHTML, like Gecko) Chrome/144.0.0.0 Safari/537.36"
186.211.180.14 - - [05/Feb/2026:09:31:15 -0300] "GET /ajax/notifications_ajax.php HTTP/1.1" 200 15 "https://servicedesk.urbanovitalino.adv.br/front/central.php" "Mozilla/5.0 (Windows NT 10.0; Win64; x64) AppleWebKit/537.36 (KHTML, like Gecko) Chrome/144.0.0.0 Safari/537.36"
179.60.169.62 - - [05/Feb/2026:09:31:16 -0300] "GET /ajax/notifications_ajax.php HTTP/1.1" 200 15 "https://servicedesk.urbanovitalino.adv.br/front/computer.php?is_deleted=0&as_map=0&criteria%5B0%5D%5Blink%5D=AND&criteria%5B0%5D%5Bfield%5D=view&criteria%5B0%5D%5Bsearchtype%5D=contains&criteria%5B0%5D%5Bvalue%5D=1653&search=Pesquisar&itemtype=Computer&start=0&_glpi_csrf_token=6b69b993f78bfb408c9a0379040bfbaea392eeb20f16905125a1b45ebec3a0d9" "Mozilla/5.0 (Macintosh; Intel Mac OS X 10_15_7) AppleWebKit/537.36 (KHTML, like Gecko) Chrome/144.0.0.0 Safari/537.36"
187.33.225.46 - - [05/Feb/2026:09:31:16 -0300] "GET /ajax/dashboard.php?dashboard=assistance&action=get_dashboard_items&embed=0 HTTP/1.1" 200 15488 "https://servicedesk.urbanovitalino.adv.br/front/central.php" "Mozilla/5.0 (X11; Linux x86_64) AppleWebKit/537.36 (KHTML, like Gecko) Chrome/144.0.0.0 Safari/537.36"
187.33.225.46 - - [05/Feb/2026:09:31:16 -0300] "GET /ajax/notifications_ajax.php HTTP/1.1" 200 15 "https://servicedesk.urbanovitalino.adv.br/front/central.php" "Mozilla/5.0 (X11; Linux x86_64) AppleWebKit/537.36 (KHTML, like Gecko) Chrome/144.0.0.0 Safari/537.36"
187.49.175.180 - - [05/Feb/2026:09:31:17 -0300] "POST /plugins/fusioninventory/ HTTP/1.1" 200 68 "-" "FusionInventory-Agent_v2.6"
186.211.180.14 - - [05/Feb/2026:09:31:17 -0300] "GET /ajax/notifications_ajax.php HTTP/1.1" 200 15 "https://servicedesk.urbanovitalino.adv.br/front/computer.php?is_deleted=0&as_map=0&criteria%5B0%5D%5Blink%5D=AND&criteria%5B0%5D%5Bfield%5D=view&criteria%5B0%5D%5Bsearchtype%5D=contains&criteria%5B0%5D%5Bvalue%5D=1653&search=Pesquisar&itemtype=Computer&start=0&_glpi_csrf_token=81d1010dc5f82703ec3cf6e27d3c6e52be5b95bf15916d721d9309156019b4d7" "Mozilla/5.0 (Windows NT 10.0; Win64; x64) AppleWebKit/537.36 (KHTML, like Gecko) Chrome/144.0.0.0 Safari/537.36"
186.211.180.14 - - [05/Feb/2026:09:31:18 -0300] "POST /front/ticket.form.php HTTP/1.1" 302 0 "https://servicedesk.urbanovitalino.adv.br/front/ticket.form.php?id=10076" "Mozilla/5.0 (X11; Linux x86_64) AppleWebKit/537.36 (KHTML, like Gecko) Chrome/143.0.0.0 Safari/537.36"
187.33.225.46 - - [05/Feb/2026:09:31:18 -0300] "GET /ajax/dashboard.php?action=get_card&dashboard=assistance&card_id=bn_count_tickets_incoming&force=0&embed=0&args%5Bcolor%5D=%23a0e19d&args%5Bwidgettype%5D=bigNumber&args%5Buse_gradient%5D=0&args%5Blimit%5D=7&args%5Bcache_key%5D=dashboard_card_assistance_61120fe33961c4eabcce7a1a02ef6d24188dc11d&args%5Bcard_id%5D=bn_count_tickets_incoming&args%5Bgridstack_id%5D=bn_count_tickets_incoming_336a36d9-67fe-4475-880e-447bd766b8fe&d_cache_key=da39a3ee5e6b4b0d3255bfef95601890afd80709&c_cache_key=dashboard_card_assistance_61120fe33961c4eabcce7a1a02ef6d24188dc11d HTTP/1.1" 200 1029 "https://servicedesk.urbanovitalino.adv.br/front/central.php" "Mozilla/5.0 (X11; Linux x86_64) AppleWebKit/537.36 (KHTML, like Gecko) Chrome/144.0.0.0 Safari/537.36"
187.33.225.46 - - [05/Feb/2026:09:31:18 -0300] "GET /ajax/dashboard.php?action=get_card&dashboard=assistance&card_id=bn_count_Change&force=0&embed=0&args%5Bcolor%5D=%23cae3c4&args%5Bwidgettype%5D=bigNumber&args%5Buse_gradient%5D=0&args%5Blimit%5D=7&args%5Bcache_key%5D=dashboard_card_assistance_01345dcda3820c1d321f3812f1caeaf31ff6e4d9&args%5Bcard_id%5D=bn_count_Change&args%5Bgridstack_id%5D=bn_count_Change_b9b87513-4f40-41e6-8621-f51f9a30fb19&d_cache_key=da39a3ee5e6b4b0d3255bfef95601890afd80709&c_cache_key=dashboard_card_assistance_01345dcda3820c1d321f3812f1caeaf31ff6e4d9 HTTP/1.1" 200 823 "https://servicedesk.urbanovitalino.adv.br/front/central.php" "Mozilla/5.0 (X11; Linux x86_64) AppleWebKit/537.36 (KHTML, like Gecko) Chrome/144.0.0.0 Safari/537.36"
187.33.225.46 - - [05/Feb/2026:09:31:18 -0300] "GET /ajax/dashboard.php?action=get_card&dashboard=assistance&card_id=bn_count_tickets_solved&force=0&embed=0&args%5Bcolor%5D=%23d8d8d8&args%5Bwidgettype%5D=bigNumber&args%5Buse_gradient%5D=0&args%5Blimit%5D=7&args%5Bcache_key%5D=dashboard_card_assistance_a8b0eec10a8591ee68c737183beab1fe67045118&args%5Bcard_id%5D=bn_count_tickets_solved&args%5Bgridstack_id%5D=bn_count_tickets_solved_5e9759b3-ee7e-4a14-b68f-1ac024ef55ee&d_cache_key=da39a3ee5e6b4b0d3255bfef95601890afd80709&c_cache_key=dashboard_card_assistance_a8b0eec10a8591ee68c737183beab1fe67045118 HTTP/1.1" 200 1045 "https://servicedesk.urbanovitalino.adv.br/front/central.php" "Mozilla/5.0 (X11; Linux x86_64) AppleWebKit/537.36 (KHTML, like Gecko) Chrome/144.0.0.0 Safari/537.36"
200.9.20.251 - - [05/Feb/2026:09:31:18 -0300] "POST /plugins/fusioninventory/ HTTP/1.1" 200 110 "-" "FusionInventory-Agent_v2.6"
187.33.225.46 - - [05/Feb/2026:09:31:18 -0300] "GET /ajax/dashboard.php?action=get_card&dashboard=assistance&card_id=bn_count_tickets_planned&force=0&embed=0&args%5Bcolor%5D=%236298d5&args%5Bwidgettype%5D=bigNumber&args%5Buse_gradient%5D=0&args%5Blimit%5D=7&args%5Bcache_key%5D=dashboard_card_assistance_72c40042283d1b4a75c29030af4c9b9ea3effe5c&args%5Bcard_id%5D=bn_count_tickets_planned&args%5Bgridstack_id%5D=bn_count_tickets_planned_267bf627-9d5e-4b6c-b53d-b8623d793ccf&d_cache_key=da39a3ee5e6b4b0d3255bfef95601890afd80709&c_cache_key=dashboard_card_assistance_72c40042283d1b4a75c29030af4c9b9ea3effe5c HTTP/1.1" 200 1041 "https://servicedesk.urbanovitalino.adv.br/front/central.php" "Mozilla/5.0 (X11; Linux x86_64) AppleWebKit/537.36 (KHTML, like Gecko) Chrome/144.0.0.0 Safari/537.36"
186.211.180.14 - - [05/Feb/2026:09:31:18 -0300] "GET /front/ticket.form.php?id=10076 HTTP/1.1" 200 84330 "https://servicedesk.urbanovitalino.adv.br/front/ticket.form.php?id=10076" "Mozilla/5.0 (X11; Linux x86_64) AppleWebKit/537.36 (KHTML, like Gecko) Chrome/143.0.0.0 Safari/537.36"
187.33.225.46 - - [05/Feb/2026:09:31:18 -0300] "GET /ajax/dashboard.php?action=get_card&dashboard=assistance&card_id=bn_count_tickets_waiting&force=0&embed=0&args%5Bcolor%5D=%23ffcb7d&args%5Bwidgettype%5D=bigNumber&args%5Buse_gradient%5D=0&args%5Blimit%5D=7&args%5Bcache_key%5D=dashboard_card_assistance_c682baa05ee24eb7b236cd74e10c4af5bc41ea69&args%5Bcard_id%5D=bn_count_tickets_waiting&args%5Bgridstack_id%5D=bn_count_tickets_waiting_102b2c2a-6ac6-4d73-ba47-8b09382fe00e&d_cache_key=da39a3ee5e6b4b0d3255bfef95601890afd80709&c_cache_key=dashboard_card_assistance_c682baa05ee24eb7b236cd74e10c4af5bc41ea69 HTTP/1.1" 200 1039 "https://servicedesk.urbanovitalino.adv.br/front/central.php" "Mozilla/5.0 (X11; Linux x86_64) AppleWebKit/537.36 (KHTML, like Gecko) Chrome/144.0.0.0 Safari/537.36"
187.33.225.46 - - [05/Feb/2026:09:31:18 -0300] "GET /ajax/dashboard.php?action=get_card&dashboard=assistance&card_id=bn_count_tickets_closed&force=0&embed=0&args%5Bcolor%5D=%234a4a4a&args%5Bwidgettype%5D=bigNumber&args%5Buse_gradient%5D=0&args%5Blimit%5D=7&args%5Bcache_key%5D=dashboard_card_assistance_29d1b37066975faab6e3e7f5b812728cb1ad27ef&args%5Bpoint_labels%5D=0&args%5Bcard_id%5D=bn_count_tickets_closed&args%5Bgridstack_id%5D=bn_count_tickets_closed_f66a8fc4-ceec-44e2-be63-9c0cdeb31c4c&d_cache_key=da39a3ee5e6b4b0d3255bfef95601890afd80709&c_cache_key=dashboard_card_assistance_29d1b37066975faab6e3e7f5b812728cb1ad27ef HTTP/1.1" 200 1033 "https://servicedesk.urbanovitalino.adv.br/front/central.php" "Mozilla/5.0 (X11; Linux x86_64) AppleWebKit/537.36 (KHTML, like Gecko) Chrome/144.0.0.0 Safari/537.36"
