187.33.225.46 - - [05/Feb/2026:09:33:21 -0300] "GET /ajax/dashboard.php?action=get_card&dashboard=assets&card_id=bn_count_SoftwareLicense&force=0&embed=0&args%5Bcolor%5D=%239bc06b&args%5Bwidgettype%5D=bigNumber&args%5Buse_gradient%5D=0&args%5Blimit%5D=7&args%5Bcard_id%5D=bn_count_SoftwareLicense&args%5Bcache_key%5D=dashboard_card_assets_b015699d43188dcd1ed6485187ecd892e3cd7925&args%5Bgridstack_id%5D=bn_count_SoftwareLicense_576e58fe-a386-480f-b405-1c2315b8ab47&d_cache_key=da39a3ee5e6b4b0d3255bfef95601890afd80709&c_cache_key=dashboard_card_assets_b015699d43188dcd1ed6485187ecd892e3cd7925 HTTP/1.1" 200 900 "https://servicedesk.urbanovitalino.adv.br/front/central.php" "Mozilla/5.0 (X11; Linux x86_64) AppleWebKit/537.36 (KHTML, like Gecko) Chrome/144.0.0.0 Safari/537.36"
187.33.225.46 - - [05/Feb/2026:09:33:21 -0300] "GET /ajax/dashboard.php?action=get_card&dashboard=assets&card_id=bn_count_Monitor&force=0&embed=0&args%5Bcolor%5D=%23dc6f6f&args%5Bwidgettype%5D=bigNumber&args%5Buse_gradient%5D=0&args%5Blimit%5D=7&args%5Bcard_id%5D=bn_count_Monitor&args%5Bcache_key%5D=dashboard_card_assets_d40f24013bea580dad432b3e3899d521fe93d1e4&args%5Bgridstack_id%5D=bn_count_Monitor_890e16d3-b121-48c6-9713-d9c239d9a970&d_cache_key=da39a3ee5e6b4b0d3255bfef95601890afd80709&c_cache_key=dashboard_card_assets_d40f24013bea580dad432b3e3899d521fe93d1e4 HTTP/1.1" 200 902 "https://servicedesk.urbanovitalino.adv.br/front/central.php" "Mozilla/5.0 (X11; Linux x86_64) AppleWebKit/537.36 (KHTML, like Gecko) Chrome/144.0.0.0 Safari/537.36"
187.33.225.46 - - [05/Feb/2026:09:33:21 -0300] "GET /ajax/dashboard.php?action=get_card&dashboard=assets&card_id=count_Computer_Manufacturer&force=0&embed=0&args%5Bcolor%5D=%23f3f5f1&args%5Bwidgettype%5D=hbar&args%5Buse_gradient%5D=1&args%5Blimit%5D=5&args%5Bcard_id%5D=count_Computer_Manufacturer&args%5Bcache_key%5D=dashboard_card_assets_5efa8b49e7873eb1789dd95f82b119ced049df8f&args%5Bgridstack_id%5D=count_Computer_Manufacturer_986e92e8-32e8-4a6f-806f-6f5383acbb3f&d_cache_key=da39a3ee5e6b4b0d3255bfef95601890afd80709&c_cache_key=dashboard_card_assets_5efa8b49e7873eb1789dd95f82b119ced049df8f HTTP/1.1" 200 10111 "https://servicedesk.urbanovitalino.adv.br/front/central.php" "Mozilla/5.0 (X11; Linux x86_64) AppleWebKit/537.36 (KHTML, like Gecko) Chrome/144.0.0.0 Safari/537.36"
187.33.225.46 - - [05/Feb/2026:09:33:22 -0300] "GET /ajax/notifications_ajax.php HTTP/1.1" 200 15 "https://servicedesk.urbanovitalino.adv.br/front/central.php" "Mozilla/5.0 (X11; Linux x86_64) AppleWebKit/537.36 (KHTML, like Gecko) Chrome/144.0.0.0 Safari/537.36"
186.211.180.14 - - [05/Feb/2026:09:33:22 -0300] "GET /ajax/notifications_ajax.php HTTP/1.1" 200 15 "https://servicedesk.urbanovitalino.adv.br/front/computer.php?is_deleted=0&as_map=0&criteria%5B0%5D%5Blink%5D=AND&criteria%5B0%5D%5Bfield%5D=view&criteria%5B0%5D%5Bsearchtype%5D=contains&criteria%5B0%5D%5Bvalue%5D=1653&search=Pesquisar&itemtype=Computer&start=0&_glpi_csrf_token=81d1010dc5f82703ec3cf6e27d3c6e52be5b95bf15916d721d9309156019b4d7" "Mozilla/5.0 (Windows NT 10.0; Win64; x64) AppleWebKit/537.36 (KHTML, like Gecko) Chrome/144.0.0.0 Safari/537.36"
177.36.4.104 - - [05/Feb/2026:09:33:24 -0300] "POST /plugins/fusioninventory/ HTTP/1.1" 200 110 "-" "FusionInventory-Agent_v2.6"
131.0.225.106 - - [05/Feb/2026:09:33:24 -0300] "GET /ajax/notifications_ajax.php HTTP/1.1" 200 15 "https://servicedesk.urbanovitalino.adv.br/front/computer.php?is_deleted=0&as_map=0&criteria%5B0%5D%5Blink%5D=AND&criteria%5B0%5D%5Bfield%5D=view&criteria%5B0%5D%5Bsearchtype%5D=contains&criteria%5B0%5D%5Bvalue%5D=NBHP0111&search=Pesquisar&itemtype=Computer&start=0&_glpi_csrf_token=c59c9dc82ba479f3c0cce04c5434750b75452d7b3ff251d8a8fe6c66a6926cf4" "Mozilla/5.0 (Windows NT 10.0; Win64; x64) AppleWebKit/537.36 (KHTML, like Gecko) Chrome/144.0.0.0 Safari/537.36"
186.211.180.14 - - [05/Feb/2026:09:33:27 -0300] "GET /front/ticket.php?is_deleted=0&criteria[0][field]=5&criteria[0][searchtype]=equals&criteria[0][value]=37&criteria[1][link]=AND&criteria[1][field]=12&criteria[1][searchtype]=equals&criteria[1][value]=notold&itemtype=Ticket&start=0 HTTP/1.1" 200 231025 "https://servicedesk.urbanovitalino.adv.br/front/ticket.form.php?id=10719" "Mozilla/5.0 (X11; Linux x86_64) AppleWebKit/537.36 (KHTML, like Gecko) Chrome/144.0.0.0 Safari/537.36"
186.211.180.14 - - [05/Feb/2026:09:33:27 -0300] "GET /ajax/dashboard.php?action=get_card&dashboard=mini_tickets&card_id=bn_count_tickets_incoming&force=0&embed=0&args%5Bcolor%5D=%236fd169&args%5Bwidgettype%5D=bigNumber&args%5Buse_gradient%5D=0&args%5Blimit%5D=7&args%5Bcache_key%5D=dashboard_card_mini_tickets_773ca64376d171b02f0d8f729d6239b1df4953c7&args%5Bcard_id%5D=bn_count_tickets_incoming&args%5Bgridstack_id%5D=bn_count_tickets_incoming_055e813c-b0ce-4687-91ef-559249e8ddd8&d_cache_key=da39a3ee5e6b4b0d3255bfef95601890afd80709&c_cache_key=dashboard_card_mini_tickets_773ca64376d171b02f0d8f729d6239b1df4953c7 HTTP/1.1" 200 1032 "https://servicedesk.urbanovitalino.adv.br/front/ticket.php?is_deleted=0&criteria[0][field]=5&criteria[0][searchtype]=equals&criteria[0][value]=37&criteria[1][link]=AND&criteria[1][field]=12&criteria[1][searchtype]=equals&criteria[1][value]=notold&itemtype=Ticket&start=0" "Mozilla/5.0 (X11; Linux x86_64) AppleWebKit/537.36 (KHTML, like Gecko) Chrome/144.0.0.0 Safari/537.36"
186.211.180.14 - - [05/Feb/2026:09:33:27 -0300] "GET /ajax/dashboard.php?action=get_card&dashboard=mini_tickets&card_id=bn_count_tickets_planned&force=0&embed=0&args%5Bcolor%5D=%236298d5&args%5Bwidgettype%5D=bigNumber&args%5Buse_gradient%5D=0&args%5Blimit%5D=7&args%5Bcache_key%5D=dashboard_card_mini_tickets_69a9256a6db53a80edda192233d4a7f37af56d19&args%5Bcard_id%5D=bn_count_tickets_planned&args%5Bgridstack_id%5D=bn_count_tickets_planned_0c7f3569-c23b-4ee3-8e85-279229b23e70&d_cache_key=da39a3ee5e6b4b0d3255bfef95601890afd80709&c_cache_key=dashboard_card_mini_tickets_69a9256a6db53a80edda192233d4a7f37af56d19 HTTP/1.1" 200 1041 "https://servicedesk.urbanovitalino.adv.br/front/ticket.php?is_deleted=0&criteria[0][field]=5&criteria[0][searchtype]=equals&criteria[0][value]=37&criteria[1][link]=AND&criteria[1][field]=12&criteria[1][searchtype]=equals&criteria[1][value]=notold&itemtype=Ticket&start=0" "Mozilla/5.0 (X11; Linux x86_64) AppleWebKit/537.36 (KHTML, like Gecko) Chrome/144.0.0.0 Safari/537.36"
186.211.180.14 - - [05/Feb/2026:09:33:28 -0300] "GET /ajax/dashboard.php?action=get_card&dashboard=mini_tickets&card_id=bn_count_tickets_waiting&force=0&embed=0&args%5Bcolor%5D=%23ff0000&args%5Bwidgettype%5D=bigNumber&args%5Buse_gradient%5D=0&args%5Blimit%5D=7&args%5Bcache_key%5D=dashboard_card_mini_tickets_1d7ae40381a277d394568b538c922cb4ec41d2d9&args%5Bpoint_labels%5D=0&args%5Bcard_id%5D=bn_count_tickets_waiting&args%5Bgridstack_id%5D=bn_count_tickets_waiting_e93a884f-ce8b-484f-9b17-07779027c2ad&d_cache_key=da39a3ee5e6b4b0d3255bfef95601890afd80709&c_cache_key=dashboard_card_mini_tickets_1d7ae40381a277d394568b538c922cb4ec41d2d9 HTTP/1.1" 200 1036 "https://servicedesk.urbanovitalino.adv.br/front/ticket.php?is_deleted=0&criteria[0][field]=5&criteria[0][searchtype]=equals&criteria[0][value]=37&criteria[1][link]=AND&criteria[1][field]=12&criteria[1][searchtype]=equals&criteria[1][value]=notold&itemtype=Ticket&start=0" "Mozilla/5.0 (X11; Linux x86_64) AppleWebKit/537.36 (KHTML, like Gecko) Chrome/144.0.0.0 Safari/537.36"
186.211.180.14 - - [05/Feb/2026:09:33:28 -0300] "GET /ajax/notifications_ajax.php HTTP/1.1" 200 15 "https://servicedesk.urbanovitalino.adv.br/front/computer.php?is_deleted=0&as_map=0&criteria%5B0%5D%5Blink%5D=AND&criteria%5B0%5D%5Bfield%5D=view&criteria%5B0%5D%5Bsearchtype%5D=contains&criteria%5B0%5D%5Bvalue%5D=1653&search=Pesquisar&itemtype=Computer&start=0&_glpi_csrf_token=81d1010dc5f82703ec3cf6e27d3c6e52be5b95bf15916d721d9309156019b4d7" "Mozilla/5.0 (Windows NT 10.0; Win64; x64) AppleWebKit/537.36 (KHTML, like Gecko) Chrome/144.0.0.0 Safari/537.36"
186.211.180.14 - - [05/Feb/2026:09:33:28 -0300] "GET /ajax/dashboard.php?action=get_card&dashboard=mini_tickets&card_id=bn_count_tickets_assigned&force=0&embed=0&args%5Bcolor%5D=%23eaf4f7&args%5Bwidgettype%5D=bigNumber&args%5Buse_gradient%5D=0&args%5Blimit%5D=7&args%5Bcache_key%5D=dashboard_card_mini_tickets_bf9cf8d22f2f9c175dd6c349774ad0e9d052c9ed&args%5Bcard_id%5D=bn_count_tickets_assigned&args%5Bgridstack_id%5D=bn_count_tickets_assigned_d3d2f697-52b4-435e-9030-a760dd649085&d_cache_key=da39a3ee5e6b4b0d3255bfef95601890afd80709&c_cache_key=dashboard_card_mini_tickets_bf9cf8d22f2f9c175dd6c349774ad0e9d052c9ed HTTP/1.1" 200 1036 "https://servicedesk.urbanovitalino.adv.br/front/ticket.php?is_deleted=0&criteria[0][field]=5&criteria[0][searchtype]=equals&criteria[0][value]=37&criteria[1][link]=AND&criteria[1][field]=12&criteria[1][searchtype]=equals&criteria[1][value]=notold&itemtype=Ticket&start=0" "Mozilla/5.0 (X11; Linux x86_64) AppleWebKit/537.36 (KHTML, like Gecko) Chrome/144.0.0.0 Safari/537.36"
186.211.180.14 - - [05/Feb/2026:09:33:28 -0300] "GET /ajax/dashboard.php?action=get_card&dashboard=mini_tickets&card_id=bn_count_tickets_solved&force=0&embed=0&args%5Bcolor%5D=%23d7d7d7&args%5Bwidgettype%5D=bigNumber&args%5Buse_gradient%5D=0&args%5Blimit%5D=7&args%5Bcache_key%5D=dashboard_card_mini_tickets_1f68860fe316f087f0d2f88efc0a43a2e25ac6e0&args%5Bcard_id%5D=bn_count_tickets_solved&args%5Bgridstack_id%5D=bn_count_tickets_solved_ae2406cf-e8e8-410b-b355-46e3f5705ee8&d_cache_key=da39a3ee5e6b4b0d3255bfef95601890afd80709&c_cache_key=dashboard_card_mini_tickets_1f68860fe316f087f0d2f88efc0a43a2e25ac6e0 HTTP/1.1" 200 1042 "https://servicedesk.urbanovitalino.adv.br/front/ticket.php?is_deleted=0&criteria[0][field]=5&criteria[0][searchtype]=equals&criteria[0][value]=37&criteria[1][link]=AND&criteria[1][field]=12&criteria[1][searchtype]=equals&criteria[1][value]=notold&itemtype=Ticket&start=0" "Mozilla/5.0 (X11; Linux x86_64) AppleWebKit/537.36 (KHTML, like Gecko) Chrome/144.0.0.0 Safari/537.36"
186.211.180.14 - - [05/Feb/2026:09:33:28 -0300] "GET /ajax/dashboard.php?action=get_card&dashboard=mini_tickets&card_id=bn_count_tickets_closed&force=0&embed=0&args%5Bcolor%5D=%23fafafa&args%5Bwidgettype%5D=bigNumber&args%5Buse_gradient%5D=0&args%5Blimit%5D=7&args%5Bcache_key%5D=dashboard_card_mini_tickets_d966a465036cd4a9f6260f5a0088ec6efd430151&args%5Bcard_id%5D=bn_count_tickets_closed&args%5Bgridstack_id%5D=bn_count_tickets_closed_ccf7246b-645a-40d2-8206-fa33c769e3f5&d_cache_key=da39a3ee5e6b4b0d3255bfef95601890afd80709&c_cache_key=dashboard_card_mini_tickets_d966a465036cd4a9f6260f5a0088ec6efd430151 HTTP/1.1" 200 1033 "https://servicedesk.urbanovitalino.adv.br/front/ticket.php?is_deleted=0&criteria[0][field]=5&criteria[0][searchtype]=equals&criteria[0][value]=37&criteria[1][link]=AND&criteria[1][field]=12&criteria[1][searchtype]=equals&criteria[1][value]=notold&itemtype=Ticket&start=0" "Mozilla/5.0 (X11; Linux x86_64) AppleWebKit/537.36 (KHTML, like Gecko) Chrome/144.0.0.0 Safari/537.36"
187.33.225.46 - - [05/Feb/2026:09:33:28 -0300] "GET /ajax/notifications_ajax.php HTTP/1.1" 200 15 "https://servicedesk.urbanovitalino.adv.br/front/central.php" "Mozilla/5.0 (X11; Linux x86_64) AppleWebKit/537.36 (KHTML, like Gecko) Chrome/144.0.0.0 Safari/537.36"
186.211.180.14 - - [05/Feb/2026:09:33:28 -0300] "GET /plugins/mod/ajax/display_ind.php HTTP/1.1" 200 1758 "https://servicedesk.urbanovitalino.adv.br/front/ticket.php?is_deleted=0&criteria[0][field]=5&criteria[0][searchtype]=equals&criteria[0][value]=37&criteria[1][link]=AND&criteria[1][field]=12&criteria[1][searchtype]=equals&criteria[1][value]=notold&itemtype=Ticket&start=0" "Mozilla/5.0 (X11; Linux x86_64) AppleWebKit/537.36 (KHTML, like Gecko) Chrome/144.0.0.0 Safari/537.36"
186.211.180.14 - - [05/Feb/2026:09:33:28 -0300] "GET /ajax/dashboard.php?action=get_card&dashboard=mini_tickets&card_id=bn_count_Ticket&force=0&embed=0&args%5Bcolor%5D=%23ffd957&args%5Bwidgettype%5D=bigNumber&args%5Buse_gradient%5D=0&args%5Blimit%5D=7&args%5Bcache_key%5D=dashboard_card_mini_tickets_e102e98dbb47372cd9d457d850352bbc3fdc0ede&args%5Bcard_id%5D=bn_count_Ticket&args%5Bgridstack_id%5D=bn_count_Ticket_d5bf3576-5033-40fb-bbdb-292294a7698e&d_cache_key=da39a3ee5e6b4b0d3255bfef95601890afd80709&c_cache_key=dashboard_card_mini_tickets_e102e98dbb47372cd9d457d850352bbc3fdc0ede HTTP/1.1" 200 876 "https://servicedesk.urbanovitalino.adv.br/front/ticket.php?is_deleted=0&criteria[0][field]=5&criteria[0][searchtype]=equals&criteria[0][value]=37&criteria[1][link]=AND&criteria[1][field]=12&criteria[1][searchtype]=equals&criteria[1][value]=notold&itemtype=Ticket&start=0" "Mozilla/5.0 (X11; Linux x86_64) AppleWebKit/537.36 (KHTML, like Gecko) Chrome/144.0.0.0 Safari/537.36"
186.211.180.14 - - [05/Feb/2026:09:33:28 -0300] "GET /front/ticket.form.php?id=10718 HTTP/1.1" 200 84681 "https://servicedesk.urbanovitalino.adv.br/front/ticket.php?is_deleted=0&criteria[0][field]=5&criteria[0][searchtype]=equals&criteria[0][value]=37&criteria[1][link]=AND&criteria[1][field]=12&criteria[1][searchtype]=equals&criteria[1][value]=notold&itemtype=Ticket&start=0" "Mozilla/5.0 (X11; Linux x86_64) AppleWebKit/537.36 (KHTML, like Gecko) Chrome/144.0.0.0 Safari/537.36"
186.211.180.14 - - [05/Feb/2026:09:33:29 -0300] "GET /plugins/mod/ajax/display_ind.php HTTP/1.1" 200 1758 "https://servicedesk.urbanovitalino.adv.br/front/ticket.form.php?id=10718" "Mozilla/5.0 (X11; Linux x86_64) AppleWebKit/537.36 (KHTML, like Gecko) Chrome/144.0.0.0 Safari/537.36"
191.6.49.253 - - [05/Feb/2026:09:33:29 -0300] "POST /plugins/fusioninventory/ HTTP/1.1" 200 110 "-" "FusionInventory-Agent_v2.6"
186.211.180.14 - - [05/Feb/2026:09:33:29 -0300] "GET /ajax/common.tabs.php?_target=/front/ticket.form.php&_itemtype=Ticket&_glpi_tab=Ticket$main&id=10718& HTTP/1.1" 200 103046 "https://servicedesk.urbanovitalino.adv.br/front/ticket.form.php?id=10718" "Mozilla/5.0 (X11; Linux x86_64) AppleWebKit/537.36 (KHTML, like Gecko) Chrome/144.0.0.0 Safari/537.36"
131.0.225.106 - - [05/Feb/2026:09:33:29 -0300] "GET /ajax/notifications_ajax.php HTTP/1.1" 200 15 "https://servicedesk.urbanovitalino.adv.br/front/computer.php?is_deleted=0&as_map=0&criteria%5B0%5D%5Blink%5D=AND&criteria%5B0%5D%5Bfield%5D=view&criteria%5B0%5D%5Bsearchtype%5D=contains&criteria%5B0%5D%5Bvalue%5D=NBHP0111&search=Pesquisar&itemtype=Computer&start=0&_glpi_csrf_token=c59c9dc82ba479f3c0cce04c5434750b75452d7b3ff251d8a8fe6c66a6926cf4" "Mozilla/5.0 (Windows NT 10.0; Win64; x64) AppleWebKit/537.36 (KHTML, like Gecko) Chrome/144.0.0.0 Safari/537.36"
186.211.180.14 - - [05/Feb/2026:09:33:30 -0300] "GET /front/?v=9.5.5 HTTP/1.1" 200 0 "https://servicedesk.urbanovitalino.adv.br/front/ticket.form.php?id=10718" "Mozilla/5.0 (X11; Linux x86_64) AppleWebKit/537.36 (KHTML, like Gecko) Chrome/144.0.0.0 Safari/537.36"
186.211.180.14 - - [05/Feb/2026:09:33:32 -0300] "GET /ajax/notifications_ajax.php HTTP/1.1" 200 15 "https://servicedesk.urbanovitalino.adv.br/front/computer.php?is_deleted=0&as_map=0&criteria%5B0%5D%5Blink%5D=AND&criteria%5B0%5D%5Bfield%5D=view&criteria%5B0%5D%5Bsearchtype%5D=contains&criteria%5B0%5D%5Bvalue%5D=1653&search=Pesquisar&itemtype=Computer&start=0&_glpi_csrf_token=81d1010dc5f82703ec3cf6e27d3c6e52be5b95bf15916d721d9309156019b4d7" "Mozilla/5.0 (Windows NT 10.0; Win64; x64) AppleWebKit/537.36 (KHTML, like Gecko) Chrome/144.0.0.0 Safari/537.36"
187.33.225.46 - - [05/Feb/2026:09:33:33 -0300] "GET /ajax/notifications_ajax.php HTTP/1.1" 200 15 "https://servicedesk.urbanovitalino.adv.br/front/central.php" "Mozilla/5.0 (X11; Linux x86_64) AppleWebKit/537.36 (KHTML, like Gecko) Chrome/144.0.0.0 Safari/537.36"
131.0.225.106 - - [05/Feb/2026:09:33:34 -0300] "GET /ajax/notifications_ajax.php HTTP/1.1" 200 15 "https://servicedesk.urbanovitalino.adv.br/front/computer.php?is_deleted=0&as_map=0&criteria%5B0%5D%5Blink%5D=AND&criteria%5B0%5D%5Bfield%5D=view&criteria%5B0%5D%5Bsearchtype%5D=contains&criteria%5B0%5D%5Bvalue%5D=NBHP0111&search=Pesquisar&itemtype=Computer&start=0&_glpi_csrf_token=c59c9dc82ba479f3c0cce04c5434750b75452d7b3ff251d8a8fe6c66a6926cf4" "Mozilla/5.0 (Windows NT 10.0; Win64; x64) AppleWebKit/537.36 (KHTML, like Gecko) Chrome/144.0.0.0 Safari/537.36"
45.176.58.35 - - [05/Feb/2026:09:33:35 -0300] "POST /plugins/fusioninventory/ HTTP/1.1" 200 68 "-" "FusionInventory-Agent_v2.6"
186.235.190.161 - - [05/Feb/2026:09:33:37 -0300] "POST /plugins/fusioninventory/ HTTP/1.1" 200 68 "-" "FusionInventory-Agent_v2.6"
186.211.180.14 - - [05/Feb/2026:09:33:37 -0300] "GET /ajax/notifications_ajax.php HTTP/1.1" 200 15 "https://servicedesk.urbanovitalino.adv.br/front/computer.php?is_deleted=0&as_map=0&criteria%5B0%5D%5Blink%5D=AND&criteria%5B0%5D%5Bfield%5D=view&criteria%5B0%5D%5Bsearchtype%5D=contains&criteria%5B0%5D%5Bvalue%5D=1653&search=Pesquisar&itemtype=Computer&start=0&_glpi_csrf_token=81d1010dc5f82703ec3cf6e27d3c6e52be5b95bf15916d721d9309156019b4d7" "Mozilla/5.0 (Windows NT 10.0; Win64; x64) AppleWebKit/537.36 (KHTML, like Gecko) Chrome/144.0.0.0 Safari/537.36"
187.33.225.46 - - [05/Feb/2026:09:33:38 -0300] "GET /ajax/notifications_ajax.php HTTP/1.1" 200 15 "https://servicedesk.urbanovitalino.adv.br/front/central.php" "Mozilla/5.0 (X11; Linux x86_64) AppleWebKit/537.36 (KHTML, like Gecko) Chrome/144.0.0.0 Safari/537.36"
187.101.183.250 - - [05/Feb/2026:09:33:38 -0300] "POST /plugins/fusioninventory/ HTTP/1.1" 200 68 "-" "FusionInventory-Agent_v2.6"
186.211.180.14 - - [05/Feb/2026:09:33:39 -0300] "POST /front/ticket.form.php HTTP/1.1" 302 0 "https://servicedesk.urbanovitalino.adv.br/front/ticket.form.php?id=10718" "Mozilla/5.0 (X11; Linux x86_64) AppleWebKit/537.36 (KHTML, like Gecko) Chrome/144.0.0.0 Safari/537.36"
186.211.180.14 - - [05/Feb/2026:09:33:39 -0300] "GET /front/ticket.form.php?id=10718 HTTP/1.1" 200 85335 "https://servicedesk.urbanovitalino.adv.br/front/ticket.form.php?id=10718" "Mozilla/5.0 (X11; Linux x86_64) AppleWebKit/537.36 (KHTML, like Gecko) Chrome/144.0.0.0 Safari/537.36"
131.0.225.106 - - [05/Feb/2026:09:33:39 -0300] "GET /ajax/notifications_ajax.php HTTP/1.1" 200 15 "https://servicedesk.urbanovitalino.adv.br/front/computer.php?is_deleted=0&as_map=0&criteria%5B0%5D%5Blink%5D=AND&criteria%5B0%5D%5Bfield%5D=view&criteria%5B0%5D%5Bsearchtype%5D=contains&criteria%5B0%5D%5Bvalue%5D=NBHP0111&search=Pesquisar&itemtype=Computer&start=0&_glpi_csrf_token=c59c9dc82ba479f3c0cce04c5434750b75452d7b3ff251d8a8fe6c66a6926cf4" "Mozilla/5.0 (Windows NT 10.0; Win64; x64) AppleWebKit/537.36 (KHTML, like Gecko) Chrome/144.0.0.0 Safari/537.36"
186.211.180.14 - - [05/Feb/2026:09:33:40 -0300] "GET /ajax/common.tabs.php?_target=/front/ticket.form.php&_itemtype=Ticket&_glpi_tab=Ticket$main&id=10718& HTTP/1.1" 200 21504 "https://servicedesk.urbanovitalino.adv.br/front/ticket.form.php?id=10718" "Mozilla/5.0 (X11; Linux x86_64) AppleWebKit/537.36 (KHTML, like Gecko) Chrome/144.0.0.0 Safari/537.36"
186.211.180.14 - - [05/Feb/2026:09:33:40 -0300] "GET /plugins/mod/ajax/display_ind.php HTTP/1.1" 200 1758 "https://servicedesk.urbanovitalino.adv.br/front/ticket.form.php?id=10718" "Mozilla/5.0 (X11; Linux x86_64) AppleWebKit/537.36 (KHTML, like Gecko) Chrome/144.0.0.0 Safari/537.36"
179.60.169.62 - - [05/Feb/2026:09:33:41 -0300] "GET /ajax/notifications_ajax.php HTTP/1.1" 200 15 "https://servicedesk.urbanovitalino.adv.br/front/computer.php?is_deleted=0&as_map=0&criteria%5B0%5D%5Blink%5D=AND&criteria%5B0%5D%5Bfield%5D=view&criteria%5B0%5D%5Bsearchtype%5D=contains&criteria%5B0%5D%5Bvalue%5D=1653&search=Pesquisar&itemtype=Computer&start=0&_glpi_csrf_token=6b69b993f78bfb408c9a0379040bfbaea392eeb20f16905125a1b45ebec3a0d9" "Mozilla/5.0 (Macintosh; Intel Mac OS X 10_15_7) AppleWebKit/537.36 (KHTML, like Gecko) Chrome/144.0.0.0 Safari/537.36"
187.33.225.46 - - [05/Feb/2026:09:33:43 -0300] "GET /ajax/notifications_ajax.php HTTP/1.1" 200 15 "https://servicedesk.urbanovitalino.adv.br/front/central.php" "Mozilla/5.0 (X11; Linux x86_64) AppleWebKit/537.36 (KHTML, like Gecko) Chrome/144.0.0.0 Safari/537.36"
131.0.225.106 - - [05/Feb/2026:09:33:44 -0300] "GET /ajax/notifications_ajax.php HTTP/1.1" 200 15 "https://servicedesk.urbanovitalino.adv.br/front/computer.php?is_deleted=0&as_map=0&criteria%5B0%5D%5Blink%5D=AND&criteria%5B0%5D%5Bfield%5D=view&criteria%5B0%5D%5Bsearchtype%5D=contains&criteria%5B0%5D%5Bvalue%5D=NBHP0111&search=Pesquisar&itemtype=Computer&start=0&_glpi_csrf_token=c59c9dc82ba479f3c0cce04c5434750b75452d7b3ff251d8a8fe6c66a6926cf4" "Mozilla/5.0 (Windows NT 10.0; Win64; x64) AppleWebKit/537.36 (KHTML, like Gecko) Chrome/144.0.0.0 Safari/537.36"
186.211.180.14 - - [05/Feb/2026:09:33:46 -0300] "GET /ajax/notifications_ajax.php HTTP/1.1" 200 15 "https://servicedesk.urbanovitalino.adv.br/front/computer.php?is_deleted=0&as_map=0&criteria%5B0%5D%5Blink%5D=AND&criteria%5B0%5D%5Bfield%5D=view&criteria%5B0%5D%5Bsearchtype%5D=contains&criteria%5B0%5D%5Bvalue%5D=1653&search=Pesquisar&itemtype=Computer&start=0&_glpi_csrf_token=81d1010dc5f82703ec3cf6e27d3c6e52be5b95bf15916d721d9309156019b4d7" "Mozilla/5.0 (Windows NT 10.0; Win64; x64) AppleWebKit/537.36 (KHTML, like Gecko) Chrome/144.0.0.0 Safari/537.36"
187.33.225.46 - - [05/Feb/2026:09:33:46 -0300] "GET /ajax/dashboard.php?dashboard=assistance&action=get_dashboard_items&embed=0 HTTP/1.1" 200 15496 "https://servicedesk.urbanovitalino.adv.br/front/central.php" "Mozilla/5.0 (X11; Linux x86_64) AppleWebKit/537.36 (KHTML, like Gecko) Chrome/144.0.0.0 Safari/537.36"
186.211.180.14 - - [05/Feb/2026:09:33:47 -0300] "GET /ajax/notifications_ajax.php HTTP/1.1" 200 15 "https://servicedesk.urbanovitalino.adv.br/front/computer.php?is_deleted=0&as_map=0&criteria%5B0%5D%5Blink%5D=AND&criteria%5B0%5D%5Bfield%5D=view&criteria%5B0%5D%5Bsearchtype%5D=contains&criteria%5B0%5D%5Bvalue%5D=1653&search=Pesquisar&itemtype=Computer&start=0&_glpi_csrf_token=81d1010dc5f82703ec3cf6e27d3c6e52be5b95bf15916d721d9309156019b4d7" "Mozilla/5.0 (Windows NT 10.0; Win64; x64) AppleWebKit/537.36 (KHTML, like Gecko) Chrome/144.0.0.0 Safari/537.36"
187.33.225.46 - - [05/Feb/2026:09:33:48 -0300] "GET /ajax/dashboard.php?action=get_card&dashboard=assistance&card_id=bn_count_tickets_waiting&force=0&embed=0&args%5Bcolor%5D=%23ffcb7d&args%5Bwidgettype%5D=bigNumber&args%5Buse_gradient%5D=0&args%5Blimit%5D=7&args%5Bcache_key%5D=dashboard_card_assistance_c682baa05ee24eb7b236cd74e10c4af5bc41ea69&args%5Bcard_id%5D=bn_count_tickets_waiting&args%5Bgridstack_id%5D=bn_count_tickets_waiting_102b2c2a-6ac6-4d73-ba47-8b09382fe00e&d_cache_key=da39a3ee5e6b4b0d3255bfef95601890afd80709&c_cache_key=dashboard_card_assistance_c682baa05ee24eb7b236cd74e10c4af5bc41ea69 HTTP/1.1" 200 1036 "https://servicedesk.urbanovitalino.adv.br/front/central.php" "Mozilla/5.0 (X11; Linux x86_64) AppleWebKit/537.36 (KHTML, like Gecko) Chrome/144.0.0.0 Safari/537.36"
187.33.225.46 - - [05/Feb/2026:09:33:48 -0300] "GET /ajax/dashboard.php?action=get_card&dashboard=assistance&card_id=bn_count_tickets_solved&force=0&embed=0&args%5Bcolor%5D=%23d8d8d8&args%5Bwidgettype%5D=bigNumber&args%5Buse_gradient%5D=0&args%5Blimit%5D=7&args%5Bcache_key%5D=dashboard_card_assistance_a8b0eec10a8591ee68c737183beab1fe67045118&args%5Bcard_id%5D=bn_count_tickets_solved&args%5Bgridstack_id%5D=bn_count_tickets_solved_5e9759b3-ee7e-4a14-b68f-1ac024ef55ee&d_cache_key=da39a3ee5e6b4b0d3255bfef95601890afd80709&c_cache_key=dashboard_card_assistance_a8b0eec10a8591ee68c737183beab1fe67045118 HTTP/1.1" 200 1045 "https://servicedesk.urbanovitalino.adv.br/front/central.php" "Mozilla/5.0 (X11; Linux x86_64) AppleWebKit/537.36 (KHTML, like Gecko) Chrome/144.0.0.0 Safari/537.36"
187.33.225.46 - - [05/Feb/2026:09:33:48 -0300] "GET /ajax/dashboard.php?action=get_card&dashboard=assistance&card_id=bn_count_tickets_planned&force=0&embed=0&args%5Bcolor%5D=%236298d5&args%5Bwidgettype%5D=bigNumber&args%5Buse_gradient%5D=0&args%5Blimit%5D=7&args%5Bcache_key%5D=dashboard_card_assistance_72c40042283d1b4a75c29030af4c9b9ea3effe5c&args%5Bcard_id%5D=bn_count_tickets_planned&args%5Bgridstack_id%5D=bn_count_tickets_planned_267bf627-9d5e-4b6c-b53d-b8623d793ccf&d_cache_key=da39a3ee5e6b4b0d3255bfef95601890afd80709&c_cache_key=dashboard_card_assistance_72c40042283d1b4a75c29030af4c9b9ea3effe5c HTTP/1.1" 200 1038 "https://servicedesk.urbanovitalino.adv.br/front/central.php" "Mozilla/5.0 (X11; Linux x86_64) AppleWebKit/537.36 (KHTML, like Gecko) Chrome/144.0.0.0 Safari/537.36"
187.33.225.46 - - [05/Feb/2026:09:33:48 -0300] "GET /ajax/dashboard.php?action=get_card&dashboard=assistance&card_id=bn_count_tickets_closed&force=0&embed=0&args%5Bcolor%5D=%234a4a4a&args%5Bwidgettype%5D=bigNumber&args%5Buse_gradient%5D=0&args%5Blimit%5D=7&args%5Bcache_key%5D=dashboard_card_assistance_29d1b37066975faab6e3e7f5b812728cb1ad27ef&args%5Bpoint_labels%5D=0&args%5Bcard_id%5D=bn_count_tickets_closed&args%5Bgridstack_id%5D=bn_count_tickets_closed_f66a8fc4-ceec-44e2-be63-9c0cdeb31c4c&d_cache_key=da39a3ee5e6b4b0d3255bfef95601890afd80709&c_cache_key=dashboard_card_assistance_29d1b37066975faab6e3e7f5b812728cb1ad27ef HTTP/1.1" 200 1036 "https://servicedesk.urbanovitalino.adv.br/front/central.php" "Mozilla/5.0 (X11; Linux x86_64) AppleWebKit/537.36 (KHTML, like Gecko) Chrome/144.0.0.0 Safari/537.36"
187.33.225.46 - - [05/Feb/2026:09:33:48 -0300] "GET /ajax/dashboard.php?action=get_card&dashboard=assistance&card_id=bn_count_tickets_incoming&force=0&embed=0&args%5Bcolor%5D=%23a0e19d&args%5Bwidgettype%5D=bigNumber&args%5Buse_gradient%5D=0&args%5Blimit%5D=7&args%5Bcache_key%5D=dashboard_card_assistance_61120fe33961c4eabcce7a1a02ef6d24188dc11d&args%5Bcard_id%5D=bn_count_tickets_incoming&args%5Bgridstack_id%5D=bn_count_tickets_incoming_336a36d9-67fe-4475-880e-447bd766b8fe&d_cache_key=da39a3ee5e6b4b0d3255bfef95601890afd80709&c_cache_key=dashboard_card_assistance_61120fe33961c4eabcce7a1a02ef6d24188dc11d HTTP/1.1" 200 1035 "https://servicedesk.urbanovitalino.adv.br/front/central.php" "Mozilla/5.0 (X11; Linux x86_64) AppleWebKit/537.36 (KHTML, like Gecko) Chrome/144.0.0.0 Safari/537.36"
187.33.225.46 - - [05/Feb/2026:09:33:48 -0300] "GET /ajax/dashboard.php?action=get_card&dashboard=assistance&card_id=bn_count_tickets_late&force=0&embed=0&args%5Bcolor%5D=%23f55656&args%5Bwidgettype%5D=bigNumber&args%5Buse_gradient%5D=0&args%5Blimit%5D=7&args%5Bcache_key%5D=dashboard_card_assistance_9a180cf383282cef05f5860d6f14a8cf6a9cce62&args%5Bpoint_labels%5D=0&args%5Bcard_id%5D=bn_count_tickets_late&args%5Bgridstack_id%5D=bn_count_tickets_late_2dfccd37-504d-435a-a5d4-e696b8357df1&d_cache_key=da39a3ee5e6b4b0d3255bfef95601890afd80709&c_cache_key=dashboard_card_assistance_9a180cf383282cef05f5860d6f14a8cf6a9cce62 HTTP/1.1" 200 1864 "https://servicedesk.urbanovitalino.adv.br/front/central.php" "Mozilla/5.0 (X11; Linux x86_64) AppleWebKit/537.36 (KHTML, like Gecko) Chrome/144.0.0.0 Safari/537.36"
187.33.225.46 - - [05/Feb/2026:09:33:48 -0300] "GET /ajax/dashboard.php?action=get_card&dashboard=assistance&card_id=bn_count_tickets_assigned&force=0&embed=0&args%5Bcolor%5D=%23ffc31f&args%5Bwidgettype%5D=bigNumber&args%5Buse_gradient%5D=0&args%5Blimit%5D=7&args%5Bcache_key%5D=dashboard_card_assistance_d478359b6e60c003c04f61e12b319ac2c294f56c&args%5Bpoint_labels%5D=0&args%5Bcard_id%5D=bn_count_tickets_assigned&args%5Bgridstack_id%5D=bn_count_tickets_assigned_456a2060-e9dc-469b-a710-be4f08406b07&d_cache_key=da39a3ee5e6b4b0d3255bfef95601890afd80709&c_cache_key=dashboard_card_assistance_d478359b6e60c003c04f61e12b319ac2c294f56c HTTP/1.1" 200 1033 "https://servicedesk.urbanovitalino.adv.br/front/central.php" "Mozilla/5.0 (X11; Linux x86_64) AppleWebKit/537.36 (KHTML, like Gecko) Chrome/144.0.0.0 Safari/537.36"
187.33.225.46 - - [05/Feb/2026:09:33:48 -0300] "GET /ajax/notifications_ajax.php HTTP/1.1" 200 15 "https://servicedesk.urbanovitalino.adv.br/front/central.php" "Mozilla/5.0 (X11; Linux x86_64) AppleWebKit/537.36 (KHTML, like Gecko) Chrome/144.0.0.0 Safari/537.36"
187.33.225.46 - - [05/Feb/2026:09:33:49 -0300] "GET /ajax/dashboard.php?dashboard=assets&action=get_dashboard_items&embed=0 HTTP/1.1" 200 14931 "https://servicedesk.urbanovitalino.adv.br/front/central.php" "Mozilla/5.0 (X11; Linux x86_64) AppleWebKit/537.36 (KHTML, like Gecko) Chrome/144.0.0.0 Safari/537.36"
131.0.225.106 - - [05/Feb/2026:09:33:49 -0300] "GET /ajax/notifications_ajax.php HTTP/1.1" 200 15 "https://servicedesk.urbanovitalino.adv.br/front/computer.php?is_deleted=0&as_map=0&criteria%5B0%5D%5Blink%5D=AND&criteria%5B0%5D%5Bfield%5D=view&criteria%5B0%5D%5Bsearchtype%5D=contains&criteria%5B0%5D%5Bvalue%5D=NBHP0111&search=Pesquisar&itemtype=Computer&start=0&_glpi_csrf_token=c59c9dc82ba479f3c0cce04c5434750b75452d7b3ff251d8a8fe6c66a6926cf4" "Mozilla/5.0 (Windows NT 10.0; Win64; x64) AppleWebKit/537.36 (KHTML, like Gecko) Chrome/144.0.0.0 Safari/537.36"
187.33.225.46 - - [05/Feb/2026:09:33:51 -0300] "GET /ajax/dashboard.php?action=get_card&dashboard=assets&card_id=count_NetworkEquipment_Manufacturer&force=0&embed=0&args%5Bcolor%5D=%23fcf8ed&args%5Bwidgettype%5D=hbar&args%5Buse_gradient%5D=0&args%5Blimit%5D=5&args%5Bcard_id%5D=count_NetworkEquipment_Manufacturer&args%5Bcache_key%5D=dashboard_card_assets_abf71aab5ec9369de593131efba6bbea8ce3d01e&args%5Bgridstack_id%5D=count_NetworkEquipment_Manufacturer_8132b21c-6f7f-4dc1-af54-bea794cb96e9&d_cache_key=da39a3ee5e6b4b0d3255bfef95601890afd80709&c_cache_key=dashboard_card_assets_abf71aab5ec9369de593131efba6bbea8ce3d01e HTTP/1.1" 200 6629 "https://servicedesk.urbanovitalino.adv.br/front/central.php" "Mozilla/5.0 (X11; Linux x86_64) AppleWebKit/537.36 (KHTML, like Gecko) Chrome/144.0.0.0 Safari/537.36"
187.33.225.46 - - [05/Feb/2026:09:33:51 -0300] "GET /ajax/dashboard.php?action=get_card&dashboard=assets&card_id=count_Computer_ComputerType&force=0&embed=0&args%5Bcolor%5D=%23f5f9fa&args%5Bwidgettype%5D=donut&args%5Buse_gradient%5D=1&args%5Blimit%5D=5&args%5Bcard_id%5D=count_Computer_ComputerType&args%5Bcache_key%5D=dashboard_card_assets_18a766654584316acdda189ac9d71885466ec667&args%5Bgridstack_id%5D=count_Computer_ComputerType_c58f9c7e-22d5-478b-8226-d2a752bcbb09&d_cache_key=da39a3ee5e6b4b0d3255bfef95601890afd80709&c_cache_key=dashboard_card_assets_18a766654584316acdda189ac9d71885466ec667 HTTP/1.1" 200 8128 "https://servicedesk.urbanovitalino.adv.br/front/central.php" "Mozilla/5.0 (X11; Linux x86_64) AppleWebKit/537.36 (KHTML, like Gecko) Chrome/144.0.0.0 Safari/537.36"
187.33.225.46 - - [05/Feb/2026:09:33:51 -0300] "GET /ajax/dashboard.php?action=get_card&dashboard=assets&card_id=count_Monitor_Manufacturer&force=0&embed=0&args%5Bcolor%5D=%23f9fbfb&args%5Bwidgettype%5D=donut&args%5Buse_gradient%5D=1&args%5Blimit%5D=5&args%5Bcard_id%5D=count_Monitor_Manufacturer&args%5Bcache_key%5D=dashboard_card_assets_538ee276b37a2e2f2c1a7cfea01285d4bddbca71&args%5Bgridstack_id%5D=count_Monitor_Manufacturer_43b0c16b-af82-418e-aac1-f32b39705c0d&d_cache_key=da39a3ee5e6b4b0d3255bfef95601890afd80709&c_cache_key=dashboard_card_assets_538ee276b37a2e2f2c1a7cfea01285d4bddbca71 HTTP/1.1" 200 10258 "https://servicedesk.urbanovitalino.adv.br/front/central.php" "Mozilla/5.0 (X11; Linux x86_64) AppleWebKit/537.36 (KHTML, like Gecko) Chrome/144.0.0.0 Safari/537.36"
187.33.225.46 - - [05/Feb/2026:09:33:51 -0300] "GET /ajax/dashboard.php?action=get_card&dashboard=assets&card_id=count_Computer_State&force=0&embed=0&args%5Bcolor%5D=%23fbf7f7&args%5Bwidgettype%5D=donut&args%5Buse_gradient%5D=1&args%5Blimit%5D=5&args%5Bcard_id%5D=count_Computer_State&args%5Bcache_key%5D=dashboard_card_assets_428a98a1080c32b73060d1faf48aeca62da3cc55&args%5Bgridstack_id%5D=count_Computer_State_290c5920-9eab-4db8-8753-46108e60f1d8&d_cache_key=da39a3ee5e6b4b0d3255bfef95601890afd80709&c_cache_key=dashboard_card_assets_428a98a1080c32b73060d1faf48aeca62da3cc55 HTTP/1.1" 200 6086 "https://servicedesk.urbanovitalino.adv.br/front/central.php" "Mozilla/5.0 (X11; Linux x86_64) AppleWebKit/537.36 (KHTML, like Gecko) Chrome/144.0.0.0 Safari/537.36"
186.211.180.14 - - [05/Feb/2026:09:33:52 -0300] "GET /ajax/notifications_ajax.php HTTP/1.1" 200 15 "https://servicedesk.urbanovitalino.adv.br/front/computer.php?is_deleted=0&as_map=0&criteria%5B0%5D%5Blink%5D=AND&criteria%5B0%5D%5Bfield%5D=view&criteria%5B0%5D%5Bsearchtype%5D=contains&criteria%5B0%5D%5Bvalue%5D=1653&search=Pesquisar&itemtype=Computer&start=0&_glpi_csrf_token=81d1010dc5f82703ec3cf6e27d3c6e52be5b95bf15916d721d9309156019b4d7" "Mozilla/5.0 (Windows NT 10.0; Win64; x64) AppleWebKit/537.36 (KHTML, like Gecko) Chrome/144.0.0.0 Safari/537.36"
186.211.180.14 - - [05/Feb/2026:09:33:53 -0300] "POST /plugins/fusioninventory/ HTTP/1.1" 200 68 "-" "FusionInventory-Agent_v2.6"
131.0.225.106 - - [05/Feb/2026:09:33:54 -0300] "GET /ajax/notifications_ajax.php HTTP/1.1" 200 15 "https://servicedesk.urbanovitalino.adv.br/front/computer.php?is_deleted=0&as_map=0&criteria%5B0%5D%5Blink%5D=AND&criteria%5B0%5D%5Bfield%5D=view&criteria%5B0%5D%5Bsearchtype%5D=contains&criteria%5B0%5D%5Bvalue%5D=NBHP0111&search=Pesquisar&itemtype=Computer&start=0&_glpi_csrf_token=c59c9dc82ba479f3c0cce04c5434750b75452d7b3ff251d8a8fe6c66a6926cf4" "Mozilla/5.0 (Windows NT 10.0; Win64; x64) AppleWebKit/537.36 (KHTML, like Gecko) Chrome/144.0.0.0 Safari/537.36"
187.33.225.46 - - [05/Feb/2026:09:33:56 -0300] "GET /ajax/notifications_ajax.php HTTP/1.1" 200 15 "https://servicedesk.urbanovitalino.adv.br/front/central.php" "Mozilla/5.0 (X11; Linux x86_64) AppleWebKit/537.36 (KHTML, like Gecko) Chrome/144.0.0.0 Safari/537.36"
191.179.116.108 - - [05/Feb/2026:09:33:58 -0300] "POST /plugins/fusioninventory/ HTTP/1.1" 200 110 "-" "FusionInventory-Agent_v2.6"
131.0.225.106 - - [05/Feb/2026:09:33:59 -0300] "GET /ajax/notifications_ajax.php HTTP/1.1" 200 15 "https://servicedesk.urbanovitalino.adv.br/front/computer.php?is_deleted=0&as_map=0&criteria%5B0%5D%5Blink%5D=AND&criteria%5B0%5D%5Bfield%5D=view&criteria%5B0%5D%5Bsearchtype%5D=contains&criteria%5B0%5D%5Bvalue%5D=NBHP0111&search=Pesquisar&itemtype=Computer&start=0&_glpi_csrf_token=c59c9dc82ba479f3c0cce04c5434750b75452d7b3ff251d8a8fe6c66a6926cf4" "Mozilla/5.0 (Windows NT 10.0; Win64; x64) AppleWebKit/537.36 (KHTML, like Gecko) Chrome/144.0.0.0 Safari/537.36"
187.21.12.46 - - [05/Feb/2026:09:34:01 -0300] "POST /plugins/fusioninventory/ HTTP/1.1" 200 68 "-" "FusionInventory-Agent_v2.6"
187.33.225.46 - - [05/Feb/2026:09:34:01 -0300] "GET /ajax/notifications_ajax.php HTTP/1.1" 200 15 "https://servicedesk.urbanovitalino.adv.br/front/central.php" "Mozilla/5.0 (X11; Linux x86_64) AppleWebKit/537.36 (KHTML, like Gecko) Chrome/144.0.0.0 Safari/537.36"
131.0.225.106 - - [05/Feb/2026:09:34:04 -0300] "GET /ajax/notifications_ajax.php HTTP/1.1" 200 15 "https://servicedesk.urbanovitalino.adv.br/front/computer.php?is_deleted=0&as_map=0&criteria%5B0%5D%5Blink%5D=AND&criteria%5B0%5D%5Bfield%5D=view&criteria%5B0%5D%5Bsearchtype%5D=contains&criteria%5B0%5D%5Bvalue%5D=NBHP0111&search=Pesquisar&itemtype=Computer&start=0&_glpi_csrf_token=c59c9dc82ba479f3c0cce04c5434750b75452d7b3ff251d8a8fe6c66a6926cf4" "Mozilla/5.0 (Windows NT 10.0; Win64; x64) AppleWebKit/537.36 (KHTML, like Gecko) Chrome/144.0.0.0 Safari/537.36"
187.33.225.46 - - [05/Feb/2026:09:34:06 -0300] "GET /ajax/notifications_ajax.php HTTP/1.1" 200 15 "https://servicedesk.urbanovitalino.adv.br/front/central.php" "Mozilla/5.0 (X11; Linux x86_64) AppleWebKit/537.36 (KHTML, like Gecko) Chrome/144.0.0.0 Safari/537.36"
191.32.206.164 - - [05/Feb/2026:09:34:07 -0300] "POST /plugins/fusioninventory/ HTTP/1.1" 200 110 "-" "FusionInventory-Agent_v2.6"
131.0.225.106 - - [05/Feb/2026:09:34:09 -0300] "GET /ajax/notifications_ajax.php HTTP/1.1" 200 15 "https://servicedesk.urbanovitalino.adv.br/front/computer.php?is_deleted=0&as_map=0&criteria%5B0%5D%5Blink%5D=AND&criteria%5B0%5D%5Bfield%5D=view&criteria%5B0%5D%5Bsearchtype%5D=contains&criteria%5B0%5D%5Bvalue%5D=NBHP0111&search=Pesquisar&itemtype=Computer&start=0&_glpi_csrf_token=c59c9dc82ba479f3c0cce04c5434750b75452d7b3ff251d8a8fe6c66a6926cf4" "Mozilla/5.0 (Windows NT 10.0; Win64; x64) AppleWebKit/537.36 (KHTML, like Gecko) Chrome/144.0.0.0 Safari/537.36"
187.33.225.46 - - [05/Feb/2026:09:34:11 -0300] "GET /ajax/notifications_ajax.php HTTP/1.1" 200 15 "https://servicedesk.urbanovitalino.adv.br/front/central.php" "Mozilla/5.0 (X11; Linux x86_64) AppleWebKit/537.36 (KHTML, like Gecko) Chrome/144.0.0.0 Safari/537.36"
181.223.221.26 - - [05/Feb/2026:09:34:13 -0300] "POST /plugins/fusioninventory/ HTTP/1.1" 200 110 "-" "FusionInventory-Agent_v2.6"
131.0.225.106 - - [05/Feb/2026:09:34:14 -0300] "GET /ajax/notifications_ajax.php HTTP/1.1" 200 15 "https://servicedesk.urbanovitalino.adv.br/front/computer.php?is_deleted=0&as_map=0&criteria%5B0%5D%5Blink%5D=AND&criteria%5B0%5D%5Bfield%5D=view&criteria%5B0%5D%5Bsearchtype%5D=contains&criteria%5B0%5D%5Bvalue%5D=NBHP0111&search=Pesquisar&itemtype=Computer&start=0&_glpi_csrf_token=c59c9dc82ba479f3c0cce04c5434750b75452d7b3ff251d8a8fe6c66a6926cf4" "Mozilla/5.0 (Windows NT 10.0; Win64; x64) AppleWebKit/537.36 (KHTML, like Gecko) Chrome/144.0.0.0 Safari/537.36"
186.211.180.14 - - [05/Feb/2026:09:34:15 -0300] "GET /ajax/notifications_ajax.php HTTP/1.1" 200 15 "https://servicedesk.urbanovitalino.adv.br/front/central.php" "Mozilla/5.0 (Windows NT 10.0; Win64; x64) AppleWebKit/537.36 (KHTML, like Gecko) Chrome/144.0.0.0 Safari/537.36"
131.0.225.106 - - [05/Feb/2026:09:34:16 -0300] "GET /front/computer.php?is_deleted=0&as_map=0&criteria%5B0%5D%5Blink%5D=AND&criteria%5B0%5D%5Bfield%5D=view&criteria%5B0%5D%5Bsearchtype%5D=contains&criteria%5B0%5D%5Bvalue%5D=NBLS1715&search=Pesquisar&itemtype=Computer&start=0&_glpi_csrf_token=6c9aefb8585556ef9a2bc2f64bc98ecdcb6961c050b25415aaa650221fbf36dd HTTP/1.1" 200 115713 "https://servicedesk.urbanovitalino.adv.br/front/computer.php?is_deleted=0&as_map=0&criteria%5B0%5D%5Blink%5D=AND&criteria%5B0%5D%5Bfield%5D=view&criteria%5B0%5D%5Bsearchtype%5D=contains&criteria%5B0%5D%5Bvalue%5D=NBLS1714&search=Pesquisar&itemtype=Computer&start=0&_glpi_csrf_token=3b15fb30f3b3a26a46e6d59c4d1ef4b5e743a3e7922a24cedd0a9712b3dd9ad3" "Mozilla/5.0 (Windows NT 10.0; Win64; x64) AppleWebKit/537.36 (KHTML, like Gecko) Chrome/144.0.0.0 Safari/537.36"
187.33.225.46 - - [05/Feb/2026:09:34:16 -0300] "GET /ajax/dashboard.php?dashboard=assistance&action=get_dashboard_items&embed=0 HTTP/1.1" 200 15496 "https://servicedesk.urbanovitalino.adv.br/front/central.php" "Mozilla/5.0 (X11; Linux x86_64) AppleWebKit/537.36 (KHTML, like Gecko) Chrome/144.0.0.0 Safari/537.36"
131.0.225.106 - - [05/Feb/2026:09:34:16 -0300] "GET /front/cron.php HTTP/1.1" 200 74 "https://servicedesk.urbanovitalino.adv.br/front/computer.php?is_deleted=0&as_map=0&criteria%5B0%5D%5Blink%5D=AND&criteria%5B0%5D%5Bfield%5D=view&criteria%5B0%5D%5Bsearchtype%5D=contains&criteria%5B0%5D%5Bvalue%5D=NBLS1715&search=Pesquisar&itemtype=Computer&start=0&_glpi_csrf_token=6c9aefb8585556ef9a2bc2f64bc98ecdcb6961c050b25415aaa650221fbf36dd" "Mozilla/5.0 (Windows NT 10.0; Win64; x64) AppleWebKit/537.36 (KHTML, like Gecko) Chrome/144.0.0.0 Safari/537.36"
131.0.225.106 - - [05/Feb/2026:09:34:16 -0300] "GET /plugins/mod/ajax/display_ind.php HTTP/1.1" 200 1521 "https://servicedesk.urbanovitalino.adv.br/front/computer.php?is_deleted=0&as_map=0&criteria%5B0%5D%5Blink%5D=AND&criteria%5B0%5D%5Bfield%5D=view&criteria%5B0%5D%5Bsearchtype%5D=contains&criteria%5B0%5D%5Bvalue%5D=NBLS1715&search=Pesquisar&itemtype=Computer&start=0&_glpi_csrf_token=6c9aefb8585556ef9a2bc2f64bc98ecdcb6961c050b25415aaa650221fbf36dd" "Mozilla/5.0 (Windows NT 10.0; Win64; x64) AppleWebKit/537.36 (KHTML, like Gecko) Chrome/144.0.0.0 Safari/537.36"
187.33.225.46 - - [05/Feb/2026:09:34:16 -0300] "GET /ajax/notifications_ajax.php HTTP/1.1" 200 15 "https://servicedesk.urbanovitalino.adv.br/front/central.php" "Mozilla/5.0 (X11; Linux x86_64) AppleWebKit/537.36 (KHTML, like Gecko) Chrome/144.0.0.0 Safari/537.36"
187.33.225.46 - - [05/Feb/2026:09:34:18 -0300] "GET /ajax/dashboard.php?action=get_card&dashboard=assistance&card_id=bn_count_tickets_solved&force=0&embed=0&args%5Bcolor%5D=%23d8d8d8&args%5Bwidgettype%5D=bigNumber&args%5Buse_gradient%5D=0&args%5Blimit%5D=7&args%5Bcache_key%5D=dashboard_card_assistance_a8b0eec10a8591ee68c737183beab1fe67045118&args%5Bcard_id%5D=bn_count_tickets_solved&args%5Bgridstack_id%5D=bn_count_tickets_solved_5e9759b3-ee7e-4a14-b68f-1ac024ef55ee&d_cache_key=da39a3ee5e6b4b0d3255bfef95601890afd80709&c_cache_key=dashboard_card_assistance_a8b0eec10a8591ee68c737183beab1fe67045118 HTTP/1.1" 200 1042 "https://servicedesk.urbanovitalino.adv.br/front/central.php" "Mozilla/5.0 (X11; Linux x86_64) AppleWebKit/537.36 (KHTML, like Gecko) Chrome/144.0.0.0 Safari/537.36"
187.33.225.46 - - [05/Feb/2026:09:34:18 -0300] "GET /ajax/dashboard.php?action=get_card&dashboard=assistance&card_id=bn_count_tickets_waiting&force=0&embed=0&args%5Bcolor%5D=%23ffcb7d&args%5Bwidgettype%5D=bigNumber&args%5Buse_gradient%5D=0&args%5Blimit%5D=7&args%5Bcache_key%5D=dashboard_card_assistance_c682baa05ee24eb7b236cd74e10c4af5bc41ea69&args%5Bcard_id%5D=bn_count_tickets_waiting&args%5Bgridstack_id%5D=bn_count_tickets_waiting_102b2c2a-6ac6-4d73-ba47-8b09382fe00e&d_cache_key=da39a3ee5e6b4b0d3255bfef95601890afd80709&c_cache_key=dashboard_card_assistance_c682baa05ee24eb7b236cd74e10c4af5bc41ea69 HTTP/1.1" 200 1036 "https://servicedesk.urbanovitalino.adv.br/front/central.php" "Mozilla/5.0 (X11; Linux x86_64) AppleWebKit/537.36 (KHTML, like Gecko) Chrome/144.0.0.0 Safari/537.36"
187.33.225.46 - - [05/Feb/2026:09:34:18 -0300] "GET /ajax/dashboard.php?action=get_card&dashboard=assistance&card_id=bn_count_tickets_planned&force=0&embed=0&args%5Bcolor%5D=%236298d5&args%5Bwidgettype%5D=bigNumber&args%5Buse_gradient%5D=0&args%5Blimit%5D=7&args%5Bcache_key%5D=dashboard_card_assistance_72c40042283d1b4a75c29030af4c9b9ea3effe5c&args%5Bcard_id%5D=bn_count_tickets_planned&args%5Bgridstack_id%5D=bn_count_tickets_planned_267bf627-9d5e-4b6c-b53d-b8623d793ccf&d_cache_key=da39a3ee5e6b4b0d3255bfef95601890afd80709&c_cache_key=dashboard_card_assistance_72c40042283d1b4a75c29030af4c9b9ea3effe5c HTTP/1.1" 200 1041 "https://servicedesk.urbanovitalino.adv.br/front/central.php" "Mozilla/5.0 (X11; Linux x86_64) AppleWebKit/537.36 (KHTML, like Gecko) Chrome/144.0.0.0 Safari/537.36"
187.33.225.46 - - [05/Feb/2026:09:34:18 -0300] "GET /ajax/dashboard.php?action=get_card&dashboard=assistance&card_id=bn_count_Change&force=0&embed=0&args%5Bcolor%5D=%23cae3c4&args%5Bwidgettype%5D=bigNumber&args%5Buse_gradient%5D=0&args%5Blimit%5D=7&args%5Bcache_key%5D=dashboard_card_assistance_01345dcda3820c1d321f3812f1caeaf31ff6e4d9&args%5Bcard_id%5D=bn_count_Change&args%5Bgridstack_id%5D=bn_count_Change_b9b87513-4f40-41e6-8621-f51f9a30fb19&d_cache_key=da39a3ee5e6b4b0d3255bfef95601890afd80709&c_cache_key=dashboard_card_assistance_01345dcda3820c1d321f3812f1caeaf31ff6e4d9 HTTP/1.1" 200 832 "https://servicedesk.urbanovitalino.adv.br/front/central.php" "Mozilla/5.0 (X11; Linux x86_64) AppleWebKit/537.36 (KHTML, like Gecko) Chrome/144.0.0.0 Safari/537.36"
187.33.225.46 - - [05/Feb/2026:09:34:18 -0300] "GET /ajax/dashboard.php?action=get_card&dashboard=assistance&card_id=bn_count_tickets_incoming&force=0&embed=0&args%5Bcolor%5D=%23a0e19d&args%5Bwidgettype%5D=bigNumber&args%5Buse_gradient%5D=0&args%5Blimit%5D=7&args%5Bcache_key%5D=dashboard_card_assistance_61120fe33961c4eabcce7a1a02ef6d24188dc11d&args%5Bcard_id%5D=bn_count_tickets_incoming&args%5Bgridstack_id%5D=bn_count_tickets_incoming_336a36d9-67fe-4475-880e-447bd766b8fe&d_cache_key=da39a3ee5e6b4b0d3255bfef95601890afd80709&c_cache_key=dashboard_card_assistance_61120fe33961c4eabcce7a1a02ef6d24188dc11d HTTP/1.1" 200 1035 "https://servicedesk.urbanovitalino.adv.br/front/central.php" "Mozilla/5.0 (X11; Linux x86_64) AppleWebKit/537.36 (KHTML, like Gecko) Chrome/144.0.0.0 Safari/537.36"
187.33.225.46 - - [05/Feb/2026:09:34:18 -0300] "GET /ajax/dashboard.php?action=get_card&dashboard=assistance&card_id=bn_count_TicketRecurrent&force=0&embed=0&args%5Bcolor%5D=%23fafafa&args%5Bwidgettype%5D=bigNumber&args%5Buse_gradient%5D=0&args%5Blimit%5D=7&args%5Bcache_key%5D=dashboard_card_assistance_d0c7f5b697d04a4299e3be8b960d8b33fbbd556f&args%5Bcard_id%5D=bn_count_TicketRecurrent&args%5Bgridstack_id%5D=bn_count_TicketRecurrent_13f79539-61f6-45f7-8dde-045706e652f2&d_cache_key=da39a3ee5e6b4b0d3255bfef95601890afd80709&c_cache_key=dashboard_card_assistance_d0c7f5b697d04a4299e3be8b960d8b33fbbd556f HTTP/1.1" 200 856 "https://servicedesk.urbanovitalino.adv.br/front/central.php" "Mozilla/5.0 (X11; Linux x86_64) AppleWebKit/537.36 (KHTML, like Gecko) Chrome/144.0.0.0 Safari/537.36"
187.33.225.46 - - [05/Feb/2026:09:34:18 -0300] "GET /ajax/dashboard.php?action=get_card&dashboard=assistance&card_id=table_count_tickets_incoming&force=0&embed=0&args%5Bcolor%5D=%23fafafa&args%5Bwidgettype%5D=searchShowList&args%5Buse_gradient%5D=0&args%5Bpoint_labels%5D=0&args%5Blimit%5D=7&args%5Bcache_key%5D=dashboard_card_assistance_8e63841bbb9f920d13e994ae6d5680e42e63c0fc&args%5Bcard_id%5D=table_count_tickets_incoming&args%5Bgridstack_id%5D=table_count_tickets_incoming_4d6a7494-b3e4-46e3-8eb5-8ce0b2ccc980&d_cache_key=da39a3ee5e6b4b0d3255bfef95601890afd80709&c_cache_key=dashboard_card_assistance_8e63841bbb9f920d13e994ae6d5680e42e63c0fc HTTP/1.1" 200 817 "https://servicedesk.urbanovitalino.adv.br/front/central.php" "Mozilla/5.0 (X11; Linux x86_64) AppleWebKit/537.36 (KHTML, like Gecko) Chrome/144.0.0.0 Safari/537.36"
187.33.225.46 - - [05/Feb/2026:09:34:18 -0300] "GET /ajax/dashboard.php?action=get_card&dashboard=assistance&card_id=top_ticket_ITILCategory&force=0&embed=0&args%5Bcolor%5D=%23fafafa&args%5Bwidgettype%5D=bar&args%5Buse_gradient%5D=0&args%5Bpoint_labels%5D=1&args%5Blimit%5D=7&args%5Bcache_key%5D=dashboard_card_assistance_b697c6e687c7dffc46dd366fbc7a8d7ad301190a&args%5Bcard_id%5D=top_ticket_ITILCategory&args%5Bgridstack_id%5D=top_ticket_ITILCategory_17a1b3bd-2e8c-4060-9842-c64bd9e22791&d_cache_key=da39a3ee5e6b4b0d3255bfef95601890afd80709&c_cache_key=dashboard_card_assistance_b697c6e687c7dffc46dd366fbc7a8d7ad301190a HTTP/1.1" 200 7966 "https://servicedesk.urbanovitalino.adv.br/front/central.php" "Mozilla/5.0 (X11; Linux x86_64) AppleWebKit/537.36 (KHTML, like Gecko) Chrome/144.0.0.0 Safari/537.36"
187.33.225.46 - - [05/Feb/2026:09:34:18 -0300] "GET /ajax/dashboard.php?action=get_card&dashboard=assistance&card_id=bn_count_tickets_late&force=0&embed=0&args%5Bcolor%5D=%23f55656&args%5Bwidgettype%5D=bigNumber&args%5Buse_gradient%5D=0&args%5Blimit%5D=7&args%5Bcache_key%5D=dashboard_card_assistance_9a180cf383282cef05f5860d6f14a8cf6a9cce62&args%5Bpoint_labels%5D=0&args%5Bcard_id%5D=bn_count_tickets_late&args%5Bgridstack_id%5D=bn_count_tickets_late_2dfccd37-504d-435a-a5d4-e696b8357df1&d_cache_key=da39a3ee5e6b4b0d3255bfef95601890afd80709&c_cache_key=dashboard_card_assistance_9a180cf383282cef05f5860d6f14a8cf6a9cce62 HTTP/1.1" 200 1861 "https://servicedesk.urbanovitalino.adv.br/front/central.php" "Mozilla/5.0 (X11; Linux x86_64) AppleWebKit/537.36 (KHTML, like Gecko) Chrome/144.0.0.0 Safari/537.36"
187.33.225.46 - - [05/Feb/2026:09:34:18 -0300] "GET /ajax/dashboard.php?action=get_card&dashboard=assistance&card_id=bn_count_tickets_closed&force=0&embed=0&args%5Bcolor%5D=%234a4a4a&args%5Bwidgettype%5D=bigNumber&args%5Buse_gradient%5D=0&args%5Blimit%5D=7&args%5Bcache_key%5D=dashboard_card_assistance_29d1b37066975faab6e3e7f5b812728cb1ad27ef&args%5Bpoint_labels%5D=0&args%5Bcard_id%5D=bn_count_tickets_closed&args%5Bgridstack_id%5D=bn_count_tickets_closed_f66a8fc4-ceec-44e2-be63-9c0cdeb31c4c&d_cache_key=da39a3ee5e6b4b0d3255bfef95601890afd80709&c_cache_key=dashboard_card_assistance_29d1b37066975faab6e3e7f5b812728cb1ad27ef HTTP/1.1" 200 1030 "https://servicedesk.urbanovitalino.adv.br/front/central.php" "Mozilla/5.0 (X11; Linux x86_64) AppleWebKit/537.36 (KHTML, like Gecko) Chrome/144.0.0.0 Safari/537.36"
187.33.225.46 - - [05/Feb/2026:09:34:18 -0300] "GET /ajax/dashboard.php?action=get_card&dashboard=assistance&card_id=top_ticket_RequestType&force=0&embed=0&args%5Bcolor%5D=%23f9fafb&args%5Bwidgettype%5D=bar&args%5Buse_gradient%5D=0&args%5Blimit%5D=4&args%5Bcache_key%5D=dashboard_card_assistance_8d2ec681d706af9c9282fa5ae26a6488c777cc17&args%5Bpoint_labels%5D=1&args%5Bcard_id%5D=top_ticket_RequestType&args%5Bgridstack_id%5D=top_ticket_RequestType_afc4dd24-c467-4c0d-9242-6840213a1ae3&d_cache_key=da39a3ee5e6b4b0d3255bfef95601890afd80709&c_cache_key=dashboard_card_assistance_8d2ec681d706af9c9282fa5ae26a6488c777cc17 HTTP/1.1" 200 7261 "https://servicedesk.urbanovitalino.adv.br/front/central.php" "Mozilla/5.0 (X11; Linux x86_64) AppleWebKit/537.36 (KHTML, like Gecko) Chrome/144.0.0.0 Safari/537.36"
187.33.225.46 - - [05/Feb/2026:09:34:18 -0300] "GET /ajax/dashboard.php?action=get_card&dashboard=assistance&card_id=bn_count_tickets_assigned&force=0&embed=0&args%5Bcolor%5D=%23ffc31f&args%5Bwidgettype%5D=bigNumber&args%5Buse_gradient%5D=0&args%5Blimit%5D=7&args%5Bcache_key%5D=dashboard_card_assistance_d478359b6e60c003c04f61e12b319ac2c294f56c&args%5Bpoint_labels%5D=0&args%5Bcard_id%5D=bn_count_tickets_assigned&args%5Bgridstack_id%5D=bn_count_tickets_assigned_456a2060-e9dc-469b-a710-be4f08406b07&d_cache_key=da39a3ee5e6b4b0d3255bfef95601890afd80709&c_cache_key=dashboard_card_assistance_d478359b6e60c003c04f61e12b319ac2c294f56c HTTP/1.1" 200 1036 "https://servicedesk.urbanovitalino.adv.br/front/central.php" "Mozilla/5.0 (X11; Linux x86_64) AppleWebKit/537.36 (KHTML, like Gecko) Chrome/144.0.0.0 Safari/537.36"
